{"id":630,"date":"2025-10-10T20:41:36","date_gmt":"2025-10-10T20:41:36","guid":{"rendered":"https:\/\/multimedia.uned.ac.cr\/pem\/wp\/materialesdpmd\/?post_type=material-didactico&#038;p=630"},"modified":"2025-10-13T17:23:40","modified_gmt":"2025-10-13T17:23:40","slug":"galeria-de-proceres-de-la-educacion-y-la-cultura-costarricense","status":"publish","type":"material-didactico","link":"https:\/\/multimedia.uned.ac.cr\/pem\/wp\/materialesdpmd\/material-didactico\/galeria-de-proceres-de-la-educacion-y-la-cultura-costarricense\/","title":{"rendered":"Galer\u00eda de Pr\u00f3ceres de la educaci\u00f3n y la cultura costarricense"},"content":{"rendered":"\n<figure class=\"wp-block-image size-full\"><img loading=\"lazy\" decoding=\"async\" width=\"800\" height=\"600\" src=\"https:\/\/multimedia.uned.ac.cr\/pem\/wp\/materialesdpmd\/wp-content\/uploads\/sites\/9\/2025\/10\/p_proceres.png\" alt=\"Geler\u00eda de pr\u00f3ceres\" class=\"wp-image-628\" srcset=\"https:\/\/multimedia.uned.ac.cr\/pem\/wp\/materialesdpmd\/wp-content\/uploads\/sites\/9\/2025\/10\/p_proceres.png 800w, https:\/\/multimedia.uned.ac.cr\/pem\/wp\/materialesdpmd\/wp-content\/uploads\/sites\/9\/2025\/10\/p_proceres-300x225.png 300w, https:\/\/multimedia.uned.ac.cr\/pem\/wp\/materialesdpmd\/wp-content\/uploads\/sites\/9\/2025\/10\/p_proceres-768x576.png 768w\" sizes=\"auto, (max-width: 800px) 100vw, 800px\" \/><\/figure>\n\n\n\n<p>La \u201cGaler\u00eda de Pr\u00f3ceres de la Educaci\u00f3n y la Cultura Costarricense\u201d surge como un proyecto institucional de la Universidad Estatal a Distancia (UNED), aprobado por el Consejo Universitario en 1993, con el prop\u00f3sito de rendir homenaje a quienes, a lo largo de la historia nacional, dedicaron su vida al fortalecimiento de la educaci\u00f3n y la promoci\u00f3n de la cultura costarricense. Para ello, se seleccion\u00f3 un grupo de treinta y dos figuras emblem\u00e1ticas, representadas en esculturas en formato busto elaboradas por el artista nacional Fernando Calvo S\u00e1nchez. Esta iniciativa busca reconocer y preservar la memoria de las personas que, desde distintos \u00e1mbitos, la docencia, la investigaci\u00f3n, la gesti\u00f3n p\u00fablica y la creaci\u00f3n art\u00edstica, contribuyeron a consolidar la educaci\u00f3n como pilar fundamental del desarrollo social y cultural del pa\u00eds.&nbsp;&nbsp;<\/p>\n\n\n\n<p>La galer\u00eda puede explorarse de tres maneras complementarias:&nbsp;<\/p>\n\n\n\n<ol class=\"wp-block-list\">\n<li><strong>Un entorno virtual tridimensional inmersivo<\/strong>, que permite recorrer un espacio interactivo y contemplar los bustos digitalizados junto a una rese\u00f1a de cada pr\u00f3cer.\u00a0<\/li>\n\n\n\n<li><strong>Un sitio web<\/strong>, que presenta las biograf\u00edas completas y material fotogr\u00e1fico de las esculturas. <\/li>\n\n\n\n<li><strong>Un libro digital descargable en formato EPUB<\/strong>, que recopila las rese\u00f1as y sirve como documento de referencia y consulta.\u00a0\u00a0<\/li>\n<\/ol>\n\n\n\n<p>M\u00e1s all\u00e1 de su valor art\u00edstico y educativo, la \u201cGaler\u00eda de Pr\u00f3ceres de la Educaci\u00f3n y la Cultura Costarricense\u201d invita a la reflexi\u00f3n sobre la importancia de la educaci\u00f3n y la cultura como fundamentos del progreso social. En ella, la UNED reafirma su compromiso con la defensa del conocimiento, la memoria hist\u00f3rica y el legado de quienes contribuyeron a forjar la identidad costarricense.&nbsp;<\/p>\n\n\n\n<div class=\"wp-block-buttons is-layout-flex wp-block-buttons-is-layout-flex\">\n<div class=\"wp-block-button\"><a class=\"wp-block-button__link wp-element-button\" href=\"https:\/\/multimedia.uned.ac.cr\/pem\/galeriadeproceres\/\" target=\"_blank\" rel=\"noreferrer noopener\">Visitar el material<\/a><\/div>\n<\/div>\n\n\n\n<hr class=\"wp-block-separator has-alpha-channel-opacity\"\/>\n\n\n\n<h2 class=\"wp-block-heading\">M\u00e1s informaci\u00f3n<\/h2>\n\n\n\n<h3 class=\"wp-block-heading\">Objetivo y meta de desarrollo sostenible:<\/h3>\n\n\n<div class=\"taxonomy-ods wp-block-post-terms\"><a href=\"https:\/\/multimedia.uned.ac.cr\/pem\/wp\/materialesdpmd\/ods\/objetivo-4\/\" rel=\"tag\">Objetivo 04 Educaci\u00f3n de calidad<\/a><span class=\"wp-block-post-terms__separator\">, <\/span><a href=\"https:\/\/multimedia.uned.ac.cr\/pem\/wp\/materialesdpmd\/ods\/objetivo-16\/\" rel=\"tag\">Objetivo 16 Paz, justicia e instituciones s\u00f3lidas<\/a><\/div>\n\n\n<p>4.3 De aqu\u00ed a 2030, asegurar el acceso igualitario de todos los hombres y las mujeres a una formaci\u00f3n t\u00e9cnica, profesional y superior de calidad, incluida la ense\u00f1anza universitaria&nbsp;<\/p>\n\n\n\n<p>4.7 De aqu\u00ed a 2030, asegurar que todos los alumnos adquieran los conocimientos te\u00f3ricos y pr\u00e1cticos necesarios para promover el desarrollo sostenible, entre otras cosas mediante la educaci\u00f3n para el desarrollo sostenible y los estilos de vida sostenibles, los derechos humanos, la igualdad de g\u00e9nero, la promoci\u00f3n de una cultura de paz y no violencia, la ciudadan\u00eda mundial y la valoraci\u00f3n de la diversidad cultural y la contribuci\u00f3n de la cultura al desarrollo sostenible&nbsp;<\/p>\n\n\n\n<p>16.3 Promover el estado de derecho en los planos nacional e internacional y garantizar la igualdad de acceso a la justicia para todos&nbsp;<\/p>\n\n\n\n<p>16.4 De aqu\u00ed a 2030, reducir significativamente las corrientes financieras y de armas il\u00edcitas, fortalecer la recuperaci\u00f3n y devoluci\u00f3n de los activos robados y luchar contra todas las formas de delincuencia organizada&nbsp;<\/p>\n\n\n\n<p>16.5 Reducir considerablemente la corrupci\u00f3n y el soborno en todas sus formas&nbsp;<\/p>\n\n\n\n<p>16.a Fortalecer las instituciones nacionales pertinentes, incluso mediante la cooperaci\u00f3n internacional, para crear a todos los niveles, particularmente en los pa\u00edses en desarrollo, la capacidad de prevenir la violencia y combatir el terrorismo y la delincuencia&nbsp;<\/p>\n\n\n\n<h3 class=\"wp-block-heading\">Territorio de influencia:<\/h3>\n\n\n\n<p>\u00c1mbito nacional e internacional\u00a0<\/p>\n\n\n\n<h3 class=\"wp-block-heading\">Contacto:<\/h3>\n\n\n\n<p><a href=\"https:\/\/uned.ac.cr\/dpmd\/pem\/personal\">Marco S\u00e1nchez<\/a><\/p>\n\n\n\n<h3 class=\"wp-block-heading\">Tipo de material:<\/h3>\n\n\n<div class=\"taxonomy-tipo-de-material wp-block-post-terms\"><a href=\"https:\/\/multimedia.uned.ac.cr\/pem\/wp\/materialesdpmd\/tipo-de-material\/libro-multimedia\/\" rel=\"tag\">Libro multimedia<\/a><span class=\"wp-block-post-terms__separator\">, <\/span><a href=\"https:\/\/multimedia.uned.ac.cr\/pem\/wp\/materialesdpmd\/tipo-de-material\/otro-interactivo\/\" rel=\"tag\">Otro interactivo<\/a><\/div>\n\n\n<h3 class=\"wp-block-heading\">Dependencia solicitante:<\/h3>\n\n\n<div class=\"taxonomy-dependencia-solicitante wp-block-post-terms\"><a href=\"https:\/\/multimedia.uned.ac.cr\/pem\/wp\/materialesdpmd\/dependencia-solicitante\/institucional\/\" rel=\"tag\">Institucional<\/a><\/div>\n\n\n<h3 class=\"wp-block-heading\">Fecha de publicaci\u00f3n:<\/h3>\n\n\n\n<p>30 de mayo de 2025\u00a0<\/p>\n\n\n\n<p><\/p>\n","protected":false},"excerpt":{"rendered":"<p>La \u201cGaler\u00eda de Pr\u00f3ceres de la Educaci\u00f3n y la Cultura Costarricense\u201d surge como un proyecto institucional de la Universidad Estatal a Distancia (UNED), aprobado por el Consejo Universitario en 1993, con el prop\u00f3sito de rendir homenaje a quienes, a lo largo de la historia nacional, dedicaron su vida al fortalecimiento de la educaci\u00f3n y la [&hellip;]<\/p>\n","protected":false},"featured_media":628,"parent":0,"menu_order":0,"template":"","dependencia-solicitante":[62],"material":[],"ods":[8,54],"presentacion-de-materiales":[68],"programa":[19],"tipo-de-material":[13,15],"class_list":["post-630","material-didactico","type-material-didactico","status-publish","has-post-thumbnail","hentry","dependencia-solicitante-institucional","ods-objetivo-4","ods-objetivo-16","presentacion-de-materiales-2023-2025","programa-pem","tipo-de-material-libro-multimedia","tipo-de-material-otro-interactivo"],"acf":[],"_links":{"self":[{"href":"https:\/\/multimedia.uned.ac.cr\/pem\/wp\/materialesdpmd\/wp-json\/wp\/v2\/material-didactico\/630","targetHints":{"allow":["GET"]}}],"collection":[{"href":"https:\/\/multimedia.uned.ac.cr\/pem\/wp\/materialesdpmd\/wp-json\/wp\/v2\/material-didactico"}],"about":[{"href":"https:\/\/multimedia.uned.ac.cr\/pem\/wp\/materialesdpmd\/wp-json\/wp\/v2\/types\/material-didactico"}],"wp:featuredmedia":[{"embeddable":true,"href":"https:\/\/multimedia.uned.ac.cr\/pem\/wp\/materialesdpmd\/wp-json\/wp\/v2\/media\/628"}],"wp:attachment":[{"href":"https:\/\/multimedia.uned.ac.cr\/pem\/wp\/materialesdpmd\/wp-json\/wp\/v2\/media?parent=630"}],"wp:term":[{"taxonomy":"dependencia-solicitante","embeddable":true,"href":"https:\/\/multimedia.uned.ac.cr\/pem\/wp\/materialesdpmd\/wp-json\/wp\/v2\/dependencia-solicitante?post=630"},{"taxonomy":"material","embeddable":true,"href":"https:\/\/multimedia.uned.ac.cr\/pem\/wp\/materialesdpmd\/wp-json\/wp\/v2\/material?post=630"},{"taxonomy":"ods","embeddable":true,"href":"https:\/\/multimedia.uned.ac.cr\/pem\/wp\/materialesdpmd\/wp-json\/wp\/v2\/ods?post=630"},{"taxonomy":"presentacion-de-materiales","embeddable":true,"href":"https:\/\/multimedia.uned.ac.cr\/pem\/wp\/materialesdpmd\/wp-json\/wp\/v2\/presentacion-de-materiales?post=630"},{"taxonomy":"programa","embeddable":true,"href":"https:\/\/multimedia.uned.ac.cr\/pem\/wp\/materialesdpmd\/wp-json\/wp\/v2\/programa?post=630"},{"taxonomy":"tipo-de-material","embeddable":true,"href":"https:\/\/multimedia.uned.ac.cr\/pem\/wp\/materialesdpmd\/wp-json\/wp\/v2\/tipo-de-material?post=630"}],"curies":[{"name":"wp","href":"https:\/\/api.w.org\/{rel}","templated":true}]}}

Galería de Próceres de la educación y la cultura costarricense

<figure class="wp-block-image size-full"><img loading="lazy" decoding="async" width="800" height="600" src="https://multimedia.uned.ac.cr/pem/wp/materialesdpmd/wp-content/uploads/sites/9/2025/10/p_proceres.png" alt="Gelería de próceres" class="wp-image-628" srcset="https://multimedia.uned.ac.cr/pem/wp/materialesdpmd/wp-content/uploads/sites/9/2025/10/p_proceres.png 800w, https://multimedia.uned.ac.cr/pem/wp/materialesdpmd/wp-content/uploads/sites/9/2025/10/p_proceres-300x225.png 300w, https://multimedia.uned.ac.cr/pem/wp/materialesdpmd/wp-content/uploads/sites/9/2025/10/p_proceres-768x576.png 768w" sizes="auto, (max-width: 800px) 100vw, 800px" /></figure>



<p>La “Galería de Próceres de la Educación y la Cultura Costarricense” surge como un proyecto institucional de la Universidad Estatal a Distancia (UNED), aprobado por el Consejo Universitario en 1993, con el propósito de rendir homenaje a quienes, a lo largo de la historia nacional, dedicaron su vida al fortalecimiento de la educación y la promoción de la cultura costarricense. Para ello, se seleccionó un grupo de treinta y dos figuras emblemáticas, representadas en esculturas en formato busto elaboradas por el artista nacional Fernando Calvo Sánchez. Esta iniciativa busca reconocer y preservar la memoria de las personas que, desde distintos ámbitos, la docencia, la investigación, la gestión pública y la creación artística, contribuyeron a consolidar la educación como pilar fundamental del desarrollo social y cultural del país.&nbsp;&nbsp;</p>



<p>La galería puede explorarse de tres maneras complementarias:&nbsp;</p>



<ol class="wp-block-list">
<li><strong>Un entorno virtual tridimensional inmersivo</strong>, que permite recorrer un espacio interactivo y contemplar los bustos digitalizados junto a una reseña de cada prócer. </li>



<li><strong>Un sitio web</strong>, que presenta las biografías completas y material fotográfico de las esculturas. </li>



<li><strong>Un libro digital descargable en formato EPUB</strong>, que recopila las reseñas y sirve como documento de referencia y consulta.  </li>
</ol>



<p>Más allá de su valor artístico y educativo, la “Galería de Próceres de la Educación y la Cultura Costarricense” invita a la reflexión sobre la importancia de la educación y la cultura como fundamentos del progreso social. En ella, la UNED reafirma su compromiso con la defensa del conocimiento, la memoria histórica y el legado de quienes contribuyeron a forjar la identidad costarricense.&nbsp;</p>



<div class="wp-block-buttons is-layout-flex wp-block-buttons-is-layout-flex">
<div class="wp-block-button"><a class="wp-block-button__link wp-element-button" href="https://multimedia.uned.ac.cr/pem/galeriadeproceres/" target="_blank" rel="noreferrer noopener">Visitar el material</a></div>
</div>



<hr class="wp-block-separator has-alpha-channel-opacity"/>



<h2 class="wp-block-heading">Más información</h2>



<h3 class="wp-block-heading">Objetivo y meta de desarrollo sostenible:</h3>


<div class="taxonomy-ods wp-block-post-terms"><a href="https://multimedia.uned.ac.cr/pem/wp/materialesdpmd/ods/objetivo-4/" rel="tag">Objetivo 04 Educación de calidad</a><span class="wp-block-post-terms__separator">, </span><a href="https://multimedia.uned.ac.cr/pem/wp/materialesdpmd/ods/objetivo-16/" rel="tag">Objetivo 16 Paz, justicia e instituciones sólidas</a></div>


<p>4.3 De aquí a 2030, asegurar el acceso igualitario de todos los hombres y las mujeres a una formación técnica, profesional y superior de calidad, incluida la enseñanza universitaria&nbsp;</p>



<p>4.7 De aquí a 2030, asegurar que todos los alumnos adquieran los conocimientos teóricos y prácticos necesarios para promover el desarrollo sostenible, entre otras cosas mediante la educación para el desarrollo sostenible y los estilos de vida sostenibles, los derechos humanos, la igualdad de género, la promoción de una cultura de paz y no violencia, la ciudadanía mundial y la valoración de la diversidad cultural y la contribución de la cultura al desarrollo sostenible&nbsp;</p>



<p>16.3 Promover el estado de derecho en los planos nacional e internacional y garantizar la igualdad de acceso a la justicia para todos&nbsp;</p>



<p>16.4 De aquí a 2030, reducir significativamente las corrientes financieras y de armas ilícitas, fortalecer la recuperación y devolución de los activos robados y luchar contra todas las formas de delincuencia organizada&nbsp;</p>



<p>16.5 Reducir considerablemente la corrupción y el soborno en todas sus formas&nbsp;</p>



<p>16.a Fortalecer las instituciones nacionales pertinentes, incluso mediante la cooperación internacional, para crear a todos los niveles, particularmente en los países en desarrollo, la capacidad de prevenir la violencia y combatir el terrorismo y la delincuencia&nbsp;</p>



<h3 class="wp-block-heading">Territorio de influencia:</h3>



<p>Ámbito nacional e internacional </p>



<h3 class="wp-block-heading">Contacto:</h3>



<p><a href="https://uned.ac.cr/dpmd/pem/personal">Marco Sánchez</a></p>



<h3 class="wp-block-heading">Tipo de material:</h3>


<div class="taxonomy-tipo-de-material wp-block-post-terms"><a href="https://multimedia.uned.ac.cr/pem/wp/materialesdpmd/tipo-de-material/libro-multimedia/" rel="tag">Libro multimedia</a><span class="wp-block-post-terms__separator">, </span><a href="https://multimedia.uned.ac.cr/pem/wp/materialesdpmd/tipo-de-material/otro-interactivo/" rel="tag">Otro interactivo</a></div>


<h3 class="wp-block-heading">Dependencia solicitante:</h3>


<div class="taxonomy-dependencia-solicitante wp-block-post-terms"><a href="https://multimedia.uned.ac.cr/pem/wp/materialesdpmd/dependencia-solicitante/institucional/" rel="tag">Institucional</a></div>


<h3 class="wp-block-heading">Fecha de publicación:</h3>



<p>30 de mayo de 2025 </p>



<p></p>

<p>La “Galería de Próceres de la Educación y la Cultura Costarricense” surge como un proyecto institucional de la Universidad Estatal a Distancia (UNED), aprobado por el Consejo Universitario en 1993, con el propósito de rendir homenaje a quienes, a lo largo de la historia nacional, dedicaron su vida al fortalecimiento de la educación y la [&hellip;]</p>
