{"id":52,"date":"2018-05-21T15:05:43","date_gmt":"2018-05-21T21:05:43","guid":{"rendered":"http:\/\/www.edumovil.com\/globambiente\/?page_id=52"},"modified":"2022-07-21T17:32:13","modified_gmt":"2022-07-21T23:32:13","slug":"secciones","status":"publish","type":"page","link":"https:\/\/multimedia.uned.ac.cr\/pem\/wp\/globambiente\/","title":{"rendered":"Inicio"},"content":{"rendered":"\n<div class=\"wp-block-group\"><div class=\"wp-block-group__inner-container is-layout-flow wp-block-group-is-layout-flow\">\n<h2 class=\"has-text-align-center wp-block-heading\" style=\"font-size:32px\"><strong>Secciones<\/strong><\/h2>\n<\/div><\/div>\n\n\n\n<div class=\"wp-block-getwid-section alignfull alignfull\"><div class=\"wp-block-getwid-section__wrapper\"><div class=\"wp-block-getwid-section__inner-wrapper\"><div class=\"wp-block-getwid-section__background-holder\"><div class=\"wp-block-getwid-section__background\"><\/div><div class=\"wp-block-getwid-section__foreground\"><\/div><\/div><div class=\"wp-block-getwid-section__content\"><div class=\"wp-block-getwid-section__inner-content\">\n<div class=\"wp-block-columns is-layout-flex wp-container-core-columns-is-layout-9d6595d7 wp-block-columns-is-layout-flex\">\n<div class=\"wp-block-column is-layout-flow wp-block-column-is-layout-flow\"><p><a class=\"secc-icon-svg\" href=\"https:\/\/multimedia.uned.ac.cr\/pem\/wp\/globambiente\/estudio-a-distancia\/\" data-type=\"page\"><i class=\"wp-svg-book book\"><\/i><\/a><\/p>\n\n\n\n<h5 class=\"has-text-align-center wp-block-heading\"><strong><a href=\"https:\/\/multimedia.uned.ac.cr\/pem\/wp\/globambiente\/estudio-a-distancia\/\" data-type=\"page\">ESTUDIO A DISTANCIA<\/a><\/strong><\/h5>\n\n\n\n<p class=\"has-text-align-center\">\u00bfTen\u00e9s algunas dudas sobre estudiar a distancia? Ac\u00e1 encontrar\u00e1s algunos videos que explican el proceso y dan consejos \u00fatiles, sobre este tipo de estudios.<\/p>\n<\/div>\n\n\n\n<div class=\"wp-block-column is-layout-flow wp-block-column-is-layout-flow\"><p><a class=\"secc-icon-svg\" href=\"https:\/\/multimedia.uned.ac.cr\/pem\/wp\/globambiente\/contenido\/\" data-type=\"page\"><i class=\"wp-svg-drawer-3 drawer-3\"><\/i><\/a><\/p>\n\n\n\n<h5 class=\"has-text-align-center wp-block-heading\"><strong><a href=\"https:\/\/multimedia.uned.ac.cr\/pem\/wp\/globambiente\/contenido\/\" data-type=\"page\">CONTENIDOS DE LA ASIGNATURA<\/a><\/strong><\/h5>\n\n\n\n<p class=\"has-text-align-center\">Pod\u00e9s encontrar informaci\u00f3n relacionada con la materia de la asignatura, para estudiar de una forma interactiva y divertida.<\/p>\n<\/div>\n\n\n\n<div class=\"wp-block-column is-layout-flow wp-block-column-is-layout-flow\"><p><a class=\"secc-icon-svg\" href=\"https:\/\/multimedia.uned.ac.cr\/pem\/wp\/globambiente\/faq\/\" data-type=\"page\"><i class=\"wp-svg-question question\"><\/i><\/a><\/p>\n\n\n\n<h5 class=\"has-text-align-center wp-block-heading\"><strong><a href=\"https:\/\/multimedia.uned.ac.cr\/pem\/wp\/globambiente\/faq\/\" data-type=\"page\">PREGUNTAS FRECUENTES<\/a><\/strong><\/h5>\n\n\n\n<p class=\"has-text-align-center\">Compendio de preguntas frecuentes con sus respuestas, que te puede orientar tanto en la actividad acad\u00e9mica de la universidad como en la asignatura.<\/p>\n<\/div>\n\n\n\n<div class=\"wp-block-column is-layout-flow wp-block-column-is-layout-flow\"><p><a class=\"secc-icon-svg\" href=\"https:\/\/multimedia.uned.ac.cr\/pem\/wp\/globambiente\/recursos\/\" data-type=\"page\"><i class=\"wp-svg-film film\"><\/i><\/a><\/p>\n\n\n\n<h5 class=\"has-text-align-center wp-block-heading\"><strong><a href=\"https:\/\/multimedia.uned.ac.cr\/pem\/wp\/globambiente\/recursos\/\" data-type=\"page\">RECURSOS Y GU\u00cdAS<\/a><\/strong><\/h5>\n\n\n\n<p class=\"has-text-align-center\">Acceso a recursos, tutoriales y gu\u00edas, que te ayudar\u00e1n a realizar tareas.<\/p>\n<\/div>\n<\/div>\n\n\n\n<p style=\"font-size:26px\">Bienvenidos a <strong>Globambiente<\/strong>, el sitio web que te orientar\u00e1 y apoyar\u00e1 en la asignatura Globalizaci\u00f3n y Ambiente de la <a rel=\"noreferrer noopener\" href=\"https:\/\/www.uned.ac.cr\/\" target=\"_blank\">Universidad Estatal a Distancia<\/a> y en tu estudio a distancia. En este sitio encontrar\u00e1s distintos materiales y recursos que te guiar\u00e1n, de forma motivadora, por los contenidos de esta interesante asignatura.<\/p>\n<\/div><\/div><\/div><\/div><\/div>\n\n\n\n<div class=\"wp-block-getwid-section alignfull alignfull\"><div class=\"wp-block-getwid-section__wrapper\"><div class=\"wp-block-getwid-section__inner-wrapper\"><div class=\"wp-block-getwid-section__background-holder\"><div class=\"wp-block-getwid-section__background\"><\/div><div class=\"wp-block-getwid-section__foreground\"><\/div><\/div><div class=\"wp-block-getwid-section__content\"><div class=\"wp-block-getwid-section__inner-content\">\n<hr class=\"wp-block-separator has-text-color has-css-opacity has-background is-style-wide\" style=\"background-color:#e5f2ea;color:#e5f2ea\"\/>\n\n\n\n<h3 class=\"wp-block-heading\" style=\"font-size:28px\"><strong>\u00daltimas noticias<\/strong><\/h3>\n\n\n\n<p><strong>Publicadas en junio 2020<\/strong><\/p>\n\n\n\n<p>Estimables estudiantes sean bienvenidos a <strong>Globambiente<\/strong>, web complementaria de la asignatura Globalizaci\u00f3n y Ambiente de la Universidad Estatal a Distancia de Costa Rica. Este sitio est\u00e1 disponible en caso de que deseen explorar los contenidos de la unidad did\u00e1ctica o encontrar algunos recursos para realizar las tareas. Es importante aclarar que, debido a las medidas impuestas tanto a nivel nacional como en la universidad, por causa de la pandemia provocada por la COVID-19, la asignatura ser\u00e1 totalmente virtual. Por lo tanto, algunos recursos puede que no sean necesarios en esta versi\u00f3n de curso, por ejemplo, la boleta de entrega de tareas, la cual se imprim\u00eda y entregaba en f\u00edsico junto con la tarea.<\/p>\n\n\n\n<p>Los invitamos a explorar el sitio web y a plantear sus comentarios e inquietudes, en el formulario de contacto, al final de la p\u00e1gina de <a href=\"https:\/\/multimedia.uned.ac.cr\/pem\/wp\/globambiente\/faq\/\">preguntas frecuentes<\/a>.<\/p>\n<\/div><\/div><\/div><\/div><\/div>\n","protected":false},"excerpt":{"rendered":"<p>Secciones<\/p>\n","protected":false},"author":3,"featured_media":0,"parent":0,"menu_order":0,"comment_status":"closed","ping_status":"closed","template":"template-front-page.php","meta":{"inline_featured_image":false,"footnotes":""},"class_list":["post-52","page","type-page","status-publish","hentry"],"_links":{"self":[{"href":"https:\/\/multimedia.uned.ac.cr\/pem\/wp\/globambiente\/wp-json\/wp\/v2\/pages\/52","targetHints":{"allow":["GET"]}}],"collection":[{"href":"https:\/\/multimedia.uned.ac.cr\/pem\/wp\/globambiente\/wp-json\/wp\/v2\/pages"}],"about":[{"href":"https:\/\/multimedia.uned.ac.cr\/pem\/wp\/globambiente\/wp-json\/wp\/v2\/types\/page"}],"author":[{"embeddable":true,"href":"https:\/\/multimedia.uned.ac.cr\/pem\/wp\/globambiente\/wp-json\/wp\/v2\/users\/3"}],"replies":[{"embeddable":true,"href":"https:\/\/multimedia.uned.ac.cr\/pem\/wp\/globambiente\/wp-json\/wp\/v2\/comments?post=52"}],"version-history":[{"count":50,"href":"https:\/\/multimedia.uned.ac.cr\/pem\/wp\/globambiente\/wp-json\/wp\/v2\/pages\/52\/revisions"}],"predecessor-version":[{"id":1646,"href":"https:\/\/multimedia.uned.ac.cr\/pem\/wp\/globambiente\/wp-json\/wp\/v2\/pages\/52\/revisions\/1646"}],"wp:attachment":[{"href":"https:\/\/multimedia.uned.ac.cr\/pem\/wp\/globambiente\/wp-json\/wp\/v2\/media?parent=52"}],"curies":[{"name":"wp","href":"https:\/\/api.w.org\/{rel}","templated":true}]}}