{"id":56,"date":"2022-01-20T21:01:15","date_gmt":"2022-01-20T21:01:15","guid":{"rendered":"https:\/\/multimedia.uned.ac.cr\/pem\/wp\/fondo-solidario-estudiantil\/?page_id=56"},"modified":"2022-05-10T16:41:14","modified_gmt":"2022-05-10T16:41:14","slug":"preguntas-frecuentes","status":"publish","type":"page","link":"https:\/\/multimedia.uned.ac.cr\/pem\/wp\/fse\/preguntas-frecuentes\/","title":{"rendered":"Preguntas frecuentes"},"content":{"rendered":"\n<ol class=\"wp-block-list\"><li><a href=\"#p1\"><strong>\u00bf<\/strong>Qui\u00e9nes pueden solicitar el FSE?<\/a><\/li><li><a href=\"#p2\">\u00bfC\u00f3mo se solicita el FSE?<\/a><\/li><li><a href=\"#p3\">\u00bfPara qu\u00e9 se puede solicitar el FSE?<\/a><\/li><li><a href=\"#p4\">\u00bfQu\u00e9 requisitos necesito cumplir para solicitar el FSE?<\/a><\/li><li><a href=\"#p5\">\u00bfQu\u00e9 pasa si anoto una cuenta bancaria que no cumple requisitos?<\/a><\/li><li><a href=\"#p6\">\u00bfCu\u00e1ndo puedo solicitar el FSE?<\/a><\/li><li><a href=\"#p8\">\u00bfD\u00f3nde encuentro el comprobante de asistencia?<\/a><\/li><li><a href=\"#p9\">\u00bfC\u00f3mo entrego el comprobante de asistencia?<\/a><\/li><li><a href=\"#p10\">\u00bfC\u00f3mo s\u00e9 cu\u00e1l es el n\u00famero de mi solicitud de FSE?<\/a><\/li><li><a href=\"#p11\">\u00bfQu\u00e9 pasa si no utilizo el dinero para lo que me aprobaron o no aporto comprobantes?<\/a><\/li><li><a href=\"#p12\">\u00bfC\u00f3mo hago una devoluci\u00f3n de dinero?<\/a><\/li><\/ol>\n\n\n\n<hr class=\"wp-block-separator\"\/>\n\n\n\n<h2 class=\"has-normal-font-size wp-block-heading\" id=\"p1\">\u00bfQui\u00e9nes pueden solicitar el FSE?<\/h2>\n\n\n\n<p>Las personas que tienen beca socioecon\u00f3mica y matr\u00edcula activa en carreras de grado y pregrado. Tambi\u00e9n las personas estudiantes de algunos de los cursos y proyectos de la Direcci\u00f3n de Extensi\u00f3n Universitaria (Dirextu).<\/p>\n\n\n\n<h2 class=\"has-normal-font-size wp-block-heading\" id=\"p2\">\u00bfC\u00f3mo se solicita el FSE?<\/h2>\n\n\n\n<p>En el caso de estudiantes con beca, se solicita por medio <a href=\"https:\/\/entornoestudiantil.uned.ac.cr\/\">del entorno estudiantil<\/a>.<\/p>\n\n\n\n<p>En el caso de estudiantes de cursos y proyectos, deben acudir a Trabajo Social de la Dirextu.<\/p>\n\n\n\n<h2 class=\"has-normal-font-size wp-block-heading\" id=\"p3\">\u00bfPara qu\u00e9 se puede solicitar el FSE?<\/h2>\n\n\n\n<p>Para cubrir algunos gastos relacionados con los estudios universitarios, por ejemplo; traslado, alimentaci\u00f3n, hospedaje para tutor\u00edas, laboratorios, giras, ex\u00e1menes. Tambi\u00e9n para compra de algunos materiales solicitados expresamente por las C\u00e1tedras y de manera extraordinaria para subsidiar la conectividad.<\/p>\n\n\n\n<h2 class=\"has-normal-font-size wp-block-heading\" id=\"p4\"><strong>\u00bfQu\u00e9 requisitos necesito cumplir para solicitar el FSE?<\/strong><\/h2>\n\n\n\n<p>En el caso de estudiantes de grado y pregrado: tener beca socioecon\u00f3mica y matr\u00edcula activa en el per\u00edodo que solicitar\u00e1 FSE; as\u00ed como una cuenta bancaria de preferencia de un banco estatal, que debe estar a nombre propio, activa y ser en moneda de colones.<\/p>\n\n\n\n<p>En el caso de estudiantes de cursos y proyectos: someterse a valoraci\u00f3n socioecon\u00f3mica de Trabajo Social de la Dirextu y una cuenta bancaria de preferencia de un banco estatal, que debe estar a nombre propio, activa y ser en moneda de colones.<\/p>\n\n\n\n<h2 class=\"has-normal-font-size wp-block-heading\" id=\"p5\">\u00bfQu\u00e9 pasa si anoto una cuenta bancaria que no cumple requisitos?<\/h2>\n\n\n\n<p>La solicitud se anular\u00e1, pues solamente se deposita en cuentas activas, en colones y a nombre propio de la persona solicitante del FSE.<\/p>\n\n\n\n<h2 class=\"has-normal-font-size wp-block-heading\" id=\"p6\">\u00bfCu\u00e1ndo puedo solicitar el FSE?<\/h2>\n\n\n\n<p>Si se requiere el recurso para <strong>compra de material<\/strong>, debe solicitarse al inicio del cuatrimestre tras haber obtenido el visto bueno de Trabajo Social de la sede. Es decir, antes de hacer la solicitud de FSE para material, es necesario comunicarse con Trabajo Social de la sede.<\/p>\n\n\n\n<p>Si se requiere el recurso para asistir a alguna <strong>actividad presencial<\/strong>, debe solicitarse m\u00ednimo diez d\u00edas antes de la fecha.<\/p>\n\n\n\n<p>Si se requiere para <strong>conectividad<\/strong>, hay que estar al pendiente de los per\u00edodos espec\u00edficos en que se habilita el formulario de solicitud de internet. Para esto es necesario estar al pendiente del sitio de <a href=\"https:\/\/www.facebook.com\/UNEDVidaEstudiantil\/\">Facebook UNED Vida estudiantil<\/a> y de la <a href=\"https:\/\/uned.ac.cr\/\">p\u00e1gina web institucional<\/a>.<\/p>\n\n\n\n<h2 class=\"has-normal-font-size wp-block-heading\" id=\"p8\">\u00bfD\u00f3nde encuentro el comprobante de asistencia?<\/h2>\n\n\n\n<p>Se descarga de <strong>Entorno estudiantil<\/strong> \u2192 <strong>Formularios de inter\u00e9s<\/strong>.<\/p>\n\n\n\n<h2 class=\"has-normal-font-size wp-block-heading\" id=\"p9\">\u00bfC\u00f3mo entrego el comprobante de asistencia?<\/h2>\n\n\n\n<p>Debe ser presentado m\u00e1ximo cinco d\u00edas naturales despu\u00e9s de la actividad presencial, con todas las casillas llenas, firmado, sellado, sin correcciones, alteraciones o arrugas<\/p>\n\n\n\n<p>Cada estudiante lo env\u00eda al correo de Trabajo Social de su sede y conserva el original como respaldo propio.<\/p>\n\n\n\n<h2 class=\"has-normal-font-size wp-block-heading\" id=\"p10\">\u00bfC\u00f3mo s\u00e9 cu\u00e1l es el n\u00famero de mi solicitud de FSE?<\/h2>\n\n\n\n<p>Al grabar mi formulario de solicitud de FSE en el entorno, se me indicar\u00e1 un consecutivo que es el n\u00famero de solicitud que debo anotar en el comprobante.<\/p>\n\n\n\n<h2 class=\"has-normal-font-size wp-block-heading\" id=\"p11\">\u00bfQu\u00e9 pasa si no utilizo el dinero para lo que me aprobaron o no aporto comprobantes?<\/h2>\n\n\n\n<p>Se debe reintegrar a la UNED el monto transferido, caso contrario se har\u00e1 un cobro que condicionar\u00e1 la matr\u00edcula.<\/p>\n\n\n\n<h2 class=\"has-normal-font-size wp-block-heading\" id=\"p12\">\u00bfC\u00f3mo hago una devoluci\u00f3n de dinero?<\/h2>\n\n\n\n<p>Se debe depositar en alguna de las cuentas bancarias de la universidad y con el comprobante de la transferencia, solicitar en la sede un recibo de ingresos emitido por la UNED cuyo motivo sea <strong>devoluci\u00f3n de FSE<\/strong>. Este recibo debe ser enviado al correo de Trabajo Social de su sede.<\/p>\n\n\n\n<hr class=\"wp-block-separator is-style-default\"\/>\n\n\n\n<p>Si a\u00fan tiene dudas puede hacer la consulta por medio del siguiente <a href=\"https:\/\/multimedia.uned.ac.cr\/pem\/wp\/fse\/preguntas-frecuentes\/contacto\/\" data-type=\"page\" data-id=\"68\">formulario de contacto<\/a>.<\/p>\n","protected":false},"excerpt":{"rendered":"<p>\u00bfQui\u00e9nes pueden solicitar el FSE? \u00bfC\u00f3mo se solicita el FSE? \u00bfPara qu\u00e9 se puede solicitar el FSE? \u00bfQu\u00e9 requisitos necesito cumplir para solicitar el FSE? \u00bfQu\u00e9 pasa si anoto una cuenta bancaria que no cumple requisitos? \u00bfCu\u00e1ndo puedo solicitar el FSE? \u00bfD\u00f3nde encuentro el comprobante de asistencia? \u00bfC\u00f3mo entrego el comprobante de asistencia? \u00bfC\u00f3mo s\u00e9 [&hellip;]<\/p>\n","protected":false},"author":5,"featured_media":0,"parent":0,"menu_order":0,"comment_status":"closed","ping_status":"closed","template":"","meta":{"inline_featured_image":false,"footnotes":""},"class_list":["post-56","page","type-page","status-publish","hentry"],"_links":{"self":[{"href":"https:\/\/multimedia.uned.ac.cr\/pem\/wp\/fse\/wp-json\/wp\/v2\/pages\/56","targetHints":{"allow":["GET"]}}],"collection":[{"href":"https:\/\/multimedia.uned.ac.cr\/pem\/wp\/fse\/wp-json\/wp\/v2\/pages"}],"about":[{"href":"https:\/\/multimedia.uned.ac.cr\/pem\/wp\/fse\/wp-json\/wp\/v2\/types\/page"}],"author":[{"embeddable":true,"href":"https:\/\/multimedia.uned.ac.cr\/pem\/wp\/fse\/wp-json\/wp\/v2\/users\/5"}],"replies":[{"embeddable":true,"href":"https:\/\/multimedia.uned.ac.cr\/pem\/wp\/fse\/wp-json\/wp\/v2\/comments?post=56"}],"version-history":[{"count":17,"href":"https:\/\/multimedia.uned.ac.cr\/pem\/wp\/fse\/wp-json\/wp\/v2\/pages\/56\/revisions"}],"predecessor-version":[{"id":449,"href":"https:\/\/multimedia.uned.ac.cr\/pem\/wp\/fse\/wp-json\/wp\/v2\/pages\/56\/revisions\/449"}],"wp:attachment":[{"href":"https:\/\/multimedia.uned.ac.cr\/pem\/wp\/fse\/wp-json\/wp\/v2\/media?parent=56"}],"curies":[{"name":"wp","href":"https:\/\/api.w.org\/{rel}","templated":true}]}}