{"id":169,"date":"2021-03-18T13:09:12","date_gmt":"2021-03-18T19:09:12","guid":{"rendered":"https:\/\/multimediades.uned.ac.cr\/pem\/wp\/fisica1\/?page_id=169"},"modified":"2022-06-01T11:24:38","modified_gmt":"2022-06-01T17:24:38","slug":"creditos","status":"publish","type":"page","link":"https:\/\/multimedia.uned.ac.cr\/pem\/wp\/fisica-general-1\/creditos\/","title":{"rendered":"Cr\u00e9ditos"},"content":{"rendered":"\n<h4 class=\"wp-block-heading\">Cr\u00e9ditos<\/h4>\n\n\n\n<p><strong>F\u00edsica 1<\/strong><br>C\u00f3digo de asignatura: 3475<br>C\u00f3digo de multimedia del PEM: UM012022<br>Versi\u00f3n alfa<br>Publicaci\u00f3n mayo, 2022<br>Esta es una producci\u00f3n de la Universidad Estatal a Distancia<\/p>\n\n\n\n<figure class=\"wp-block-image size-full is-resized\"><img loading=\"lazy\" decoding=\"async\" src=\"https:\/\/multimedia.uned.ac.cr\/pem\/wp\/fisica-general-1\/wp-content\/uploads\/sites\/6\/2022\/06\/uned-logo-sm.svg\" alt=\"\" class=\"wp-image-796\" width=\"137\" height=\"180\"\/><\/figure>\n\n\n\n<p><\/p>\n\n\n\n<p>Con la colaboraci\u00f3n de:<br>Direcci\u00f3n de Producci\u00f3n de Materiales Did\u00e1cticos, DPMD.<br>Programa de Producci\u00f3n Electr\u00f3nica Multimedial, PEM.<br>Escuela de Ciencias Exactas y Naturales, ECEN.<br>C\u00e1tedra de F\u00edsica.<br>Programas: Ense\u00f1anza de las Ciencias Naturales, Ingenier\u00eda en Telecomunicaciones, Ense\u00f1anza de la Matem\u00e1tica Ingenier\u00eda Agron\u00f3mica e Ingenier\u00eda Agroindustrial.<\/p>\n\n\n\n<p><strong>Contenido<\/strong><br>Especialistas de contenido: Leda Rold\u00e1n, m\u00f3dulo 1 \u201cIntroducci\u00f3n y consideraciones metodol\u00f3gicas\u201d; y William P\u00e9rez Porras, resto de los m\u00f3dulos, ECEN.<br>Revisora de contenido: Diana Herrero Villarreal, ECEN.<br>Personas encargadas de programa: Katya Berm\u00fadez, Ense\u00f1anza de las Ciencias Naturales; Alfredo Solano, Ingenier\u00eda en Telecomunicaciones; Cristian Quesada, Ense\u00f1anza de la Matem\u00e1tica; Karla Montero, Ingenier\u00eda Agron\u00f3mica; y Fiorela Gonz\u00e1lez, Ingenier\u00eda Agroindustrial.<br>Encargada de c\u00e1tedra: Diana Herrero Villarreal, ECEN.<\/p>\n\n\n\n<p><strong>Producci\u00f3n multimedia<\/strong><br>Productora acad\u00e9mica: Seidy Maroto Alfaro, PEM.<br>Dise\u00f1adora: Raquel Badilla Barrientos, PEM<br>Desarrollador: Deiver Herrera S\u00e1nchez, PEM<br>Ilustradora: Raquel Badilla Barrientos, PEM (cuadros sin\u00f3pticos, mapas sem\u00e1nticos y mapas conceptuales).<\/p>\n\n\n\n<p><strong>Derecho de Autor<\/strong><br>ADVERTENCIA: Los derechos patrimoniales de la presente obra pertenecen en su totalidad a la Universidad Estatal a Distancia de Costa Rica (UNED), por lo que est\u00e1 prohibida su copia o reproducci\u00f3n, comunicaci\u00f3n p\u00fablica, puesta a disposici\u00f3n del p\u00fablico, transmisi\u00f3n, transformaci\u00f3n (incluyendo adaptaci\u00f3n y traducci\u00f3n), distribuci\u00f3n, alquiler o venta de ejemplares, realizada por cualquier medio o procedimiento, conocido o por conocerse, sin el consentimiento previo por escrito del titular de los derechos. Eludir esta prohibici\u00f3n, o las medidas tecnol\u00f3gicas de protecci\u00f3n que contenga la obra, constituye una conducta sancionada por normas de propiedad intelectual.<\/p>\n","protected":false},"excerpt":{"rendered":"<p>Cr\u00e9ditos F\u00edsica 1C\u00f3digo de asignatura: 3475C\u00f3digo de multimedia del PEM: UM012022Versi\u00f3n alfaPublicaci\u00f3n mayo, 2022Esta es una producci\u00f3n de la Universidad Estatal a Distancia Con la [&hellip;]<\/p>\n","protected":false},"author":1,"featured_media":0,"parent":0,"menu_order":0,"comment_status":"closed","ping_status":"closed","template":"","meta":{"inline_featured_image":false,"footnotes":""},"class_list":["post-169","page","type-page","status-publish","hentry"],"_links":{"self":[{"href":"https:\/\/multimedia.uned.ac.cr\/pem\/wp\/fisica-general-1\/wp-json\/wp\/v2\/pages\/169","targetHints":{"allow":["GET"]}}],"collection":[{"href":"https:\/\/multimedia.uned.ac.cr\/pem\/wp\/fisica-general-1\/wp-json\/wp\/v2\/pages"}],"about":[{"href":"https:\/\/multimedia.uned.ac.cr\/pem\/wp\/fisica-general-1\/wp-json\/wp\/v2\/types\/page"}],"author":[{"embeddable":true,"href":"https:\/\/multimedia.uned.ac.cr\/pem\/wp\/fisica-general-1\/wp-json\/wp\/v2\/users\/1"}],"replies":[{"embeddable":true,"href":"https:\/\/multimedia.uned.ac.cr\/pem\/wp\/fisica-general-1\/wp-json\/wp\/v2\/comments?post=169"}],"version-history":[{"count":19,"href":"https:\/\/multimedia.uned.ac.cr\/pem\/wp\/fisica-general-1\/wp-json\/wp\/v2\/pages\/169\/revisions"}],"predecessor-version":[{"id":802,"href":"https:\/\/multimedia.uned.ac.cr\/pem\/wp\/fisica-general-1\/wp-json\/wp\/v2\/pages\/169\/revisions\/802"}],"wp:attachment":[{"href":"https:\/\/multimedia.uned.ac.cr\/pem\/wp\/fisica-general-1\/wp-json\/wp\/v2\/media?parent=169"}],"curies":[{"name":"wp","href":"https:\/\/api.w.org\/{rel}","templated":true}]}}