{"id":27,"date":"2024-05-04T00:35:39","date_gmt":"2024-05-04T00:35:39","guid":{"rendered":"https:\/\/multimedia.uned.ac.cr\/pem\/libros\/guia-pace-programa-tecnicos\/?post_type=chapter&#038;p=27"},"modified":"2024-06-27T19:35:49","modified_gmt":"2024-06-27T19:35:49","slug":"organizacion-del-documento-de-programa-tecnico","status":"publish","type":"chapter","link":"https:\/\/multimedia.uned.ac.cr\/pem\/libros\/guia-pace-programa-tecnicos\/chapter\/organizacion-del-documento-de-programa-tecnico\/","title":{"raw":"Organizaci\u00f3n del documento de programa t\u00e9cnico","rendered":"Organizaci\u00f3n del documento de programa t\u00e9cnico"},"content":{"raw":"<img class=\"banner aligncenter wp-image-167 size-large\" src=\"https:\/\/multimedia.uned.ac.cr\/pem\/libros\/guia-pace-programa-tecnicos\/wp-content\/uploads\/sites\/16\/2024\/05\/banner_cap_2-1024x392.png\" alt=\"Mano colocando una pieza de cart\u00f3n en una maqueta.\" width=\"1024\" height=\"392\" \/>\r\n\r\nEl programa est\u00e1 conformado por siete cap\u00edtulos, los cuales deber\u00e1n estar organizados de la siguiente manera:\r\n<div class=\"textbox\">\r\n<ol class=\"harvard\">\r\n \t<li>Justificaci\u00f3n\r\n<ol>\r\n \t<li>Dimensi\u00f3n externa<\/li>\r\n \t<li>Dimensi\u00f3n administrativa<\/li>\r\n<\/ol>\r\n<\/li>\r\n \t<li>Fundamentaci\u00f3n te\u00f3rico-metodol\u00f3gica\r\n<ol>\r\n \t<li>Descripci\u00f3n de la cualificaci\u00f3n<\/li>\r\n \t<li>Fundamentos y enfoque curricular<\/li>\r\n \t<li>Ejes transversales<\/li>\r\n \t<li>Propuesta metodol\u00f3gica<\/li>\r\n \t<li>Propuesta evaluativa<\/li>\r\n<\/ol>\r\n<\/li>\r\n \t<li>Prop\u00f3sito del programa<\/li>\r\n \t<li>Requisitos de entrada, perfil de ingreso y perfil de la persona graduada.\r\n<ol>\r\n \t<li>Requisitos de ingreso<\/li>\r\n \t<li>Perfil de ingreso<\/li>\r\n \t<li>Perfil de la persona graduada<\/li>\r\n<\/ol>\r\n<\/li>\r\n \t<li>Estructura curricular y matriz de correspondencia entre resultados de aprendizaje y m\u00f3dulos o cursos<\/li>\r\n \t<li>Descripci\u00f3n de los m\u00f3dulos o cursos<\/li>\r\n \t<li>Requerimientos para la implementaci\u00f3n del programa t\u00e9cnico\r\n<ol>\r\n \t<li>Metas de formaci\u00f3n\r\n<ol>\r\n \t<li>Cupos<\/li>\r\n \t<li>N\u00famero de promociones<\/li>\r\n \t<li>N\u00famero de graduados<\/li>\r\n \t<li>Per\u00edodo definido de oferta del programa<\/li>\r\n \t<li>Deserci\u00f3n<\/li>\r\n<\/ol>\r\n<\/li>\r\n \t<li>Plan de adquisici\u00f3n de recursos<\/li>\r\n \t<li>Planificaci\u00f3n para el dise\u00f1o curricular de la oferta<\/li>\r\n \t<li>Procedimientos para ingreso al programa t\u00e9cnico<\/li>\r\n \t<li>Permanencia y graduaci\u00f3n<\/li>\r\n \t<li>Convenios (si existieran)<\/li>\r\n \t<li>Evaluaci\u00f3n del programa t\u00e9cnico y de sus m\u00f3dulos o cursos<\/li>\r\n<\/ol>\r\n<\/li>\r\n<\/ol>\r\n<\/div>\r\n&nbsp;\r\n<div class=\"textbox textbox--examples\"><header class=\"textbox__header\">\r\n<p class=\"textbox__title\">Nota<\/p>\r\n\r\n<\/header>\r\n<div class=\"textbox__content\">Es importante mencionar que la elaboraci\u00f3n de cada apartado no necesariamente sigue el orden en que se presentan dentro dise\u00f1o curricular del programa t\u00e9cnico. En algunos casos, la construcci\u00f3n de un apartado es la base para el planteamiento de otros, por lo que es fundamental contar con la asesor\u00eda curricular de la persona especialista.<\/div>\r\n<\/div>","rendered":"<p><img loading=\"lazy\" decoding=\"async\" class=\"banner aligncenter wp-image-167 size-large\" src=\"https:\/\/multimedia.uned.ac.cr\/pem\/libros\/guia-pace-programa-tecnicos\/wp-content\/uploads\/sites\/16\/2024\/05\/banner_cap_2-1024x392.png\" alt=\"Mano colocando una pieza de cart\u00f3n en una maqueta.\" width=\"1024\" height=\"392\" srcset=\"https:\/\/multimedia.uned.ac.cr\/pem\/libros\/guia-pace-programa-tecnicos\/wp-content\/uploads\/sites\/16\/2024\/05\/banner_cap_2-1024x392.png 1024w, https:\/\/multimedia.uned.ac.cr\/pem\/libros\/guia-pace-programa-tecnicos\/wp-content\/uploads\/sites\/16\/2024\/05\/banner_cap_2-300x115.png 300w, https:\/\/multimedia.uned.ac.cr\/pem\/libros\/guia-pace-programa-tecnicos\/wp-content\/uploads\/sites\/16\/2024\/05\/banner_cap_2-768x294.png 768w, https:\/\/multimedia.uned.ac.cr\/pem\/libros\/guia-pace-programa-tecnicos\/wp-content\/uploads\/sites\/16\/2024\/05\/banner_cap_2-65x25.png 65w, https:\/\/multimedia.uned.ac.cr\/pem\/libros\/guia-pace-programa-tecnicos\/wp-content\/uploads\/sites\/16\/2024\/05\/banner_cap_2-225x86.png 225w, https:\/\/multimedia.uned.ac.cr\/pem\/libros\/guia-pace-programa-tecnicos\/wp-content\/uploads\/sites\/16\/2024\/05\/banner_cap_2-350x134.png 350w, https:\/\/multimedia.uned.ac.cr\/pem\/libros\/guia-pace-programa-tecnicos\/wp-content\/uploads\/sites\/16\/2024\/05\/banner_cap_2.png 1537w\" sizes=\"auto, (max-width: 1024px) 100vw, 1024px\" \/><\/p>\n<p>El programa est\u00e1 conformado por siete cap\u00edtulos, los cuales deber\u00e1n estar organizados de la siguiente manera:<\/p>\n<div class=\"textbox\">\n<ol class=\"harvard\">\n<li>Justificaci\u00f3n\n<ol>\n<li>Dimensi\u00f3n externa<\/li>\n<li>Dimensi\u00f3n administrativa<\/li>\n<\/ol>\n<\/li>\n<li>Fundamentaci\u00f3n te\u00f3rico-metodol\u00f3gica\n<ol>\n<li>Descripci\u00f3n de la cualificaci\u00f3n<\/li>\n<li>Fundamentos y enfoque curricular<\/li>\n<li>Ejes transversales<\/li>\n<li>Propuesta metodol\u00f3gica<\/li>\n<li>Propuesta evaluativa<\/li>\n<\/ol>\n<\/li>\n<li>Prop\u00f3sito del programa<\/li>\n<li>Requisitos de entrada, perfil de ingreso y perfil de la persona graduada.\n<ol>\n<li>Requisitos de ingreso<\/li>\n<li>Perfil de ingreso<\/li>\n<li>Perfil de la persona graduada<\/li>\n<\/ol>\n<\/li>\n<li>Estructura curricular y matriz de correspondencia entre resultados de aprendizaje y m\u00f3dulos o cursos<\/li>\n<li>Descripci\u00f3n de los m\u00f3dulos o cursos<\/li>\n<li>Requerimientos para la implementaci\u00f3n del programa t\u00e9cnico\n<ol>\n<li>Metas de formaci\u00f3n\n<ol>\n<li>Cupos<\/li>\n<li>N\u00famero de promociones<\/li>\n<li>N\u00famero de graduados<\/li>\n<li>Per\u00edodo definido de oferta del programa<\/li>\n<li>Deserci\u00f3n<\/li>\n<\/ol>\n<\/li>\n<li>Plan de adquisici\u00f3n de recursos<\/li>\n<li>Planificaci\u00f3n para el dise\u00f1o curricular de la oferta<\/li>\n<li>Procedimientos para ingreso al programa t\u00e9cnico<\/li>\n<li>Permanencia y graduaci\u00f3n<\/li>\n<li>Convenios (si existieran)<\/li>\n<li>Evaluaci\u00f3n del programa t\u00e9cnico y de sus m\u00f3dulos o cursos<\/li>\n<\/ol>\n<\/li>\n<\/ol>\n<\/div>\n<p>&nbsp;<\/p>\n<div class=\"textbox textbox--examples\">\n<header class=\"textbox__header\">\n<p class=\"textbox__title\">Nota<\/p>\n<\/header>\n<div class=\"textbox__content\">Es importante mencionar que la elaboraci\u00f3n de cada apartado no necesariamente sigue el orden en que se presentan dentro dise\u00f1o curricular del programa t\u00e9cnico. En algunos casos, la construcci\u00f3n de un apartado es la base para el planteamiento de otros, por lo que es fundamental contar con la asesor\u00eda curricular de la persona especialista.<\/div>\n<\/div>\n","protected":false},"author":1,"menu_order":2,"template":"","meta":{"pb_show_title":"on","pb_short_title":"","pb_subtitle":"","pb_authors":[],"pb_section_license":""},"chapter-type":[],"contributor":[],"license":[],"class_list":["post-27","chapter","type-chapter","status-publish","hentry"],"part":3,"_links":{"self":[{"href":"https:\/\/multimedia.uned.ac.cr\/pem\/libros\/guia-pace-programa-tecnicos\/wp-json\/pressbooks\/v2\/chapters\/27","targetHints":{"allow":["GET"]}}],"collection":[{"href":"https:\/\/multimedia.uned.ac.cr\/pem\/libros\/guia-pace-programa-tecnicos\/wp-json\/pressbooks\/v2\/chapters"}],"about":[{"href":"https:\/\/multimedia.uned.ac.cr\/pem\/libros\/guia-pace-programa-tecnicos\/wp-json\/wp\/v2\/types\/chapter"}],"author":[{"embeddable":true,"href":"https:\/\/multimedia.uned.ac.cr\/pem\/libros\/guia-pace-programa-tecnicos\/wp-json\/wp\/v2\/users\/1"}],"version-history":[{"count":7,"href":"https:\/\/multimedia.uned.ac.cr\/pem\/libros\/guia-pace-programa-tecnicos\/wp-json\/pressbooks\/v2\/chapters\/27\/revisions"}],"predecessor-version":[{"id":171,"href":"https:\/\/multimedia.uned.ac.cr\/pem\/libros\/guia-pace-programa-tecnicos\/wp-json\/pressbooks\/v2\/chapters\/27\/revisions\/171"}],"part":[{"href":"https:\/\/multimedia.uned.ac.cr\/pem\/libros\/guia-pace-programa-tecnicos\/wp-json\/pressbooks\/v2\/parts\/3"}],"metadata":[{"href":"https:\/\/multimedia.uned.ac.cr\/pem\/libros\/guia-pace-programa-tecnicos\/wp-json\/pressbooks\/v2\/chapters\/27\/metadata\/"}],"wp:attachment":[{"href":"https:\/\/multimedia.uned.ac.cr\/pem\/libros\/guia-pace-programa-tecnicos\/wp-json\/wp\/v2\/media?parent=27"}],"wp:term":[{"taxonomy":"chapter-type","embeddable":true,"href":"https:\/\/multimedia.uned.ac.cr\/pem\/libros\/guia-pace-programa-tecnicos\/wp-json\/pressbooks\/v2\/chapter-type?post=27"},{"taxonomy":"contributor","embeddable":true,"href":"https:\/\/multimedia.uned.ac.cr\/pem\/libros\/guia-pace-programa-tecnicos\/wp-json\/wp\/v2\/contributor?post=27"},{"taxonomy":"license","embeddable":true,"href":"https:\/\/multimedia.uned.ac.cr\/pem\/libros\/guia-pace-programa-tecnicos\/wp-json\/wp\/v2\/license?post=27"}],"curies":[{"name":"wp","href":"https:\/\/api.w.org\/{rel}","templated":true}]}}

Organización del documento de programa técnico

<img class="banner aligncenter wp-image-167 size-large" src="https://multimedia.uned.ac.cr/pem/libros/guia-pace-programa-tecnicos/wp-content/uploads/sites/16/2024/05/banner_cap_2-1024x392.png" alt="Mano colocando una pieza de cartón en una maqueta." width="1024" height="392" />

El programa está conformado por siete capítulos, los cuales deberán estar organizados de la siguiente manera:
<div class="textbox">
<ol class="harvard">
 	<li>Justificación
<ol>
 	<li>Dimensión externa</li>
 	<li>Dimensión administrativa</li>
</ol>
</li>
 	<li>Fundamentación teórico-metodológica
<ol>
 	<li>Descripción de la cualificación</li>
 	<li>Fundamentos y enfoque curricular</li>
 	<li>Ejes transversales</li>
 	<li>Propuesta metodológica</li>
 	<li>Propuesta evaluativa</li>
</ol>
</li>
 	<li>Propósito del programa</li>
 	<li>Requisitos de entrada, perfil de ingreso y perfil de la persona graduada.
<ol>
 	<li>Requisitos de ingreso</li>
 	<li>Perfil de ingreso</li>
 	<li>Perfil de la persona graduada</li>
</ol>
</li>
 	<li>Estructura curricular y matriz de correspondencia entre resultados de aprendizaje y módulos o cursos</li>
 	<li>Descripción de los módulos o cursos</li>
 	<li>Requerimientos para la implementación del programa técnico
<ol>
 	<li>Metas de formación
<ol>
 	<li>Cupos</li>
 	<li>Número de promociones</li>
 	<li>Número de graduados</li>
 	<li>Período definido de oferta del programa</li>
 	<li>Deserción</li>
</ol>
</li>
 	<li>Plan de adquisición de recursos</li>
 	<li>Planificación para el diseño curricular de la oferta</li>
 	<li>Procedimientos para ingreso al programa técnico</li>
 	<li>Permanencia y graduación</li>
 	<li>Convenios (si existieran)</li>
 	<li>Evaluación del programa técnico y de sus módulos o cursos</li>
</ol>
</li>
</ol>
</div>
&nbsp;
<div class="textbox textbox--examples"><header class="textbox__header">
<p class="textbox__title">Nota</p>

</header>
<div class="textbox__content">Es importante mencionar que la elaboración de cada apartado no necesariamente sigue el orden en que se presentan dentro diseño curricular del programa técnico. En algunos casos, la construcción de un apartado es la base para el planteamiento de otros, por lo que es fundamental contar con la asesoría curricular de la persona especialista.</div>
</div>

<p><img loading="lazy" decoding="async" class="banner aligncenter wp-image-167 size-large" src="https://multimedia.uned.ac.cr/pem/libros/guia-pace-programa-tecnicos/wp-content/uploads/sites/16/2024/05/banner_cap_2-1024x392.png" alt="Mano colocando una pieza de cartón en una maqueta." width="1024" height="392" srcset="https://multimedia.uned.ac.cr/pem/libros/guia-pace-programa-tecnicos/wp-content/uploads/sites/16/2024/05/banner_cap_2-1024x392.png 1024w, https://multimedia.uned.ac.cr/pem/libros/guia-pace-programa-tecnicos/wp-content/uploads/sites/16/2024/05/banner_cap_2-300x115.png 300w, https://multimedia.uned.ac.cr/pem/libros/guia-pace-programa-tecnicos/wp-content/uploads/sites/16/2024/05/banner_cap_2-768x294.png 768w, https://multimedia.uned.ac.cr/pem/libros/guia-pace-programa-tecnicos/wp-content/uploads/sites/16/2024/05/banner_cap_2-65x25.png 65w, https://multimedia.uned.ac.cr/pem/libros/guia-pace-programa-tecnicos/wp-content/uploads/sites/16/2024/05/banner_cap_2-225x86.png 225w, https://multimedia.uned.ac.cr/pem/libros/guia-pace-programa-tecnicos/wp-content/uploads/sites/16/2024/05/banner_cap_2-350x134.png 350w, https://multimedia.uned.ac.cr/pem/libros/guia-pace-programa-tecnicos/wp-content/uploads/sites/16/2024/05/banner_cap_2.png 1537w" sizes="auto, (max-width: 1024px) 100vw, 1024px" /></p>
<p>El programa está conformado por siete capítulos, los cuales deberán estar organizados de la siguiente manera:</p>
<div class="textbox">
<ol class="harvard">
<li>Justificación
<ol>
<li>Dimensión externa</li>
<li>Dimensión administrativa</li>
</ol>
</li>
<li>Fundamentación teórico-metodológica
<ol>
<li>Descripción de la cualificación</li>
<li>Fundamentos y enfoque curricular</li>
<li>Ejes transversales</li>
<li>Propuesta metodológica</li>
<li>Propuesta evaluativa</li>
</ol>
</li>
<li>Propósito del programa</li>
<li>Requisitos de entrada, perfil de ingreso y perfil de la persona graduada.
<ol>
<li>Requisitos de ingreso</li>
<li>Perfil de ingreso</li>
<li>Perfil de la persona graduada</li>
</ol>
</li>
<li>Estructura curricular y matriz de correspondencia entre resultados de aprendizaje y módulos o cursos</li>
<li>Descripción de los módulos o cursos</li>
<li>Requerimientos para la implementación del programa técnico
<ol>
<li>Metas de formación
<ol>
<li>Cupos</li>
<li>Número de promociones</li>
<li>Número de graduados</li>
<li>Período definido de oferta del programa</li>
<li>Deserción</li>
</ol>
</li>
<li>Plan de adquisición de recursos</li>
<li>Planificación para el diseño curricular de la oferta</li>
<li>Procedimientos para ingreso al programa técnico</li>
<li>Permanencia y graduación</li>
<li>Convenios (si existieran)</li>
<li>Evaluación del programa técnico y de sus módulos o cursos</li>
</ol>
</li>
</ol>
</div>
<p>&nbsp;</p>
<div class="textbox textbox--examples">
<header class="textbox__header">
<p class="textbox__title">Nota</p>
</header>
<div class="textbox__content">Es importante mencionar que la elaboración de cada apartado no necesariamente sigue el orden en que se presentan dentro diseño curricular del programa técnico. En algunos casos, la construcción de un apartado es la base para el planteamiento de otros, por lo que es fundamental contar con la asesoría curricular de la persona especialista.</div>
</div>
