{"id":43,"date":"2023-08-22T21:35:32","date_gmt":"2023-08-22T21:35:32","guid":{"rendered":"https:\/\/multimedia.uned.ac.cr\/ecsh\/viii-encuentrodhts\/?page_id=43"},"modified":"2023-10-02T21:01:32","modified_gmt":"2023-10-02T21:01:32","slug":"agenda-academica","status":"publish","type":"page","link":"https:\/\/multimedia.uned.ac.cr\/ecsh\/viii-encuentrodhts\/agenda-academica\/","title":{"rendered":"Agenda acad\u00e9mica"},"content":{"rendered":"\n<p>Para el VIII Encuentro de Desarrollo Humano y Turismo Sostenible se ha preparado una agenda acad\u00e9mica para cada uno de los d\u00edas programados.<\/p>\n\n\n\n<p>En esta ocasi\u00f3n se cuenta con la participaci\u00f3n de destacados especialistas internacionales y nacionales del sector acad\u00e9mico, p\u00fablico y privado tur\u00edstico<\/p>\n\n\n\n<p><\/p>\n\n\n\n<div class=\"wp-block-attire-blocks-tabs atbs-tabs-wrapper\"><style id=\"atbs-tabs-css-82b9cda9\">\n                \/* tab content border *\/\n                #atbs-tabs-82b9cda9 .tab-content{\n                    border-left: 1px solid;\n                    border-right:1px solid;\n                    border-bottom: 1px solid;\n                    border-color: #2BAD59;\n                }\n                #atbs-tabs-82b9cda9 .nav-tabs{\n                    border-bottom:1px solid #2BAD59;\n                }\n                \/* end: tab content border *\/\n                #atbs-tabs-82b9cda9 .nav-tabs .nav-item a{\n                    border-radius: 26px 26px 0 0;\n                }\n                #atbs-tabs-82b9cda9 .nav-tabs .nav-item.show .nav-link, #atbs-tabs-82b9cda9 .nav-tabs .nav-link.active, #atbs-tabs-82b9cda9 .nav-tabs .nav-link:hover{\n                    border: 1px solid;\n                    border-color: #2BAD59 #2BAD59 transparent;\n                    margin-bottom: -1px;\n                }\n                #atbs-tabs-82b9cda9 .nav-tabs .nav-link:not(.active):not(:hover){\n                    border: 1px solid transparent;\n                    border-bottom:0;\n                }#atbs-tabs-82b9cda9 ul.nav li:not(:last-child){\n                    margin-right:5px;           \n                }#atbs-tabs-82b9cda9 .nav-pills .nav-item a{\n                    border:1px solid #2BAD59;\n                    border-radius:26px;\n                }#atbs-tabs-82b9cda9 .nav-link{\n        font-size:16px;\n        text-align:center;\n    }#atbs-tabs-82b9cda9 .nav-link{\n        background-color:#d0ead9;\n    }\n    #atbs-tabs-82b9cda9 .nav-link.active, #atbs-tabs-82b9cda9 .nav-link:hover{\n        background-color:#2BAD59;\n    }#atbs-tabs-82b9cda9 .nav-link{\n        color:#000;\n    }\n    #atbs-tabs-82b9cda9 .nav-link.active{\n        color:#fff;\n    }#atbs-tabs-82b9cda9 .tab-content{\n        background-color:#fff;\n    }#atbs-tabs-82b9cda9 .tab-content{\n        margin:0px 0px 0px 0px!important;     \n        padding:20px 10px 20px 10px!important;     \n    }#atbs-tabs-82b9cda9 .nav-item a{\n                    padding: 5px 20px 5px 20px;\n                    margin: 0px 10px 0px 0px;\n                }<\/style><div class=\"\" data-tab-active=\"tab-11-de-octubre-2023\" id=\"atbs-tabs-82b9cda9\"><ul class=\"nav nav-tabs \" role=\"tablist\"><li class=\"nav-item\"><a class=\"nav-link active\" data-toggle=\"tab\" data-target=\"[data-id=tab-11-de-octubre-2023]\" href=\"#tab-11-de-octubre-2023\"><span class=\"atbs-tabs-buttons-item\">11 de octubre, 2023<\/span><\/a><\/li><li class=\"nav-item\"><a class=\"nav-link \" data-toggle=\"tab\" data-target=\"[data-id=tab-12-de-octubre-2023]\" href=\"#tab-12-de-octubre-2023\"><span class=\"atbs-tabs-buttons-item\">12 de octubre, 2023<\/span><\/a><\/li><\/ul><div class=\"tab-content \">\n<div data-id=\"tab-11-de-octubre-2023\" class=\"tab-pane fade active show\" role=\"tabpanel\" aria-labelledby=\"tab-11-de-octubre-2023-tab\">\n<figure class=\"wp-block-table\"><table><thead><tr><th>Hora<\/th><th>Actividad<\/th><\/tr><\/thead><tbody><tr><td>8:30 a.m.<\/td><td><strong>Inauguraci\u00f3n VIII Encuentro de Desarrollo Humano y Turismo Sostenible<\/strong><\/td><\/tr><tr><td>9:00 a.m. <\/td><td><strong>Conferencia magistral:<\/strong> Inversiones verdes como mecanismos para generar desarrollo social, econ\u00f3mico y uso responsable de los recursos<br><strong>Expositor:<\/strong> Dr. Alberto L\u00f3pez Chavez. Gerente General Instituto Costarricense de Turismo<\/td><\/tr><tr><td>9:40 a.m.<\/td><td><strong>Conferencia magistral:<\/strong> Comercio de carbono en el sector turismo para un desarrollo ambientalmente sostenible: Alianza: ICT-FONAFIFO<br><strong>Expositor:<\/strong> Doctora Carmen Rold\u00e1n Chac\u00f3n. FONAFIFO, Costa Rica<\/td><\/tr><tr><td>10:30 a.m.<\/td><td><strong>Conferencia magistral:<\/strong> Innovaci\u00f3n y buenas pr\u00e1cticas para el programa de Maestr\u00eda en Turismo Sostenible en CATIE<br><strong>Expositor:<\/strong> Doctor Eli\u00e9cer Vargas Ortega. Coordinador de Maestr\u00eda Internacional en Turismo Sostenible, CATIE, Costa Rica &#8211; Universidad de Texas, EEUU<\/td><\/tr><tr><td>11:15 a.m. <\/td><td><strong>Conferencia magistral:<\/strong> Planificaci\u00f3n estrat\u00e9gica participativa: una oportunidad para la&nbsp;sostenibilidad en el sector tur\u00edstico.<br><strong>Expositor:<\/strong> M\u00e1ster Jaime Guti\u00e9rrez Bayo. Fundador y CEO en BRUMA, Sostenibilidad y Participaci\u00f3n Ciudadana S.L., Espa\u00f1a.<\/td><\/tr><tr><td>12:00 a.m.<\/td><td><strong>Conferencia magistral:<\/strong> Experiencia de Cayuga Collection en inversiones sostenibles.<br><strong>Expositor:<\/strong> Sr. Hans Pfister. Codue\u00f1o y presidente de Cayuga Collection of Sustainable Luxury Hotels and Lodges, Costa Rica, Panam\u00e1 y Nicaragua&nbsp;<\/td><\/tr><tr><td>12:45 a.m.<\/td><td><strong>Cierre D\u00eda 1<\/strong><\/td><\/tr><\/tbody><\/table><\/figure>\n<\/div>\n\n\n\n<div data-id=\"tab-12-de-octubre-2023\" class=\"tab-pane fade \" role=\"tabpanel\" aria-labelledby=\"tab-12-de-octubre-2023-tab\">\n<figure class=\"wp-block-table\"><table><thead><tr><th>Hora <\/th><th>Actividad<\/th><\/tr><\/thead><tbody><tr><td>8:30 a.m.<\/td><td><strong>Conferencia Magistral: <\/strong>Aplicaciones pr\u00e1cticas de los resultados de investigaci\u00f3n internacional en Turismo Sostenible para la Comunidad Local y Profesionales de Turismo de Costa Rica.<br><strong>Expositor: <\/strong>Dr. Daniel Celis Sosa. Codirector de la C\u00e1tedra UNESCO de Turismo y Desarrollo Econ\u00f3mico Sostenible, Universidad de Las Palmas de Gran Canaria, Espa\u00f1a.<\/td><\/tr><tr><td>9:30 a.m.<\/td><td><strong>Conferencia Magistral: <\/strong>Impulsando la econom\u00eda local a trav\u00e9s de la conservaci\u00f3n en el Corredor Tur\u00edstico en La Cruz de Guanacaste.&nbsp;&nbsp;<br><strong>Expositoras:<\/strong> M\u00e1ster Leyla Solano Pacheco y Licda. Grettel Vega, Asociaci\u00f3n Costa Rica por Siempre&nbsp;<\/td><\/tr><tr><td>10:20 a.m.<\/td><td><strong>Conferencia Magistral:\u00a0<\/strong>\u00c1reas Silvestres Protegidas, motor en el desarrollo tur\u00edstico de Costa Rica: oportunidades y desaf\u00edos.<br><strong>Expositora:<\/strong> M\u00e1ster <strong> <\/strong>Stephanie Mory Villase\u00f1or Coordinadora del Programa de Turismo Sostenible del SINAC.<\/td><\/tr><tr><td>11:05 a.m.<\/td><td><strong>Conferencia Magistral:&nbsp;<\/strong>Fundamentos y gesti\u00f3n de Ba\u00f1os de Naturaleza en \u00c1reas Protegidas y Parques Urbanos<br><strong>Expositor:<\/strong> Ing. \u00c1ngel Custodio Lazo \u00c1lvarez. Red Latinoamericana de Corporaci\u00f3n T\u00e9cnica en Parques Nacionales, otras \u00c1reas Protegidas, Flora y Fauna Silvestres (RedParques), Chile<\/td><\/tr><tr><td>12:00 m.d.<\/td><td><strong>Cierre del VIII Encuentro de Desarrollo Humano y Turismo Sostenible. <\/strong><\/td><\/tr><\/tbody><\/table><\/figure>\n<\/div>\n<\/div><\/div><\/div>\n","protected":false},"excerpt":{"rendered":"<p>Para el VIII Encuentro de Desarrollo Humano y Turismo Sostenible se ha preparado una agenda acad\u00e9mica para cada uno de los d\u00edas programados. En esta ocasi\u00f3n se cuenta con la participaci\u00f3n de destacados especialistas internacionales y nacionales del sector acad\u00e9mico, p\u00fablico y privado tur\u00edstico<\/p>\n","protected":false},"author":135,"featured_media":0,"parent":0,"menu_order":0,"comment_status":"closed","ping_status":"closed","template":"page-full-width.php","meta":{"_acf_changed":false,"_monsterinsights_skip_tracking":false,"_monsterinsights_sitenote_active":false,"_monsterinsights_sitenote_note":"","_monsterinsights_sitenote_category":0,"_coblocks_attr":"","_coblocks_dimensions":"","_coblocks_responsive_height":"","_coblocks_accordion_ie_support":"","footnotes":""},"class_list":["post-43","page","type-page","status-publish","hentry"],"acf":[],"_links":{"self":[{"href":"https:\/\/multimedia.uned.ac.cr\/ecsh\/viii-encuentrodhts\/wp-json\/wp\/v2\/pages\/43","targetHints":{"allow":["GET"]}}],"collection":[{"href":"https:\/\/multimedia.uned.ac.cr\/ecsh\/viii-encuentrodhts\/wp-json\/wp\/v2\/pages"}],"about":[{"href":"https:\/\/multimedia.uned.ac.cr\/ecsh\/viii-encuentrodhts\/wp-json\/wp\/v2\/types\/page"}],"author":[{"embeddable":true,"href":"https:\/\/multimedia.uned.ac.cr\/ecsh\/viii-encuentrodhts\/wp-json\/wp\/v2\/users\/135"}],"replies":[{"embeddable":true,"href":"https:\/\/multimedia.uned.ac.cr\/ecsh\/viii-encuentrodhts\/wp-json\/wp\/v2\/comments?post=43"}],"version-history":[{"count":21,"href":"https:\/\/multimedia.uned.ac.cr\/ecsh\/viii-encuentrodhts\/wp-json\/wp\/v2\/pages\/43\/revisions"}],"predecessor-version":[{"id":285,"href":"https:\/\/multimedia.uned.ac.cr\/ecsh\/viii-encuentrodhts\/wp-json\/wp\/v2\/pages\/43\/revisions\/285"}],"wp:attachment":[{"href":"https:\/\/multimedia.uned.ac.cr\/ecsh\/viii-encuentrodhts\/wp-json\/wp\/v2\/media?parent=43"}],"curies":[{"name":"wp","href":"https:\/\/api.w.org\/{rel}","templated":true}]}}