{"id":2,"date":"2023-07-10T17:52:38","date_gmt":"2023-07-10T17:52:38","guid":{"rendered":"https:\/\/multimedia.uned.ac.cr\/ecsh\/viii-encuentrodhts\/?page_id=2"},"modified":"2023-10-12T19:55:13","modified_gmt":"2023-10-12T19:55:13","slug":"bienvenida","status":"publish","type":"page","link":"https:\/\/multimedia.uned.ac.cr\/ecsh\/viii-encuentrodhts\/","title":{"rendered":"Bienvenida"},"content":{"rendered":"\n<p>Durante el <strong>mi\u00e9rcoles 11 y jueves 12<\/strong> de octubre se llevar\u00e1 a cabo el <strong>VIII Encuentro de Desarrollo Humano y Turismo Sostenible<\/strong>, el cual para su emisi\u00f3n del a\u00f1o 2023 se centrar\u00e1 en la tem\u00e1tica <strong>Turismo e inversiones verdes.&nbsp;<\/strong>&nbsp;Esta actividad se transmitir\u00e1 en vivo a trav\u00e9s del canal de Facebook de la Escuela de Ciencias Sociales y Humanidades y el canal de YouTube de Audiovisuales de la UNED. <\/p>\n\n\n\n<p>A partir del conocimiento de especialistas se valorar\u00e1 la importancia de las inversiones verdes en el sector tur\u00edstico nacional e internacional como elemento de cumplimiento de los Objetivos del Desarrollo Sostenible, planteados en la Agenda 2030.&nbsp;&nbsp;<\/p>\n\n\n\n<p>Las personas interesadas en participar en este evento principal, deber\u00e1n inscribirse en el <strong>formulario<\/strong> habilitado para esta actividad, el cual estar\u00e1 disponible desde el 14 de setiembre hasta el 10 de octubre, 2023. <\/p>\n\n\n\n<p>Adem\u00e1s, se llevar\u00e1n a cabo dos eventos regionales, con el objetivo de generar espacios de capacitaci\u00f3n en las comunidades. El primero de ellos se desarrollar\u00e1 el s\u00e1bado 23 de setiembre en la Regi\u00f3n de Osa, mientras que el s\u00e1bado 30 de setiembre se realizar\u00e1 en la Regi\u00f3n de Monteverde. Las personas que deseen inscribirse a estos espacios deben llenar el <strong>formulario<\/strong> en el siguiente periodo: <\/p>\n\n\n\n<figure class=\"wp-block-table\"><table><thead><tr><th class=\"has-text-align-left\" data-align=\"left\">Evento regional<\/th><th class=\"has-text-align-left\" data-align=\"left\">Periodo de inscripci\u00f3n<\/th><\/tr><\/thead><tbody><tr><td class=\"has-text-align-left\" data-align=\"left\"><strong>23 de setiembre<\/strong>: Actividad presencial Colegio T\u00e9cnico Profesional de Osa, Palmar Norte, Puntarenas<\/td><td class=\"has-text-align-left\" data-align=\"left\">Desde el 14 de setiembre hasta el 22 de setiembre, 2023<\/td><\/tr><tr><td class=\"has-text-align-left\" data-align=\"left\"><strong>30 de setiembre:<\/strong> Sal\u00f3n de eventos Hotel Poco a Poco, Monteverde, Puntarenas<\/td><td class=\"has-text-align-left\" data-align=\"left\">Desde el 14 de setiembre hasta el 29 de setiembre, 2023<\/td><\/tr><\/tbody><\/table><\/figure>\n\n\n\n<hr class=\"wp-block-separator has-alpha-channel-opacity\"\/>\n\n\n\n<h2 class=\"wp-block-heading\">Ejes tem\u00e1ticos<\/h2>\n\n\n\n<div class=\"wp-block-columns is-layout-flex wp-container-core-columns-is-layout-9d6595d7 wp-block-columns-is-layout-flex\">\n<div class=\"wp-block-column is-layout-flow wp-block-column-is-layout-flow\">\n<div class=\"wp-block-media-text alignwide is-stacked-on-mobile\" style=\"grid-template-columns:53% auto\"><figure class=\"wp-block-media-text__media\"><img loading=\"lazy\" decoding=\"async\" width=\"792\" height=\"792\" src=\"https:\/\/multimedia.uned.ac.cr\/ecsh\/viii-encuentrodhts\/wp-content\/uploads\/sites\/37\/2023\/08\/1.png\" alt=\"\" class=\"wp-image-65 size-full\" srcset=\"https:\/\/multimedia.uned.ac.cr\/ecsh\/viii-encuentrodhts\/wp-content\/uploads\/sites\/37\/2023\/08\/1.png 792w, https:\/\/multimedia.uned.ac.cr\/ecsh\/viii-encuentrodhts\/wp-content\/uploads\/sites\/37\/2023\/08\/1-300x300.png 300w, https:\/\/multimedia.uned.ac.cr\/ecsh\/viii-encuentrodhts\/wp-content\/uploads\/sites\/37\/2023\/08\/1-150x150.png 150w, https:\/\/multimedia.uned.ac.cr\/ecsh\/viii-encuentrodhts\/wp-content\/uploads\/sites\/37\/2023\/08\/1-768x768.png 768w\" sizes=\"auto, (min-width: 900px) 600px, 900px\" \/><\/figure><div class=\"wp-block-media-text__content\">\n<p><strong>Inversiones Verdes en el Turismo desde el \u00e1mbito social <\/strong><\/p>\n<\/div><\/div>\n<\/div>\n\n\n\n<div class=\"wp-block-column is-layout-flow wp-block-column-is-layout-flow\">\n<div class=\"wp-block-media-text alignwide is-stacked-on-mobile\" style=\"grid-template-columns:54% auto\"><figure class=\"wp-block-media-text__media\"><img loading=\"lazy\" decoding=\"async\" width=\"792\" height=\"792\" src=\"https:\/\/multimedia.uned.ac.cr\/ecsh\/viii-encuentrodhts\/wp-content\/uploads\/sites\/37\/2023\/08\/2.png\" alt=\"\" class=\"wp-image-66 size-full\" srcset=\"https:\/\/multimedia.uned.ac.cr\/ecsh\/viii-encuentrodhts\/wp-content\/uploads\/sites\/37\/2023\/08\/2.png 792w, https:\/\/multimedia.uned.ac.cr\/ecsh\/viii-encuentrodhts\/wp-content\/uploads\/sites\/37\/2023\/08\/2-300x300.png 300w, https:\/\/multimedia.uned.ac.cr\/ecsh\/viii-encuentrodhts\/wp-content\/uploads\/sites\/37\/2023\/08\/2-150x150.png 150w, https:\/\/multimedia.uned.ac.cr\/ecsh\/viii-encuentrodhts\/wp-content\/uploads\/sites\/37\/2023\/08\/2-768x768.png 768w\" sizes=\"auto, (min-width: 900px) 600px, 900px\" \/><\/figure><div class=\"wp-block-media-text__content\">\n<p><strong>Inversiones verdes en el Turismo desde el \u00e1mbito ambiental.<\/strong> <\/p>\n<\/div><\/div>\n<\/div>\n\n\n\n<div class=\"wp-block-column is-layout-flow wp-block-column-is-layout-flow\">\n<div class=\"wp-block-media-text alignwide is-stacked-on-mobile\"><figure class=\"wp-block-media-text__media\"><img loading=\"lazy\" decoding=\"async\" width=\"792\" height=\"792\" src=\"https:\/\/multimedia.uned.ac.cr\/ecsh\/viii-encuentrodhts\/wp-content\/uploads\/sites\/37\/2023\/08\/3.png\" alt=\"\" class=\"wp-image-67 size-full\" srcset=\"https:\/\/multimedia.uned.ac.cr\/ecsh\/viii-encuentrodhts\/wp-content\/uploads\/sites\/37\/2023\/08\/3.png 792w, https:\/\/multimedia.uned.ac.cr\/ecsh\/viii-encuentrodhts\/wp-content\/uploads\/sites\/37\/2023\/08\/3-300x300.png 300w, https:\/\/multimedia.uned.ac.cr\/ecsh\/viii-encuentrodhts\/wp-content\/uploads\/sites\/37\/2023\/08\/3-150x150.png 150w, https:\/\/multimedia.uned.ac.cr\/ecsh\/viii-encuentrodhts\/wp-content\/uploads\/sites\/37\/2023\/08\/3-768x768.png 768w\" sizes=\"auto, (min-width: 900px) 600px, 900px\" \/><\/figure><div class=\"wp-block-media-text__content\">\n<p><strong>Inversiones verdes en el Turismo desde el \u00e1mbito econ\u00f3mico<\/strong><\/p>\n<\/div><\/div>\n<\/div>\n<\/div>\n\n\n\n<h2 class=\"wp-block-heading\">Personas Expositoras<\/h2>\n\n\n\n<div class=\"wp-block-columns is-layout-flex wp-container-core-columns-is-layout-9d6595d7 wp-block-columns-is-layout-flex\">\n<div class=\"wp-block-column is-layout-flow wp-block-column-is-layout-flow\">\n<div class=\"wp-block-media-text alignwide is-stacked-on-mobile\"><figure class=\"wp-block-media-text__media\"><img loading=\"lazy\" decoding=\"async\" width=\"200\" height=\"199\" src=\"https:\/\/multimedia.uned.ac.cr\/ecsh\/viii-encuentrodhts\/wp-content\/uploads\/sites\/37\/2023\/09\/Imagenes-especialistas-4.png\" alt=\"\" class=\"wp-image-171 size-full\" srcset=\"https:\/\/multimedia.uned.ac.cr\/ecsh\/viii-encuentrodhts\/wp-content\/uploads\/sites\/37\/2023\/09\/Imagenes-especialistas-4.png 200w, https:\/\/multimedia.uned.ac.cr\/ecsh\/viii-encuentrodhts\/wp-content\/uploads\/sites\/37\/2023\/09\/Imagenes-especialistas-4-150x150.png 150w\" sizes=\"auto, (min-width: 900px) 600px, 900px\" \/><\/figure><div class=\"wp-block-media-text__content\">\n<p><strong>Dr.<\/strong> <strong>Alberto L\u00f3pez Chaves<\/strong><br><br>Gerente General  del Instituto Costarricense de Turismo, Costa Rica<\/p>\n<\/div><\/div>\n<\/div>\n\n\n\n<div class=\"wp-block-column is-layout-flow wp-block-column-is-layout-flow\">\n<div class=\"wp-block-media-text alignwide is-stacked-on-mobile\"><figure class=\"wp-block-media-text__media\"><img loading=\"lazy\" decoding=\"async\" width=\"200\" height=\"199\" src=\"https:\/\/multimedia.uned.ac.cr\/ecsh\/viii-encuentrodhts\/wp-content\/uploads\/sites\/37\/2023\/08\/9.png\" alt=\"\" class=\"wp-image-72 size-full\" srcset=\"https:\/\/multimedia.uned.ac.cr\/ecsh\/viii-encuentrodhts\/wp-content\/uploads\/sites\/37\/2023\/08\/9.png 200w, https:\/\/multimedia.uned.ac.cr\/ecsh\/viii-encuentrodhts\/wp-content\/uploads\/sites\/37\/2023\/08\/9-150x150.png 150w\" sizes=\"auto, (min-width: 900px) 600px, 900px\" \/><\/figure><div class=\"wp-block-media-text__content\">\n<p><strong>Dra. Carmen Rold\u00e1n Chac\u00f3n<\/strong><\/p>\n\n\n\n<p>FONAFIFO, Costa Rica<\/p>\n<\/div><\/div>\n<\/div>\n<\/div>\n\n\n\n<div class=\"wp-block-columns is-layout-flex wp-container-core-columns-is-layout-9d6595d7 wp-block-columns-is-layout-flex\">\n<div class=\"wp-block-column is-layout-flow wp-block-column-is-layout-flow\">\n<div class=\"wp-block-media-text alignwide is-stacked-on-mobile\"><figure class=\"wp-block-media-text__media\"><img loading=\"lazy\" decoding=\"async\" width=\"200\" height=\"199\" src=\"https:\/\/multimedia.uned.ac.cr\/ecsh\/viii-encuentrodhts\/wp-content\/uploads\/sites\/37\/2023\/08\/5.png\" alt=\"\" class=\"wp-image-73 size-full\" srcset=\"https:\/\/multimedia.uned.ac.cr\/ecsh\/viii-encuentrodhts\/wp-content\/uploads\/sites\/37\/2023\/08\/5.png 200w, https:\/\/multimedia.uned.ac.cr\/ecsh\/viii-encuentrodhts\/wp-content\/uploads\/sites\/37\/2023\/08\/5-150x150.png 150w\" sizes=\"auto, (min-width: 900px) 600px, 900px\" \/><\/figure><div class=\"wp-block-media-text__content\">\n<p><strong>Dr. Eli\u00e9cer Vargas Ortega<\/strong><\/p>\n\n\n\n<p>CATIE, Costa Rica &#8211; Universidad de Texas EEUU<\/p>\n<\/div><\/div>\n<\/div>\n\n\n\n<div class=\"wp-block-column is-layout-flow wp-block-column-is-layout-flow\">\n<div class=\"wp-block-media-text alignwide is-stacked-on-mobile\"><figure class=\"wp-block-media-text__media\"><img loading=\"lazy\" decoding=\"async\" width=\"200\" height=\"199\" src=\"https:\/\/multimedia.uned.ac.cr\/ecsh\/viii-encuentrodhts\/wp-content\/uploads\/sites\/37\/2023\/08\/1-1.png\" alt=\"\" class=\"wp-image-74 size-full\" srcset=\"https:\/\/multimedia.uned.ac.cr\/ecsh\/viii-encuentrodhts\/wp-content\/uploads\/sites\/37\/2023\/08\/1-1.png 200w, https:\/\/multimedia.uned.ac.cr\/ecsh\/viii-encuentrodhts\/wp-content\/uploads\/sites\/37\/2023\/08\/1-1-150x150.png 150w\" sizes=\"auto, (min-width: 900px) 600px, 900px\" \/><\/figure><div class=\"wp-block-media-text__content\">\n<p><strong>M\u00e1ster Jaime Guti\u00e9rrez Bayo<\/strong><\/p>\n\n\n\n<p>Bruma, Sostenibilidad y Participaci\u00f3n Ciudadana S.L., Espa\u00f1a<\/p>\n<\/div><\/div>\n<\/div>\n<\/div>\n\n\n\n<div class=\"wp-block-columns is-layout-flex wp-container-core-columns-is-layout-9d6595d7 wp-block-columns-is-layout-flex\">\n<div class=\"wp-block-column is-layout-flow wp-block-column-is-layout-flow\">\n<div class=\"wp-block-media-text alignwide is-stacked-on-mobile\"><figure class=\"wp-block-media-text__media\"><img loading=\"lazy\" decoding=\"async\" width=\"200\" height=\"199\" src=\"https:\/\/multimedia.uned.ac.cr\/ecsh\/viii-encuentrodhts\/wp-content\/uploads\/sites\/37\/2023\/08\/7.png\" alt=\"\" class=\"wp-image-75 size-full\" srcset=\"https:\/\/multimedia.uned.ac.cr\/ecsh\/viii-encuentrodhts\/wp-content\/uploads\/sites\/37\/2023\/08\/7.png 200w, https:\/\/multimedia.uned.ac.cr\/ecsh\/viii-encuentrodhts\/wp-content\/uploads\/sites\/37\/2023\/08\/7-150x150.png 150w\" sizes=\"auto, (min-width: 900px) 600px, 900px\" \/><\/figure><div class=\"wp-block-media-text__content\">\n<p><strong>Sr. Hans Pfister <\/strong><\/p>\n\n\n\n<p>Cayuga Collection of Sustainable Luxury Hotels and Lodges, Costa Rica, Panam\u00e1 y Nicaragua&nbsp;<\/p>\n<\/div><\/div>\n<\/div>\n\n\n\n<div class=\"wp-block-column is-layout-flow wp-block-column-is-layout-flow\">\n<div class=\"wp-block-media-text alignwide is-stacked-on-mobile\"><figure class=\"wp-block-media-text__media\"><img loading=\"lazy\" decoding=\"async\" width=\"200\" height=\"199\" src=\"https:\/\/multimedia.uned.ac.cr\/ecsh\/viii-encuentrodhts\/wp-content\/uploads\/sites\/37\/2023\/08\/10.png\" alt=\"\" class=\"wp-image-78 size-full\" srcset=\"https:\/\/multimedia.uned.ac.cr\/ecsh\/viii-encuentrodhts\/wp-content\/uploads\/sites\/37\/2023\/08\/10.png 200w, https:\/\/multimedia.uned.ac.cr\/ecsh\/viii-encuentrodhts\/wp-content\/uploads\/sites\/37\/2023\/08\/10-150x150.png 150w\" sizes=\"auto, (min-width: 900px) 600px, 900px\" \/><\/figure><div class=\"wp-block-media-text__content\">\n<p><strong>Dr. Daniel Celis Sosa<\/strong><\/p>\n\n\n\n<p>Universidad de las Palmas de Gran Canaria, Espa\u00f1a<\/p>\n<\/div><\/div>\n<\/div>\n<\/div>\n\n\n\n<div class=\"wp-block-columns is-layout-flex wp-container-core-columns-is-layout-9d6595d7 wp-block-columns-is-layout-flex\">\n<div class=\"wp-block-column is-layout-flow wp-block-column-is-layout-flow\">\n<div class=\"wp-block-media-text alignwide is-stacked-on-mobile\"><figure class=\"wp-block-media-text__media\"><img loading=\"lazy\" decoding=\"async\" width=\"200\" height=\"199\" src=\"https:\/\/multimedia.uned.ac.cr\/ecsh\/viii-encuentrodhts\/wp-content\/uploads\/sites\/37\/2023\/08\/6.png\" alt=\"\" class=\"wp-image-79 size-full\" srcset=\"https:\/\/multimedia.uned.ac.cr\/ecsh\/viii-encuentrodhts\/wp-content\/uploads\/sites\/37\/2023\/08\/6.png 200w, https:\/\/multimedia.uned.ac.cr\/ecsh\/viii-encuentrodhts\/wp-content\/uploads\/sites\/37\/2023\/08\/6-150x150.png 150w\" sizes=\"auto, (min-width: 900px) 600px, 900px\" \/><\/figure><div class=\"wp-block-media-text__content\">\n<p><strong>M\u00e1ster Leyla Solano Pacheco<\/strong><\/p>\n\n\n\n<p>Asociaci\u00f3n Costa Rica por Siempre<\/p>\n<\/div><\/div>\n<\/div>\n\n\n\n<div class=\"wp-block-column is-layout-flow wp-block-column-is-layout-flow\">\n<p><\/p>\n\n\n\n<div class=\"wp-block-media-text alignwide is-stacked-on-mobile\"><figure class=\"wp-block-media-text__media\"><img loading=\"lazy\" decoding=\"async\" width=\"200\" height=\"199\" src=\"https:\/\/multimedia.uned.ac.cr\/ecsh\/viii-encuentrodhts\/wp-content\/uploads\/sites\/37\/2023\/08\/4.png\" alt=\"\" class=\"wp-image-80 size-full\" srcset=\"https:\/\/multimedia.uned.ac.cr\/ecsh\/viii-encuentrodhts\/wp-content\/uploads\/sites\/37\/2023\/08\/4.png 200w, https:\/\/multimedia.uned.ac.cr\/ecsh\/viii-encuentrodhts\/wp-content\/uploads\/sites\/37\/2023\/08\/4-150x150.png 150w\" sizes=\"auto, (min-width: 900px) 600px, 900px\" \/><\/figure><div class=\"wp-block-media-text__content\">\n<p><strong>Licda. Gretel Vega <\/strong><\/p>\n\n\n\n<p>Asociaci\u00f3n Costa Rica por Siempre <\/p>\n<\/div><\/div>\n<\/div>\n<\/div>\n\n\n\n<div class=\"wp-block-columns is-layout-flex wp-container-core-columns-is-layout-9d6595d7 wp-block-columns-is-layout-flex\">\n<div class=\"wp-block-column is-layout-flow wp-block-column-is-layout-flow\">\n<div class=\"wp-block-media-text alignwide is-stacked-on-mobile\"><figure class=\"wp-block-media-text__media\"><img loading=\"lazy\" decoding=\"async\" width=\"200\" height=\"199\" src=\"https:\/\/multimedia.uned.ac.cr\/ecsh\/viii-encuentrodhts\/wp-content\/uploads\/sites\/37\/2023\/10\/Imagenes-especialistas-4.png\" alt=\"\" class=\"wp-image-280 size-full\" srcset=\"https:\/\/multimedia.uned.ac.cr\/ecsh\/viii-encuentrodhts\/wp-content\/uploads\/sites\/37\/2023\/10\/Imagenes-especialistas-4.png 200w, https:\/\/multimedia.uned.ac.cr\/ecsh\/viii-encuentrodhts\/wp-content\/uploads\/sites\/37\/2023\/10\/Imagenes-especialistas-4-150x150.png 150w\" sizes=\"auto, (min-width: 900px) 600px, 900px\" \/><\/figure><div class=\"wp-block-media-text__content\">\n<p><strong>M\u00e1ster Stephanie Mory Villase\u00f1or<\/strong><\/p>\n\n\n\n<p>SINAC, Costa Rica<\/p>\n<\/div><\/div>\n<\/div>\n\n\n\n<div class=\"wp-block-column is-layout-flow wp-block-column-is-layout-flow\">\n<div class=\"wp-block-media-text alignwide is-stacked-on-mobile\"><figure class=\"wp-block-media-text__media\"><img loading=\"lazy\" decoding=\"async\" width=\"200\" height=\"199\" src=\"https:\/\/multimedia.uned.ac.cr\/ecsh\/viii-encuentrodhts\/wp-content\/uploads\/sites\/37\/2023\/08\/Imagenes-especialistas-3.png\" alt=\"\" class=\"wp-image-110 size-full\" srcset=\"https:\/\/multimedia.uned.ac.cr\/ecsh\/viii-encuentrodhts\/wp-content\/uploads\/sites\/37\/2023\/08\/Imagenes-especialistas-3.png 200w, https:\/\/multimedia.uned.ac.cr\/ecsh\/viii-encuentrodhts\/wp-content\/uploads\/sites\/37\/2023\/08\/Imagenes-especialistas-3-150x150.png 150w\" sizes=\"auto, (min-width: 900px) 600px, 900px\" \/><\/figure><div class=\"wp-block-media-text__content\">\n<p><strong>Ing. \u00c1ngel Custodio Lazo \u00c1lvarez<\/strong><\/p>\n\n\n\n<p>Coorporaci\u00f3n Nacional Forestal,  Chile y REDPARQUES, Am\u00e9rica Latina<\/p>\n<\/div><\/div>\n<\/div>\n<\/div>\n\n\n\n<hr class=\"wp-block-separator has-alpha-channel-opacity\"\/>\n\n\n<div class=\"wp-block-image\">\n<figure class=\"aligncenter size-large\"><img loading=\"lazy\" decoding=\"async\" width=\"1024\" height=\"1024\" src=\"https:\/\/multimedia.uned.ac.cr\/ecsh\/viii-encuentrodhts\/wp-content\/uploads\/sites\/37\/2023\/08\/Afiche_Cuadrado_Digital-1024x1024.png\" alt=\"\" class=\"wp-image-82\" srcset=\"https:\/\/multimedia.uned.ac.cr\/ecsh\/viii-encuentrodhts\/wp-content\/uploads\/sites\/37\/2023\/08\/Afiche_Cuadrado_Digital-1024x1024.png 1024w, https:\/\/multimedia.uned.ac.cr\/ecsh\/viii-encuentrodhts\/wp-content\/uploads\/sites\/37\/2023\/08\/Afiche_Cuadrado_Digital-300x300.png 300w, https:\/\/multimedia.uned.ac.cr\/ecsh\/viii-encuentrodhts\/wp-content\/uploads\/sites\/37\/2023\/08\/Afiche_Cuadrado_Digital-150x150.png 150w, https:\/\/multimedia.uned.ac.cr\/ecsh\/viii-encuentrodhts\/wp-content\/uploads\/sites\/37\/2023\/08\/Afiche_Cuadrado_Digital-768x768.png 768w, https:\/\/multimedia.uned.ac.cr\/ecsh\/viii-encuentrodhts\/wp-content\/uploads\/sites\/37\/2023\/08\/Afiche_Cuadrado_Digital-1536x1536.png 1536w, https:\/\/multimedia.uned.ac.cr\/ecsh\/viii-encuentrodhts\/wp-content\/uploads\/sites\/37\/2023\/08\/Afiche_Cuadrado_Digital.png 1584w\" sizes=\"auto, (min-width: 900px) 600px, 900px\" \/><\/figure>\n<\/div>","protected":false},"excerpt":{"rendered":"<p>Durante el mi\u00e9rcoles 11 y jueves 12 de octubre se llevar\u00e1 a cabo el VIII Encuentro de Desarrollo Humano y Turismo Sostenible, el cual para su emisi\u00f3n del a\u00f1o 2023 se centrar\u00e1 en la tem\u00e1tica Turismo e inversiones verdes.&nbsp;&nbsp;Esta actividad se transmitir\u00e1 en vivo a trav\u00e9s del canal de Facebook de la Escuela de Ciencias Sociales y Humanidades y el canal de YouTube de Audiovisuales de la UNED. A partir del conocimiento de especialistas se valorar\u00e1 la importancia de las inversiones verdes en el sector tur\u00edstico nacional e internacional como elemento de cumplimiento de los Objetivos del Desarrollo Sostenible, planteados\u2026<\/p>\n","protected":false},"author":135,"featured_media":0,"parent":0,"menu_order":0,"comment_status":"closed","ping_status":"closed","template":"page-full-width.php","meta":{"_acf_changed":false,"_monsterinsights_skip_tracking":false,"_monsterinsights_sitenote_active":false,"_monsterinsights_sitenote_note":"","_monsterinsights_sitenote_category":0,"_coblocks_attr":"","_coblocks_dimensions":"","_coblocks_responsive_height":"","_coblocks_accordion_ie_support":"","footnotes":""},"class_list":["post-2","page","type-page","status-publish","hentry"],"acf":[],"_links":{"self":[{"href":"https:\/\/multimedia.uned.ac.cr\/ecsh\/viii-encuentrodhts\/wp-json\/wp\/v2\/pages\/2","targetHints":{"allow":["GET"]}}],"collection":[{"href":"https:\/\/multimedia.uned.ac.cr\/ecsh\/viii-encuentrodhts\/wp-json\/wp\/v2\/pages"}],"about":[{"href":"https:\/\/multimedia.uned.ac.cr\/ecsh\/viii-encuentrodhts\/wp-json\/wp\/v2\/types\/page"}],"author":[{"embeddable":true,"href":"https:\/\/multimedia.uned.ac.cr\/ecsh\/viii-encuentrodhts\/wp-json\/wp\/v2\/users\/135"}],"replies":[{"embeddable":true,"href":"https:\/\/multimedia.uned.ac.cr\/ecsh\/viii-encuentrodhts\/wp-json\/wp\/v2\/comments?post=2"}],"version-history":[{"count":39,"href":"https:\/\/multimedia.uned.ac.cr\/ecsh\/viii-encuentrodhts\/wp-json\/wp\/v2\/pages\/2\/revisions"}],"predecessor-version":[{"id":391,"href":"https:\/\/multimedia.uned.ac.cr\/ecsh\/viii-encuentrodhts\/wp-json\/wp\/v2\/pages\/2\/revisions\/391"}],"wp:attachment":[{"href":"https:\/\/multimedia.uned.ac.cr\/ecsh\/viii-encuentrodhts\/wp-json\/wp\/v2\/media?parent=2"}],"curies":[{"name":"wp","href":"https:\/\/api.w.org\/{rel}","templated":true}]}}