{"id":11,"date":"2024-06-17T16:54:14","date_gmt":"2024-06-17T16:54:14","guid":{"rendered":"https:\/\/multimedia.uned.ac.cr\/ecsh\/ix-encuentrodhts\/?page_id=11"},"modified":"2024-09-25T15:15:26","modified_gmt":"2024-09-25T15:15:26","slug":"agenda-academica","status":"publish","type":"page","link":"https:\/\/multimedia.uned.ac.cr\/ecsh\/ix-encuentrodhts\/agenda-academica\/","title":{"rendered":"Agenda acad\u00e9mica"},"content":{"rendered":"\n<p>A continuaci\u00f3n se detalla la agenda acad\u00e9mica que se desarrollar\u00e1 el 27 de setiembre en la Universidad para la Paz<\/p>\n\n\n\n<figure class=\"wp-block-table\"><table><thead><tr><th>Hora<\/th><th>Actividad<\/th><\/tr><\/thead><tbody><tr><td>8:30 a.m. <\/td><td><strong>Acto de inauguraci\u00f3n<\/strong><\/td><\/tr><tr><td>9:00 a.m. <\/td><td><strong>Conferencia Magistral: Turismo y Paz<\/strong><br>Especialista: Doctor Francisco Rojas Aravena. Rector de la Universidad para la Paz. <br>Moderadora: M\u00e1ster Ileana Garita Gonz\u00e1lez. Encargada de la Carrera de Gesti\u00f3n Tur\u00edstica Sostenible y Gesti\u00f3n y Gerencia del Turismo Sostenible de la ECSH-UNED.<\/td><\/tr><tr><td>9:35 a.m. <\/td><td><strong>Conversatorio: Experiencias de Colombia para el fortalecimiento del turismo a ra\u00edz de los acuerdos de paz<\/strong><br>Especialistas: <br>Doctor Carlos Rodr\u00edguez Mej\u00eda. Embajador de Colombia en Costa Rica. <br>Master Ana Mar\u00eda D\u00edaz Toro. Asesora de Derechos Humanos, Embajada de Colombia en Costa Rica. <br>Moderadora: M\u00e1ster Susan Sol\u00eds Rosales. Encargada de la C\u00e1tedra de Turismo Sostenible de la ECSH-UNED.<\/td><\/tr><tr><td>10:20 a.m. <\/td><td><strong>Conferencia magistral: Experiencias de Desarrollo Tur\u00edstico en Nicaragua <\/strong><br>Especialistas: Doctora Shantanny Anasha Campbell. Codirectora de Instituto Nicarag\u00fcense de Turismo, INTUR.<br>Moderadora: M\u00e1ster Yorleny Fontana Coto, Encargada de la C\u00e1tedra de Emprendedurismo Tur\u00edstico. &nbsp;ECSH-UNED.<\/td><\/tr><tr><td>10:55 a.m.<\/td><td><strong>Conferencia Magistral:<\/strong> Localizando el turismo: sistemas alimentarios y econom\u00edas sociales solidarias<br>Especialista: Mary Elizabeth Little. Universidad para la Paz.<br>Moderador: Doctor Jan Breitling, Universidad para la Paz.<\/td><\/tr><tr><td>11:25 a.m. <\/td><td><strong>Conferencia Magistral:<\/strong> Posicionamiento de la actividad tur\u00edstica en El Salvador<br>Especialistas: <br>M\u00e1ster Oscar Armando Toledo Soriano. Embajador de El Salvador en Costa Rica.<br>M\u00e1ster Alejandra Dur\u00e1n de Cristales. Directora y Presidente de la Corporaci\u00f3n Salvadore\u00f1a de Turismo.<br>Moderadora: M\u00e1ster Ileana Garita Gonz\u00e1lez. Encargada de la Carrera de Gesti\u00f3n Tur\u00edstica Sostenible y Gesti\u00f3n y Gerencia del Turismo Sostenible de la ECSH-UNED.<\/td><\/tr><tr><td>12:15 p.m.<\/td><td><strong>Almuerzo<\/strong><\/td><\/tr><tr><td>1:15 p.m. <\/td><td><strong>Conversatorio<\/strong>: Entornos seguros para el turismo<br>Especialistas: <br>Doctor Mario Zamora Cordero. Ministro&nbsp;de Gobernaci\u00f3n, Polic\u00eda y Seguridad P\u00fablica&nbsp;&nbsp;<br>Comisionado Kattia Chavarr\u00eda Valverde. Directora Nacional&nbsp;de la Polic\u00eda Tur\u00edstica&nbsp;&nbsp;<br>Moderadora: M\u00e1ster Karen Jim\u00e9nez Morales. Encargada de la Carrera de Ciencias Policiales ECSH-UNED.<\/td><\/tr><tr><td>2:00 p.m.<\/td><td><strong>Conferencia magistral: Turismo y paz como elemento de articulaci\u00f3n<\/strong><br>Especialista:<strong> <\/strong>Lic. Roberto Arce. Instituto Costarricense de Turismo<br>Moderador: M\u00e1ster Ana Navarro Mu\u00f1oz. Profesora de Trabajos Finales de Graduaci\u00f3n de la carrera ECSH-UNED.<\/td><\/tr><tr><td>2:35 p.m.<\/td><td><strong>Conversatorio Acad\u00e9mico: Turismo y vinculaci\u00f3n con las comunidades<\/strong><br>Especialistas:<br>Doctor Francisco Javier Mojica Mendieta. Docente e Investigador Instituto Tecnol\u00f3gico de Costa Rica.<br>Doctor Juan Carlos Pic\u00f3n Cruz. Docente e investigador. Universidad Nacional de Costa Rica.<br>M\u00e1ster Yorlenny Fontana Coto. Encargada de C\u00e1tedra de Emprendimiento Tur\u00edstico ECSH-UNED.<br>Moderadora: Georgia Clare Atkin. Tutora de la C\u00e1tedra de Turismo Sostenible.<\/td><\/tr><tr><td>3:35 p.m.<\/td><td><strong>Acto cultural de cierre <\/strong><\/td><\/tr><tr><td>3:50 p.m.<\/td><td><strong>Mensajes del d\u00eda del Turismo<\/strong><\/td><\/tr><tr><td>4:00 p.m. <\/td><td><strong>Acto de clausura<\/strong><\/td><\/tr><\/tbody><\/table><\/figure>\n","protected":false},"excerpt":{"rendered":"<p>A continuaci\u00f3n se detalla la agenda acad\u00e9mica que se desarrollar\u00e1 el 27 de setiembre en la Universidad para la Paz Hora Actividad 8:30 a.m. Acto de inauguraci\u00f3n 9:00 a.m. Conferencia Magistral: Turismo y PazEspecialista: Doctor Francisco Rojas Aravena. Rector de la Universidad para la Paz. Moderadora: M\u00e1ster Ileana Garita Gonz\u00e1lez. Encargada de la Carrera de Gesti\u00f3n Tur\u00edstica Sostenible y Gesti\u00f3n y Gerencia del Turismo Sostenible de la ECSH-UNED. 9:35 a.m. Conversatorio: Experiencias de Colombia para el fortalecimiento del turismo a ra\u00edz de los acuerdos de pazEspecialistas: Doctor Carlos Rodr\u00edguez Mej\u00eda. Embajador de Colombia en Costa Rica. Master Ana Mar\u00eda D\u00edaz\u2026<\/p>\n","protected":false},"author":2,"featured_media":0,"parent":0,"menu_order":0,"comment_status":"closed","ping_status":"closed","template":"page-full-width.php","meta":{"_acf_changed":false,"_monsterinsights_skip_tracking":false,"_monsterinsights_sitenote_active":false,"_monsterinsights_sitenote_note":"","_monsterinsights_sitenote_category":0,"footnotes":""},"class_list":["post-11","page","type-page","status-publish","hentry"],"acf":[],"_links":{"self":[{"href":"https:\/\/multimedia.uned.ac.cr\/ecsh\/ix-encuentrodhts\/wp-json\/wp\/v2\/pages\/11","targetHints":{"allow":["GET"]}}],"collection":[{"href":"https:\/\/multimedia.uned.ac.cr\/ecsh\/ix-encuentrodhts\/wp-json\/wp\/v2\/pages"}],"about":[{"href":"https:\/\/multimedia.uned.ac.cr\/ecsh\/ix-encuentrodhts\/wp-json\/wp\/v2\/types\/page"}],"author":[{"embeddable":true,"href":"https:\/\/multimedia.uned.ac.cr\/ecsh\/ix-encuentrodhts\/wp-json\/wp\/v2\/users\/2"}],"replies":[{"embeddable":true,"href":"https:\/\/multimedia.uned.ac.cr\/ecsh\/ix-encuentrodhts\/wp-json\/wp\/v2\/comments?post=11"}],"version-history":[{"count":16,"href":"https:\/\/multimedia.uned.ac.cr\/ecsh\/ix-encuentrodhts\/wp-json\/wp\/v2\/pages\/11\/revisions"}],"predecessor-version":[{"id":150,"href":"https:\/\/multimedia.uned.ac.cr\/ecsh\/ix-encuentrodhts\/wp-json\/wp\/v2\/pages\/11\/revisions\/150"}],"wp:attachment":[{"href":"https:\/\/multimedia.uned.ac.cr\/ecsh\/ix-encuentrodhts\/wp-json\/wp\/v2\/media?parent=11"}],"curies":[{"name":"wp","href":"https:\/\/api.w.org\/{rel}","templated":true}]}}