{"id":16,"date":"2021-09-23T09:08:11","date_gmt":"2021-09-23T15:08:11","guid":{"rendered":"https:\/\/multimedia.uned.ac.cr\/ecen\/sap-matematica-2021\/?page_id=16"},"modified":"2022-09-07T22:06:15","modified_gmt":"2022-09-07T22:06:15","slug":"programa","status":"publish","type":"page","link":"https:\/\/multimedia.uned.ac.cr\/ecen\/sap-matematica-2022\/programa\/","title":{"rendered":"Programa"},"content":{"rendered":"\n<div class=\"wp-block-columns is-layout-flex wp-container-core-columns-is-layout-9d6595d7 wp-block-columns-is-layout-flex\">\n<div class=\"wp-block-column is-layout-flow wp-block-column-is-layout-flow\" style=\"flex-basis:100%\">\n<div class=\"wp-block-columns is-layout-flex wp-container-core-columns-is-layout-9d6595d7 wp-block-columns-is-layout-flex\">\n<div class=\"wp-block-column is-layout-flow wp-block-column-is-layout-flow\" style=\"flex-basis:100%\">\n<div class=\"wp-block-columns is-layout-flex wp-container-core-columns-is-layout-9d6595d7 wp-block-columns-is-layout-flex\">\n<div class=\"wp-block-column is-layout-flow wp-block-column-is-layout-flow\" style=\"flex-basis:100%\">\n<div class=\"wp-block-columns is-layout-flex wp-container-core-columns-is-layout-9d6595d7 wp-block-columns-is-layout-flex\">\n<div class=\"wp-block-column is-layout-flow wp-block-column-is-layout-flow\" style=\"flex-basis:100%\">\n<div class=\"wp-block-group\"><div class=\"wp-block-group__inner-container is-layout-flow wp-block-group-is-layout-flow\">\n<div class=\"wp-block-group\"><div class=\"wp-block-group__inner-container is-layout-flow wp-block-group-is-layout-flow\">\n<div class=\"wp-block-columns is-layout-flex wp-container-core-columns-is-layout-9d6595d7 wp-block-columns-is-layout-flex\">\n<div class=\"wp-block-column is-layout-flow wp-block-column-is-layout-flow\" style=\"flex-basis:100%\">\n<div class=\"wp-block-group\"><div class=\"wp-block-group__inner-container is-layout-flow wp-block-group-is-layout-flow\">\n<div class=\"wp-block-columns is-layout-flex wp-container-core-columns-is-layout-9d6595d7 wp-block-columns-is-layout-flex\">\n<div class=\"wp-block-column is-layout-flow wp-block-column-is-layout-flow\" style=\"flex-basis:100%\"><\/div>\n<\/div>\n<\/div><\/div>\n<\/div>\n<\/div>\n<\/div><\/div>\n<\/div><\/div>\n\n\n\n<div class=\"wp-block-group\"><div class=\"wp-block-group__inner-container is-layout-flow wp-block-group-is-layout-flow\">\n<div class=\"wp-block-coblocks-accordion\">\n<div class=\"wp-block-coblocks-accordion-item\"><details><summary class=\"wp-block-coblocks-accordion-item__title\">Martes 20 de septiembre de 2022.<\/summary><div class=\"wp-block-coblocks-accordion-item__content\">\n<div class=\"wp-block-columns is-layout-flex wp-container-core-columns-is-layout-9d6595d7 wp-block-columns-is-layout-flex\">\n<div class=\"wp-block-column is-layout-flow wp-block-column-is-layout-flow\" style=\"flex-basis:100%\">\n<p><\/p>\n<\/div>\n<\/div>\n\n\n\n<div class=\"wp-block-group\"><div class=\"wp-block-group__inner-container is-layout-flow wp-block-group-is-layout-flow\">\n<figure class=\"wp-block-table aligncenter is-style-regular\"><table class=\"has-background\" style=\"background-color:#e7f5fe\"><thead><tr><th class=\"has-text-align-left\" data-align=\"left\">Hora                                        <\/th><th>Actividad<\/th><th>Expositor<\/th><\/tr><\/thead><tbody><tr><td class=\"has-text-align-left\" data-align=\"left\">4:30 p.m. a 5:00 p.m.<\/td><td>Inauguraci\u00f3n y detalles del seminario.<\/td><td>Comit\u00e9 organizador.<\/td><\/tr><tr><td class=\"has-text-align-left\" data-align=\"left\">5:00 p.m. a 5:55 p.m.<\/td><td>Charla:<br>Estrategias docentes para ampliar la imagen conceptual de estudiantes de secundaria.<\/td><td><br>M\u00e1ster Luis Fernando Ram\u00edrez Oviedo y M\u00e1ster Emmanuel Chaves Villalobos<\/td><\/tr><tr><td class=\"has-text-align-left\" data-align=\"left\">6:00 p.m. a 6:55 p.m.<\/td><td>Charla:<br><em>Etnomatem\u00e1tica:<br>un camino hacia la descolonizaci\u00f3n del conocimiento.<\/em><\/td><td><br>Doctoranda Ana Patricia V\u00e1squez Hern\u00e1ndez.<\/td><\/tr><tr><td class=\"has-text-align-left\" data-align=\"left\">7:00 p.m. a 8:30 p.m.<\/td><td>Taller asincr\u00f3nico 1: <br><em>Tratamiento de la forma en GeoGebra.<\/em><br><br><br>Taller asincr\u00f3nico 2: <br><em>Taller de estad\u00edstica y probabilidad implementando el software GeoGebra.<\/em><\/td><td><br>Licenciado Byron Andrey Solano Herrera.<br><br><br><br>M.Ed. Hern\u00e1n V\u00edquez C\u00e9spedes.<br><\/td><\/tr><\/tbody><\/table><\/figure>\n<\/div><\/div>\n<\/div><\/details><\/div>\n\n\n\n<div class=\"wp-block-coblocks-accordion-item\"><details><summary class=\"wp-block-coblocks-accordion-item__title\">Viernes 23 de septiembre de 2022.<\/summary><div class=\"wp-block-coblocks-accordion-item__content\">\n<div class=\"wp-block-columns is-layout-flex wp-container-core-columns-is-layout-9d6595d7 wp-block-columns-is-layout-flex\">\n<div class=\"wp-block-column is-layout-flow wp-block-column-is-layout-flow\" style=\"flex-basis:100%\">\n<p><\/p>\n<\/div>\n<\/div>\n\n\n\n<div class=\"wp-block-group\"><div class=\"wp-block-group__inner-container is-layout-flow wp-block-group-is-layout-flow\">\n<figure class=\"wp-block-table aligncenter is-style-regular\"><table class=\"has-background\" style=\"background-color:#e7f5fe\"><thead><tr><th class=\"has-text-align-left\" data-align=\"left\">Hora                                        <\/th><th>Actividad<\/th><th>Expositor<\/th><\/tr><\/thead><tbody><tr><td class=\"has-text-align-left\" data-align=\"left\">5:00 p.m. a 5:55 p.m.<\/td><td>Charla:<br><em>Ideas para aventurarse en la creaci\u00f3n de problemas matem\u00e1ticos.&nbsp;<\/em><\/td><td><br>Magister Alejandra S\u00e1nchez \u00c1vila.&nbsp;<\/td><\/tr><tr><td class=\"has-text-align-left\" data-align=\"left\">6:00 p.m. a 6:55 p.m.<\/td><td>Charla:<br><em>Ansiedad ante la ense\u00f1anza de la matem\u00e1tica en estudiantes de educaci\u00f3n primaria<\/em><\/td><td><br>Doctora Islande Delgado Monge.<\/td><\/tr><tr><td class=\"has-text-align-left\" data-align=\"left\">7:00 p.m. a 9:30 p.m.<\/td><td><strong><em>Continuaci\u00f3n y cierre de los talleres asincr\u00f3nicos<\/em><\/strong><br>Taller asincr\u00f3nico 1: <br><em>Tratamiento de la forma en GeoGebra.<\/em><br><br><br>Taller asincr\u00f3nico 2: <br><em>Taller de estad\u00edstica y probabilidad implementando el software GeoGebra.<\/em><\/td><td><br>Licenciado Byron Andrey Solano Herrera.<br><br><br><br><br>M.Ed. Hern\u00e1n V\u00edquez C\u00e9spedes.<\/td><\/tr><\/tbody><\/table><\/figure>\n<\/div><\/div>\n<\/div><\/details><\/div>\n\n\n\n<div class=\"wp-block-coblocks-accordion-item\"><details><summary class=\"wp-block-coblocks-accordion-item__title\">S\u00e1bado 24 de septiembre de 2022.<\/summary><div class=\"wp-block-coblocks-accordion-item__content\">\n<div class=\"wp-block-columns is-layout-flex wp-container-core-columns-is-layout-9d6595d7 wp-block-columns-is-layout-flex\">\n<div class=\"wp-block-column is-layout-flow wp-block-column-is-layout-flow\" style=\"flex-basis:100%\">\n<p><\/p>\n<\/div>\n<\/div>\n\n\n\n<div class=\"wp-block-group\"><div class=\"wp-block-group__inner-container is-layout-flow wp-block-group-is-layout-flow\">\n<figure class=\"wp-block-table aligncenter is-style-regular\"><table class=\"has-background\" style=\"background-color:#e7f5fe\"><thead><tr><th class=\"has-text-align-left\" data-align=\"left\">Hora                                        <\/th><th>Actividad<\/th><th>Expositor<\/th><\/tr><\/thead><tbody><tr><td class=\"has-text-align-left\" data-align=\"left\">8:00 a.m. a 8:30 a.m.<\/td><td>&nbsp;Revisi\u00f3n de inscripci\u00f3n de talleres presenciales<\/td><td>Comit\u00e9 organizador<\/td><\/tr><tr><td class=\"has-text-align-left\" data-align=\"left\">8:30 a.m. a 10:00 a.m.<\/td><td>Plenaria: <br>\u00bfC\u00f3mo integran las profesoras la tecnolog\u00eda en la clase de matem\u00e1ticas?<\/td><td><br>Dra. Mar\u00eda Guadalupe Sim\u00f3n Ramos<br><\/td><\/tr><tr><td class=\"has-text-align-left\" data-align=\"left\">10:00 a.m. a 12:00 p.m.<\/td><td>Taller presencial bloque 1:<br>1. <em>De Vieta a Po-Shen Loh<\/em>.<br><br><br>Taller presencial bloque 1:<br>2. <em>An\u00e1lisis did\u00e1ctico de tareas probabil\u00edsticas<\/em>.<br><\/td><td><br>Magister Allan Gen Palma<br><br><br><br>M.Ed. Luis Armando Hern\u00e1ndez Sol\u00eds<\/td><\/tr><tr><td class=\"has-text-align-left\" data-align=\"left\">1:00 p.m. a 3:00 p.m.<\/td><td>Taller presencial bloque 2:<br>1. Resoluci\u00f3n de problemas de olimpiadas en el tema de \u00e1lgebra para docentes de secundaria.<br><br><br>Taller presencial bloque 2:<br>2. Estrategia did\u00e1ctica para el reforzamiento de los conceptos b\u00e1sicos de funciones.<\/td><td><br>M\u00e1ster Emmanuel Chaves Villalobos y M\u00e1ster Luis Fernando Ram\u00edrez Oviedo. <br><br><br>M\u00e1ster Cristian Quesada Fern\u00e1ndez y M\u00e1ster Eric Padilla Mora.<\/td><\/tr><tr><td class=\"has-text-align-left\" data-align=\"left\">3:00 p.m. a 3:30 p.m<\/td><td>Acto de cierre<\/td><td>Comit\u00e9 organizador.<\/td><\/tr><\/tbody><\/table><\/figure>\n<\/div><\/div>\n<\/div><\/details><\/div>\n<\/div>\n<\/div><\/div>\n<\/div>\n<\/div>\n<\/div>\n<\/div>\n<\/div>\n<\/div>\n\n\n\n<div class=\"wp-block-columns is-layout-flex wp-container-core-columns-is-layout-9d6595d7 wp-block-columns-is-layout-flex\">\n<div class=\"wp-block-column is-layout-flow wp-block-column-is-layout-flow\" style=\"flex-basis:100%\">\n<div class=\"wp-block-group\"><div class=\"wp-block-group__inner-container is-layout-flow wp-block-group-is-layout-flow\">\n<div class=\"wp-block-group\"><div class=\"wp-block-group__inner-container is-layout-flow wp-block-group-is-layout-flow\">\n<div class=\"wp-block-group\"><div class=\"wp-block-group__inner-container is-layout-flow wp-block-group-is-layout-flow\">\n<div class=\"wp-block-columns is-layout-flex wp-container-core-columns-is-layout-9d6595d7 wp-block-columns-is-layout-flex\">\n<div class=\"wp-block-column is-layout-flow wp-block-column-is-layout-flow\" style=\"flex-basis:100%\">\n<div class=\"wp-block-group\"><div class=\"wp-block-group__inner-container is-layout-flow wp-block-group-is-layout-flow\">\n<div class=\"wp-block-group\"><div class=\"wp-block-group__inner-container is-layout-flow wp-block-group-is-layout-flow\">\n<div class=\"wp-block-columns is-layout-flex wp-container-core-columns-is-layout-9d6595d7 wp-block-columns-is-layout-flex\">\n<div class=\"wp-block-column is-layout-flow wp-block-column-is-layout-flow\" style=\"flex-basis:100%\">\n<div class=\"wp-block-group\"><div class=\"wp-block-group__inner-container is-layout-flow wp-block-group-is-layout-flow\">\n<div class=\"wp-block-columns is-layout-flex wp-container-core-columns-is-layout-9d6595d7 wp-block-columns-is-layout-flex\">\n<div class=\"wp-block-column is-layout-flow wp-block-column-is-layout-flow\" style=\"flex-basis:100%\"><\/div>\n<\/div>\n<\/div><\/div>\n<\/div>\n<\/div>\n<\/div><\/div>\n<\/div><\/div>\n<\/div>\n<\/div>\n<\/div><\/div>\n<\/div><\/div>\n<\/div><\/div>\n<\/div>\n<\/div>\n<\/div>\n<\/div>\n","protected":false},"excerpt":{"rendered":"","protected":false},"author":351,"featured_media":0,"parent":0,"menu_order":0,"comment_status":"closed","ping_status":"closed","template":"page-full-width.php","meta":{"_acf_changed":false,"_monsterinsights_skip_tracking":false,"_monsterinsights_sitenote_active":false,"_monsterinsights_sitenote_note":"","_monsterinsights_sitenote_category":0,"_coblocks_attr":"","_coblocks_dimensions":"","_coblocks_responsive_height":"","_coblocks_accordion_ie_support":"","footnotes":""},"class_list":["post-16","page","type-page","status-publish","hentry"],"acf":[],"_links":{"self":[{"href":"https:\/\/multimedia.uned.ac.cr\/ecen\/sap-matematica-2022\/wp-json\/wp\/v2\/pages\/16","targetHints":{"allow":["GET"]}}],"collection":[{"href":"https:\/\/multimedia.uned.ac.cr\/ecen\/sap-matematica-2022\/wp-json\/wp\/v2\/pages"}],"about":[{"href":"https:\/\/multimedia.uned.ac.cr\/ecen\/sap-matematica-2022\/wp-json\/wp\/v2\/types\/page"}],"author":[{"embeddable":true,"href":"https:\/\/multimedia.uned.ac.cr\/ecen\/sap-matematica-2022\/wp-json\/wp\/v2\/users\/351"}],"replies":[{"embeddable":true,"href":"https:\/\/multimedia.uned.ac.cr\/ecen\/sap-matematica-2022\/wp-json\/wp\/v2\/comments?post=16"}],"version-history":[{"count":22,"href":"https:\/\/multimedia.uned.ac.cr\/ecen\/sap-matematica-2022\/wp-json\/wp\/v2\/pages\/16\/revisions"}],"predecessor-version":[{"id":640,"href":"https:\/\/multimedia.uned.ac.cr\/ecen\/sap-matematica-2022\/wp-json\/wp\/v2\/pages\/16\/revisions\/640"}],"wp:attachment":[{"href":"https:\/\/multimedia.uned.ac.cr\/ecen\/sap-matematica-2022\/wp-json\/wp\/v2\/media?parent=16"}],"curies":[{"name":"wp","href":"https:\/\/api.w.org\/{rel}","templated":true}]}}