{"id":16,"date":"2021-09-23T09:08:11","date_gmt":"2021-09-23T15:08:11","guid":{"rendered":"https:\/\/multimedia.uned.ac.cr\/ecen\/sap-matematica-2021\/?page_id=16"},"modified":"2021-11-01T15:43:22","modified_gmt":"2021-11-01T21:43:22","slug":"programa","status":"publish","type":"page","link":"https:\/\/multimedia.uned.ac.cr\/ecen\/sap-matematica-2021\/programa\/","title":{"rendered":"Programa"},"content":{"rendered":"\n<div class=\"wp-block-columns is-layout-flex wp-container-core-columns-is-layout-9d6595d7 wp-block-columns-is-layout-flex\">\n<div class=\"wp-block-column is-layout-flow wp-block-column-is-layout-flow\" style=\"flex-basis:100%\">\n<div class=\"wp-block-columns is-layout-flex wp-container-core-columns-is-layout-9d6595d7 wp-block-columns-is-layout-flex\">\n<div class=\"wp-block-column is-layout-flow wp-block-column-is-layout-flow\" style=\"flex-basis:100%\">\n<div class=\"wp-block-columns is-layout-flex wp-container-core-columns-is-layout-9d6595d7 wp-block-columns-is-layout-flex\">\n<div class=\"wp-block-column is-layout-flow wp-block-column-is-layout-flow\" style=\"flex-basis:100%\">\n<div class=\"wp-block-columns is-layout-flex wp-container-core-columns-is-layout-9d6595d7 wp-block-columns-is-layout-flex\">\n<div class=\"wp-block-column is-layout-flow wp-block-column-is-layout-flow\" style=\"flex-basis:100%\">\n<div class=\"wp-block-group\"><div class=\"wp-block-group__inner-container is-layout-flow wp-block-group-is-layout-flow\">\n<div class=\"wp-block-group\"><div class=\"wp-block-group__inner-container is-layout-flow wp-block-group-is-layout-flow\">\n<div class=\"wp-block-columns is-layout-flex wp-container-core-columns-is-layout-9d6595d7 wp-block-columns-is-layout-flex\">\n<div class=\"wp-block-column is-layout-flow wp-block-column-is-layout-flow\" style=\"flex-basis:100%\">\n<div class=\"wp-block-group\"><div class=\"wp-block-group__inner-container is-layout-flow wp-block-group-is-layout-flow\">\n<div class=\"wp-block-columns is-layout-flex wp-container-core-columns-is-layout-9d6595d7 wp-block-columns-is-layout-flex\">\n<div class=\"wp-block-column is-layout-flow wp-block-column-is-layout-flow\" style=\"flex-basis:100%\"><\/div>\n<\/div>\n<\/div><\/div>\n<\/div>\n<\/div>\n<\/div><\/div>\n<\/div><\/div>\n\n\n\n<div class=\"wp-block-group\"><div class=\"wp-block-group__inner-container is-layout-flow wp-block-group-is-layout-flow\">\n<div class=\"wp-block-coblocks-accordion\">\n<div class=\"wp-block-coblocks-accordion-item\"><details><summary class=\"wp-block-coblocks-accordion-item__title\">Lunes 01 de noviembre de 2021.<\/summary><div class=\"wp-block-coblocks-accordion-item__content\" tabindex=\"0\">\n<div class=\"wp-block-columns is-layout-flex wp-container-core-columns-is-layout-9d6595d7 wp-block-columns-is-layout-flex\">\n<div class=\"wp-block-column is-layout-flow wp-block-column-is-layout-flow\" style=\"flex-basis:100%\">\n<p><\/p>\n<\/div>\n<\/div>\n\n\n\n<div class=\"wp-block-group\"><div class=\"wp-block-group__inner-container is-layout-flow wp-block-group-is-layout-flow\">\n<figure class=\"wp-block-table aligncenter is-style-regular\"><table class=\"has-background\" style=\"background-color:#e7f5fe\"><thead><tr><th class=\"has-text-align-left\" data-align=\"left\">Hora                                        <\/th><th>Actividad<\/th><th>Expositor<\/th><\/tr><\/thead><tbody><tr><td class=\"has-text-align-left\" data-align=\"left\">5:20 p.m. a 5:30 p.m.<\/td><td>Inauguraci\u00f3n y detalles del seminario.<\/td><td>Comit\u00e9 organizador.<\/td><\/tr><tr><td class=\"has-text-align-left\" data-align=\"left\">5:30 p.m. a 7:00 p.m.<\/td><td>Conferencia plenaria :<br><em>Datos e incertidumbre: entorno com\u00fan del ciudadano actual<\/em>.<\/td><td>M.Sc. Luis Armando Hern\u00e1ndez Sol\u00eds.<br><strong><a rel=\"noreferrer noopener\" href=\"https:\/\/uned-ac-cr.zoom.us\/j\/4491106549\" data-type=\"URL\" data-id=\"https:\/\/uned-ac-cr.zoom.us\/j\/4491106549\" target=\"_blank\">Ingresar<\/a><\/strong><\/td><\/tr><tr><td class=\"has-text-align-left\" data-align=\"left\">7:00 p.m. a 9:00 p.m.<\/td><td>Taller asincr\u00f3nico 1: <br><em>Introducci\u00f3n al software R<\/em>.<br><br>Taller asincr\u00f3nico 2: <br><em>Uso del software GeoGebra para el c\u00e1lculo del \u00e1rea de una regi\u00f3n del plano y <\/em><br><em>el volumen de un s\u00f3lido de revoluci\u00f3n<\/em>.<br><br>Taller asincr\u00f3nico 3: <br><em>Teor\u00eda de n\u00fameros para olimpiadas.<\/em><\/td><td>Prof. Luis Andr\u00e9s Ortiz Hern\u00e1ndez.<br><br><br>M.Ed. Hern\u00e1n V\u00edquez C\u00e9spedes.<br><br><br><br>Lic. Mois\u00e9s Montero Paniagua y <br>Prof. Salom\u00f3n Hern\u00e1ndez Chaves.<\/td><\/tr><\/tbody><\/table><\/figure>\n<\/div><\/div>\n<\/div><\/details><\/div>\n\n\n\n<div class=\"wp-block-coblocks-accordion-item\"><details><summary class=\"wp-block-coblocks-accordion-item__title\">Martes 02 de noviembre de 2021.<\/summary><div class=\"wp-block-coblocks-accordion-item__content\" tabindex=\"0\">\n<div class=\"wp-block-columns is-layout-flex wp-container-core-columns-is-layout-9d6595d7 wp-block-columns-is-layout-flex\">\n<div class=\"wp-block-column is-layout-flow wp-block-column-is-layout-flow\" style=\"flex-basis:100%\">\n<p><\/p>\n<\/div>\n<\/div>\n\n\n\n<div class=\"wp-block-group\"><div class=\"wp-block-group__inner-container is-layout-flow wp-block-group-is-layout-flow\">\n<figure class=\"wp-block-table aligncenter is-style-regular\"><table class=\"has-background\" style=\"background-color:#e7f5fe\"><thead><tr><th class=\"has-text-align-left\" data-align=\"left\">Hora                                        <\/th><th>Actividad<\/th><th>Expositor<\/th><\/tr><\/thead><tbody><tr><td class=\"has-text-align-left\" data-align=\"left\">5:30 p.m. a 7:00 p.m.<\/td><td>Plenaria: <br><em>Matem\u00e1tica recreativa: consideraciones sobre su utilizaci\u00f3n en la clase de matem\u00e1tica.<\/em><\/td><td>Lic. Leonel Chaves Salas.<br><a href=\"https:\/\/uned-ac-cr.zoom.us\/j\/83851758903\" data-type=\"URL\" data-id=\"https:\/\/uned-ac-cr.zoom.us\/j\/83851758903\" target=\"_blank\" rel=\"noreferrer noopener\"><strong>Ingresar<\/strong><\/a><br><\/td><\/tr><tr><td class=\"has-text-align-left\" data-align=\"left\">7:00 p.m. a 9:00 p.m.<\/td><td>Taller sincr\u00f3nico 1:<br><em> <em>Resoluci\u00f3n de ecuaciones en una variable, diferenciaci\u00f3n e integraci\u00f3n<\/em><\/em> <em><em> num\u00e9rica en R<\/em><\/em>.<br><br>Taller sincr\u00f3nico 2: <br><em>Trigonometr\u00eda con GeoGebra<\/em>.<br><br>Taller sincr\u00f3nico 3: <br><em>Excel y CANVA como recursos para ense\u00f1ar el an\u00e1lisis y visualizaci\u00f3n de datos <\/em><br><em>en la educaci\u00f3n secundaria.<\/em><\/td><td>M.Sc. Alejandro Salas Vargas.<br><br><br>Lic. Byron Solano Herrera.<br><br><br>Licda. Roc\u00edo Mora Fallas.<\/td><\/tr><\/tbody><\/table><\/figure>\n<\/div><\/div>\n<\/div><\/details><\/div>\n\n\n\n<div class=\"wp-block-coblocks-accordion-item\"><details><summary class=\"wp-block-coblocks-accordion-item__title\">Mi\u00e9rcoles 03 de noviembre de 2021.<\/summary><div class=\"wp-block-coblocks-accordion-item__content\" tabindex=\"0\">\n<div class=\"wp-block-columns is-layout-flex wp-container-core-columns-is-layout-9d6595d7 wp-block-columns-is-layout-flex\">\n<div class=\"wp-block-column is-layout-flow wp-block-column-is-layout-flow\" style=\"flex-basis:100%\">\n<p><\/p>\n<\/div>\n<\/div>\n\n\n\n<div class=\"wp-block-group\"><div class=\"wp-block-group__inner-container is-layout-flow wp-block-group-is-layout-flow\">\n<figure class=\"wp-block-table aligncenter is-style-regular\"><table class=\"has-background\" style=\"background-color:#e7f5fe\"><thead><tr><th class=\"has-text-align-left\" data-align=\"left\">Hora                                        <\/th><th>Actividad<\/th><th>Expositor<\/th><\/tr><\/thead><tbody><tr><td class=\"has-text-align-left\" data-align=\"left\">5:00 p.m. a 6:00 p.m.<\/td><td>Charla: <br><em>Significados escolares del concepto de procentaje<\/em>.<\/td><td>M.Sc. Mery Liliannette Salinas Hern\u00e1ndez.<br><strong><a href=\"https:\/\/uned-ac-cr.zoom.us\/j\/4491106549\" data-type=\"URL\" data-id=\"https:\/\/uned-ac-cr.zoom.us\/j\/4491106549\" target=\"_blank\" rel=\"noreferrer noopener\">Ingresar<\/a><\/strong><\/td><\/tr><tr><td class=\"has-text-align-left\" data-align=\"left\">6:00 p.m. a 7:00 p.m.<\/td><td>Charla: <br><em>Desarrollo del conocimiento interpretativo en la formaci\u00f3n inicial docente: <\/em><br><em>creencias sobre la Matem\u00e1tica.<\/em><\/td><td>Dra. Jeannette Galleguillos Bustamante.<br><strong><a href=\"https:\/\/uned-ac-cr.zoom.us\/j\/4491106549\" data-type=\"URL\" data-id=\"https:\/\/uned-ac-cr.zoom.us\/j\/4491106549\" target=\"_blank\" rel=\"noreferrer noopener\">Ingresar<\/a><\/strong><\/td><\/tr><tr><td class=\"has-text-align-left\" data-align=\"left\">7:00 p.m. a 8:00 p.m.<\/td><td>Charla: <br><em>Uso inteligente y racional de las TIC en los procesos de ense\u00f1anza de las matem\u00e1ticas.<\/em><\/td><td>M.Sc. Kory Castillo Castillo.<br><strong><a href=\"https:\/\/uned-ac-cr.zoom.us\/j\/4491106549\" data-type=\"URL\" data-id=\"https:\/\/uned-ac-cr.zoom.us\/j\/4491106549\" target=\"_blank\" rel=\"noreferrer noopener\">Ingresar<\/a><\/strong><\/td><\/tr><\/tbody><\/table><\/figure>\n<\/div><\/div>\n<\/div><\/details><\/div>\n\n\n\n<div class=\"wp-block-coblocks-accordion-item\"><details><summary class=\"wp-block-coblocks-accordion-item__title\">Jueves 04 de noviembre de 2021.<\/summary><div class=\"wp-block-coblocks-accordion-item__content\" tabindex=\"0\">\n<div class=\"wp-block-columns is-layout-flex wp-container-core-columns-is-layout-9d6595d7 wp-block-columns-is-layout-flex\">\n<div class=\"wp-block-column is-layout-flow wp-block-column-is-layout-flow\" style=\"flex-basis:100%\">\n<p><\/p>\n<\/div>\n<\/div>\n\n\n\n<div class=\"wp-block-group\"><div class=\"wp-block-group__inner-container is-layout-flow wp-block-group-is-layout-flow\">\n<figure class=\"wp-block-table is-style-regular\"><table class=\"has-background\" style=\"background-color:#e7f5fe\"><thead><tr><th class=\"has-text-align-left\" data-align=\"left\">Hora                                        <\/th><th>Actividad<\/th><th>Expositor<\/th><\/tr><\/thead><tbody><tr><td class=\"has-text-align-left\" data-align=\"left\">6:00 p.m. a 7:00 p.m.<\/td><td>Charla: <br><em>Modelado de Ecuaciones Estructuradas<\/em>.<\/td><td>Dr. Mario Mar\u00edn Romero.<br><strong><a href=\"https:\/\/uned-ac-cr.zoom.us\/j\/4491106549\" data-type=\"URL\" data-id=\"https:\/\/uned-ac-cr.zoom.us\/j\/4491106549\" target=\"_blank\" rel=\"noreferrer noopener\">Ingresar<\/a><\/strong><\/td><\/tr><tr><td class=\"has-text-align-left\" data-align=\"left\">7:00 p.m. a 9:00 p.m.<\/td><td><strong><em>Continuaci\u00f3n y cierre de los talleres sincr\u00f3nicos<\/em><\/strong><br>Taller sincr\u00f3nico 1:<br><em> Resoluci\u00f3n de ecuaciones en una variable, diferenciaci\u00f3n e integraci\u00f3n num\u00e9rica en R<\/em>.<br><br>Taller sincr\u00f3nico 2: <br><em>Trigonometr\u00eda con GeoGebra<\/em>.<br><br>Taller sincr\u00f3nico 3: <br><em>Excel y CANVA como recursos para ense\u00f1ar el an\u00e1lisis y visualizaci\u00f3n de datos en la <\/em><br><em>educaci\u00f3n secundaria<\/em>.<\/td><td><br>M.Sc. Alejandro Salas Vargas.<br><br><br>Lic. Bayron Herrera Solano.<br><br><br>Licda. Roc\u00edo Mora Fallas. <\/td><\/tr><\/tbody><\/table><\/figure>\n<\/div><\/div>\n<\/div><\/details><\/div>\n\n\n\n<div class=\"wp-block-coblocks-accordion-item\"><details><summary class=\"wp-block-coblocks-accordion-item__title\">Viernes 05 de noviembre de 2021.<\/summary><div class=\"wp-block-coblocks-accordion-item__content\" tabindex=\"0\">\n<div class=\"wp-block-columns is-layout-flex wp-container-core-columns-is-layout-9d6595d7 wp-block-columns-is-layout-flex\">\n<div class=\"wp-block-column is-layout-flow wp-block-column-is-layout-flow\" style=\"flex-basis:100%\">\n<p><\/p>\n<\/div>\n<\/div>\n\n\n\n<div class=\"wp-block-group\"><div class=\"wp-block-group__inner-container is-layout-flow wp-block-group-is-layout-flow\">\n<figure class=\"wp-block-table aligncenter is-style-regular\"><table class=\"has-background\" style=\"background-color:#e7f5fe\"><thead><tr><th class=\"has-text-align-left\" data-align=\"left\">Hora                                        <\/th><th>Actividad<\/th><th>Expositor<\/th><\/tr><\/thead><tbody><tr><td class=\"has-text-align-left\" data-align=\"left\">10:00 a.m. a 12:00 m.d.<\/td><td>&nbsp;Webinario:<br>\u00bfC\u00f3mo implementar curr\u00edculos escolares durante la pandemia y c\u00f3mo hacerlo<br> durante la pos-pandemia?<br>Para m\u00e1s  informaci\u00f3n puede visitar <a rel=\"noreferrer noopener\" href=\"https:\/\/iii.cemacyc.org\/webinario-1\/\" target=\"_blank\">https:\/\/iii.cemacyc.org\/webinario-1\/<\/a><\/td><td>III CEMACYC<\/td><\/tr><tr><td class=\"has-text-align-left\" data-align=\"left\">5:00 p.m. a 7:00 p.m.<\/td><td>Mesa redonda: <br>Investigaci\u00f3n en Educaci\u00f3n Matem\u00e1tica<\/td><td>Dra. Claudia Mendez Bello.<br>Dra. Patricia Maroto Vargas.<br>M.Sc. Yoylin Rojas Salazar.<br><strong><a href=\"https:\/\/uned-ac-cr.zoom.us\/j\/4491106549\" data-type=\"URL\" data-id=\"https:\/\/uned-ac-cr.zoom.us\/j\/4491106549\" target=\"_blank\" rel=\"noreferrer noopener\">Ingresar<\/a><\/strong><\/td><\/tr><tr><td class=\"has-text-align-left\" data-align=\"left\">7:00 p.m. a 7:15 p.m.<\/td><td>Actividad de cierre<\/td><td>Comisi\u00f3n organizadora<\/td><\/tr><tr><td class=\"has-text-align-left\" data-align=\"left\">7:15 p.m. a 8:30 p.m.<\/td><td><strong><em>Continuaci\u00f3n y cierre de los talleres asincr\u00f3nicos<\/em><\/strong><br>Taller asincr\u00f3nico 1: <br><em>Introducci\u00f3n al software R<\/em>.<br><br>Taller asincr\u00f3nico 2: <br><em>Uso del software GeoGebra para el c\u00e1lculo del \u00e1rea de una regi\u00f3n <\/em><br><em>del plano y el volumen de un s\u00f3lido de revoluci\u00f3n<\/em>.<br><br>Taller asincr\u00f3nico 3: <br><em>Teor\u00eda de n\u00fameros para olimpiadas.<\/em><\/td><td><br>Prof. Luis Andr\u00e9s Ortiz Hern\u00e1ndez.<br><br><br>M.Ed. Hern\u00e1n V\u00edquez C\u00e9spedes.<br><br><br><br>Lic. Mois\u00e9s Montero Paniagua y <br>Prof. Salom\u00f3n Hern\u00e1ndez Chaves.<\/td><\/tr><\/tbody><\/table><\/figure>\n<\/div><\/div>\n<\/div><\/details><\/div>\n<\/div>\n<\/div><\/div>\n<\/div>\n<\/div>\n<\/div>\n<\/div>\n<\/div>\n<\/div>\n\n\n\n<div class=\"wp-block-columns is-layout-flex wp-container-core-columns-is-layout-9d6595d7 wp-block-columns-is-layout-flex\">\n<div class=\"wp-block-column is-layout-flow wp-block-column-is-layout-flow\" style=\"flex-basis:100%\">\n<div class=\"wp-block-group\"><div class=\"wp-block-group__inner-container is-layout-flow wp-block-group-is-layout-flow\">\n<div class=\"wp-block-group\"><div class=\"wp-block-group__inner-container is-layout-flow wp-block-group-is-layout-flow\">\n<div class=\"wp-block-group\"><div class=\"wp-block-group__inner-container is-layout-flow wp-block-group-is-layout-flow\">\n<div class=\"wp-block-columns is-layout-flex wp-container-core-columns-is-layout-9d6595d7 wp-block-columns-is-layout-flex\">\n<div class=\"wp-block-column is-layout-flow wp-block-column-is-layout-flow\" style=\"flex-basis:100%\">\n<div class=\"wp-block-group\"><div class=\"wp-block-group__inner-container is-layout-flow wp-block-group-is-layout-flow\">\n<div class=\"wp-block-group\"><div class=\"wp-block-group__inner-container is-layout-flow wp-block-group-is-layout-flow\">\n<div class=\"wp-block-columns is-layout-flex wp-container-core-columns-is-layout-9d6595d7 wp-block-columns-is-layout-flex\">\n<div class=\"wp-block-column is-layout-flow wp-block-column-is-layout-flow\" style=\"flex-basis:100%\">\n<div class=\"wp-block-group\"><div class=\"wp-block-group__inner-container is-layout-flow wp-block-group-is-layout-flow\">\n<div class=\"wp-block-columns is-layout-flex wp-container-core-columns-is-layout-9d6595d7 wp-block-columns-is-layout-flex\">\n<div class=\"wp-block-column is-layout-flow wp-block-column-is-layout-flow\" style=\"flex-basis:100%\"><\/div>\n<\/div>\n<\/div><\/div>\n<\/div>\n<\/div>\n<\/div><\/div>\n<\/div><\/div>\n<\/div>\n<\/div>\n<\/div><\/div>\n<\/div><\/div>\n<\/div><\/div>\n<\/div>\n<\/div>\n<\/div>\n<\/div>\n","protected":false},"excerpt":{"rendered":"","protected":false},"author":2,"featured_media":0,"parent":0,"menu_order":0,"comment_status":"closed","ping_status":"closed","template":"page-full-width.php","meta":{"_acf_changed":false,"_monsterinsights_skip_tracking":false,"_monsterinsights_sitenote_active":false,"_monsterinsights_sitenote_note":"","_monsterinsights_sitenote_category":0,"_coblocks_attr":"","_coblocks_dimensions":"","_coblocks_responsive_height":"","_coblocks_accordion_ie_support":"","footnotes":""},"class_list":["post-16","page","type-page","status-publish","hentry"],"acf":[],"_links":{"self":[{"href":"https:\/\/multimedia.uned.ac.cr\/ecen\/sap-matematica-2021\/wp-json\/wp\/v2\/pages\/16","targetHints":{"allow":["GET"]}}],"collection":[{"href":"https:\/\/multimedia.uned.ac.cr\/ecen\/sap-matematica-2021\/wp-json\/wp\/v2\/pages"}],"about":[{"href":"https:\/\/multimedia.uned.ac.cr\/ecen\/sap-matematica-2021\/wp-json\/wp\/v2\/types\/page"}],"author":[{"embeddable":true,"href":"https:\/\/multimedia.uned.ac.cr\/ecen\/sap-matematica-2021\/wp-json\/wp\/v2\/users\/2"}],"replies":[{"embeddable":true,"href":"https:\/\/multimedia.uned.ac.cr\/ecen\/sap-matematica-2021\/wp-json\/wp\/v2\/comments?post=16"}],"version-history":[{"count":77,"href":"https:\/\/multimedia.uned.ac.cr\/ecen\/sap-matematica-2021\/wp-json\/wp\/v2\/pages\/16\/revisions"}],"predecessor-version":[{"id":435,"href":"https:\/\/multimedia.uned.ac.cr\/ecen\/sap-matematica-2021\/wp-json\/wp\/v2\/pages\/16\/revisions\/435"}],"wp:attachment":[{"href":"https:\/\/multimedia.uned.ac.cr\/ecen\/sap-matematica-2021\/wp-json\/wp\/v2\/media?parent=16"}],"curies":[{"name":"wp","href":"https:\/\/api.w.org\/{rel}","templated":true}]}}