{"id":284,"date":"2020-08-27T14:48:36","date_gmt":"2020-08-27T14:48:36","guid":{"rendered":"https:\/\/multimedia.uned.ac.cr\/ecen\/sap-matematica-2020\/?page_id=284"},"modified":"2020-10-03T15:24:50","modified_gmt":"2020-10-03T15:24:50","slug":"taller-sincronico-2-visualizacion-de-datos-en-r","status":"publish","type":"page","link":"https:\/\/multimedia.uned.ac.cr\/ecen\/sap-matematica-2020\/cronograma\/taller-sincronico-2-visualizacion-de-datos-en-r\/","title":{"rendered":"Visualizaci\u00f3n de datos en R"},"content":{"rendered":"\n<p class=\"has-custom-weight has-custom-lineheight mb-0 pb-0 mt-0 pt-0\" style=\"line-height:1;font-weight:bold;font-size:36px\">Taller sincr\u00f3nico<\/p>\n\n\n\n<p>Mediante el uso del software R, se presentan diferentes representaciones tabulares y gr\u00e1ficas para un marco de datos extenso. Tambi\u00e9n se explican las condiciones de las variables a partir de las cuales se escogen ciertos tipos de visualizaciones.<\/p>\n\n\n\n<p><strong>Recursos o requisitos: <\/strong>poseer la versi\u00f3n&nbsp;3.6.1 de R y el programa RStudio. Tener conocimientos b\u00e1sicos de estad\u00edstica descriptiva, espec\u00edficamente en formas de presentar la informaci\u00f3n.&nbsp;<\/p>\n\n\n\n<div class=\"wp-block-coblocks-author\"><figure class=\"wp-block-coblocks-author__avatar\"><img decoding=\"async\" class=\"wp-block-coblocks-author__avatar-img\" src=\"https:\/\/multimedia.uned.ac.cr\/ecen\/sap-matematica-2020\/wp-content\/uploads\/sites\/18\/2020\/08\/Virgilio.jpg\" alt=\"<strong&gt;Lic. Virgilio Benavides Vargas<\/strong&gt;\"\/><\/figure><div class=\"wp-block-coblocks-author__content\"><span class=\"wp-block-coblocks-author__name\"><strong>Lic. Virgilio Benavides Vargas<\/strong><\/span><p class=\"wp-block-coblocks-author__biography\">Profesor de matem\u00e1ticas y estad\u00edstica, con estudios iniciales en Ense\u00f1anza de la Matem\u00e1tica y egresado de la Maestr\u00eda en Estad\u00edstica de la Universidad de Costa Rica.  Labora actualmente en la Sede del Pac\u00edfico de la Universidad de Costa Rica y en la Escuela de Ciencias Exactas y Naturales de la UNED, espec\u00edficamente en la carrera de Ense\u00f1anza de la Matem\u00e1tica.\u00a0<\/p>\n<div class=\"wp-block-button is-style-circular\"><a class=\"wp-block-button__link\" href=\"https:\/\/multimedia.uned.ac.cr\/ecen\/sap-matematica-2020\/cronograma\/\">Regresar al programa<\/a><\/div>\n<\/div><\/div>\n","protected":false},"excerpt":{"rendered":"<p>Taller sincr\u00f3nico Mediante el uso del software R, se presentan diferentes representaciones tabulares y gr\u00e1ficas para un marco de datos extenso. Tambi\u00e9n se explican las condiciones de las variables a partir de las cuales se escogen ciertos tipos de visualizaciones. Recursos o requisitos: poseer la versi\u00f3n&nbsp;3.6.1 de R y el programa RStudio. Tener conocimientos b\u00e1sicos de estad\u00edstica descriptiva, espec\u00edficamente en formas de presentar la informaci\u00f3n.&nbsp;<\/p>\n","protected":false},"author":12,"featured_media":0,"parent":19,"menu_order":0,"comment_status":"closed","ping_status":"closed","template":"page-full-width.php","meta":{"_acf_changed":false,"_monsterinsights_skip_tracking":false,"_monsterinsights_sitenote_active":false,"_monsterinsights_sitenote_note":"","_monsterinsights_sitenote_category":0,"_coblocks_attr":"","_coblocks_dimensions":"","_coblocks_responsive_height":"","_coblocks_accordion_ie_support":"","footnotes":""},"class_list":["post-284","page","type-page","status-publish","hentry"],"acf":[],"_links":{"self":[{"href":"https:\/\/multimedia.uned.ac.cr\/ecen\/sap-matematica-2020\/wp-json\/wp\/v2\/pages\/284","targetHints":{"allow":["GET"]}}],"collection":[{"href":"https:\/\/multimedia.uned.ac.cr\/ecen\/sap-matematica-2020\/wp-json\/wp\/v2\/pages"}],"about":[{"href":"https:\/\/multimedia.uned.ac.cr\/ecen\/sap-matematica-2020\/wp-json\/wp\/v2\/types\/page"}],"author":[{"embeddable":true,"href":"https:\/\/multimedia.uned.ac.cr\/ecen\/sap-matematica-2020\/wp-json\/wp\/v2\/users\/12"}],"replies":[{"embeddable":true,"href":"https:\/\/multimedia.uned.ac.cr\/ecen\/sap-matematica-2020\/wp-json\/wp\/v2\/comments?post=284"}],"version-history":[{"count":6,"href":"https:\/\/multimedia.uned.ac.cr\/ecen\/sap-matematica-2020\/wp-json\/wp\/v2\/pages\/284\/revisions"}],"predecessor-version":[{"id":500,"href":"https:\/\/multimedia.uned.ac.cr\/ecen\/sap-matematica-2020\/wp-json\/wp\/v2\/pages\/284\/revisions\/500"}],"up":[{"embeddable":true,"href":"https:\/\/multimedia.uned.ac.cr\/ecen\/sap-matematica-2020\/wp-json\/wp\/v2\/pages\/19"}],"wp:attachment":[{"href":"https:\/\/multimedia.uned.ac.cr\/ecen\/sap-matematica-2020\/wp-json\/wp\/v2\/media?parent=284"}],"curies":[{"name":"wp","href":"https:\/\/api.w.org\/{rel}","templated":true}]}}