{"id":56,"date":"2019-07-31T20:45:26","date_gmt":"2019-07-31T20:45:26","guid":{"rendered":"https:\/\/multimedia.uned.ac.cr\/ecen\/sap-mate-2019\/?page_id=56"},"modified":"2019-08-01T20:55:04","modified_gmt":"2019-08-01T20:55:04","slug":"contacto","status":"publish","type":"page","link":"https:\/\/multimedia.uned.ac.cr\/ecen\/sap-mate-2019\/contacto\/","title":{"rendered":"Contacto"},"content":{"rendered":"\n<p>Para m\u00e1s informaci\u00f3n sobre el evento&nbsp;puede&nbsp;llamar a los tel\u00e9fonos&nbsp;2202-1843 o 2202-1912. Tambi\u00e9n al correo ensenanzamatematica@uned.ac.cr. <\/p>\n\n\n\n<p>Adem\u00e1s, puede hacer sus consultas por medio del siguiente formulario.<\/p>\n\n\n\n\t\t<div class=\"coblocks-form\" id=\"d8c63308e01f2c3b064c582904c103ac0d1865db\">\n\n\t\t\t\n\t\t\t<form action=\"https:\/\/multimedia.uned.ac.cr\/ecen\/sap-mate-2019\/contacto\/#d8c63308e01f2c3b064c582904c103ac0d1865db\" method=\"post\">\n\t\t\t\t\n<label class=\"coblocks-label\">Nombre<\/label>\n\t\t<input type=\"hidden\" name=\"field-nombre[label]\" value=\"Nombre\">\n\n\t\t\t\t<input type=\"hidden\" id=\"name-field-id\" name=\"name-field-id\" class=\"coblocks-name-field-id\" value=\"field-nombre\" \/>\n\t\t\n\t\t<input type=\"text\" id=\"nombre\" name=\"field-nombre[value]\" class=\"coblocks-field coblocks-field--name\"  \/>\n\n\t\t\n\n<label class=\"coblocks-label\">Correo <span class=\"required\">&#042;<\/span><\/label>\n\t\t<input type=\"hidden\" name=\"field-correo[label]\" value=\"Correo\">\n\n\t\t\n\t\t<input type=\"hidden\" id=\"email-field-id\" name=\"email-field-id\" class=\"coblocks-email-field-id\" value=\"field-correo\" \/>\n\t\t<input type=\"email\" id=\"correo\" aria-label=\"Correo\" name=\"field-correo[value]\" class=\"coblocks-field coblocks-field--email\" required \/>\n\n\t\t\n\n<label class=\"coblocks-label\">Mensaje o consulta <span class=\"required\">&#042;<\/span><\/label>\n\t\t<input type=\"hidden\" name=\"field-mensaje-o-consulta[label]\" value=\"Mensaje o consulta\">\n\n\t\t\n\t\t<textarea name=\"field-mensaje-o-consulta[value]\" aria-label=\"Mensaje o consulta\" id=\"mensaje-o-consulta\" class=\"coblocks-field coblocks-textarea\" rows=\"20\" required><\/textarea>\n\n\t\t\n\t\t\t\t<input class=\"coblocks-field verify\" aria-label=\"Enter your email address to verify\" type=\"email\" name=\"coblocks-verify-email\" autocomplete=\"off\" placeholder=\"Email\" tabindex=\"-1\">\n\t\t\t\t<input type=\"hidden\" name=\"form-hash\" value=\"d8c63308e01f2c3b064c582904c103ac0d1865db\">\n\n\t\t\t\t\n\t\t<div class=\"coblocks-form__submit wp-block-button\">\n\t\t\t<button type=\"submit\" class=\"wp-block-button__link\" style=\"\">Enviar<\/button>\n\t\t\t<input type=\"hidden\" id=\"form-submit\" name=\"form-submit\" value=\"9c193de6a2\" \/><input type=\"hidden\" name=\"_wp_http_referer\" value=\"\/ecen\/sap-mate-2019\/wp-json\/wp\/v2\/pages\/56\" \/>\t\t\t<input type=\"hidden\" name=\"action\" value=\"coblocks-form-submit\">\n\n\t\t\t\t\t\t\t<input type=\"hidden\" class=\"g-recaptcha-token\" name=\"g-recaptcha-token\" \/>\n\t\t\t\t\t<\/div>\n\n\t\t\t\t\t<\/form>\n\n\t\t<\/div>\n\n\t\t","protected":false},"excerpt":{"rendered":"<p>Para m\u00e1s informaci\u00f3n sobre el evento&nbsp;puede&nbsp;llamar a los tel\u00e9fonos&nbsp;2202-1843 o 2202-1912. Tambi\u00e9n al correo ensenanzamatematica@uned.ac.cr. Adem\u00e1s, puede hacer sus consultas por medio del siguiente formulario.<\/p>\n","protected":false},"author":5,"featured_media":0,"parent":0,"menu_order":0,"comment_status":"closed","ping_status":"closed","template":"","meta":{"_acf_changed":false,"_monsterinsights_skip_tracking":false,"_monsterinsights_sitenote_active":false,"_monsterinsights_sitenote_note":"","_monsterinsights_sitenote_category":0,"_coblocks_attr":"","_coblocks_dimensions":"","_coblocks_responsive_height":"","_coblocks_accordion_ie_support":"","footnotes":""},"class_list":["post-56","page","type-page","status-publish","hentry"],"acf":[],"_links":{"self":[{"href":"https:\/\/multimedia.uned.ac.cr\/ecen\/sap-mate-2019\/wp-json\/wp\/v2\/pages\/56","targetHints":{"allow":["GET"]}}],"collection":[{"href":"https:\/\/multimedia.uned.ac.cr\/ecen\/sap-mate-2019\/wp-json\/wp\/v2\/pages"}],"about":[{"href":"https:\/\/multimedia.uned.ac.cr\/ecen\/sap-mate-2019\/wp-json\/wp\/v2\/types\/page"}],"author":[{"embeddable":true,"href":"https:\/\/multimedia.uned.ac.cr\/ecen\/sap-mate-2019\/wp-json\/wp\/v2\/users\/5"}],"replies":[{"embeddable":true,"href":"https:\/\/multimedia.uned.ac.cr\/ecen\/sap-mate-2019\/wp-json\/wp\/v2\/comments?post=56"}],"version-history":[{"count":4,"href":"https:\/\/multimedia.uned.ac.cr\/ecen\/sap-mate-2019\/wp-json\/wp\/v2\/pages\/56\/revisions"}],"predecessor-version":[{"id":66,"href":"https:\/\/multimedia.uned.ac.cr\/ecen\/sap-mate-2019\/wp-json\/wp\/v2\/pages\/56\/revisions\/66"}],"wp:attachment":[{"href":"https:\/\/multimedia.uned.ac.cr\/ecen\/sap-mate-2019\/wp-json\/wp\/v2\/media?parent=56"}],"curies":[{"name":"wp","href":"https:\/\/api.w.org\/{rel}","templated":true}]}}