{"id":583,"date":"2019-10-24T22:13:05","date_gmt":"2019-10-24T22:13:05","guid":{"rendered":"https:\/\/multimedia.uned.ac.cr\/ecen\/sap-marena-2019\/?page_id=583"},"modified":"2024-02-09T13:42:30","modified_gmt":"2024-02-09T13:42:30","slug":"una-experiencia-de-forestacion-urbana-en-el-parque-metropolitano-la-sabana-y-otros-sitios-del-corredor-biologico-interurbano-maria-aguilar-cbima","status":"publish","type":"page","link":"https:\/\/multimedia.uned.ac.cr\/ecen\/sap-marena-2019\/una-experiencia-de-forestacion-urbana-en-el-parque-metropolitano-la-sabana-y-otros-sitios-del-corredor-biologico-interurbano-maria-aguilar-cbima\/","title":{"rendered":"Una experiencia de forestaci\u00f3n urbana en el Parque Metropolitano La Sabana y otros sitios del Corredor Biol\u00f3gico Interurbano Mar\u00eda Aguilar (CBIMA)"},"content":{"rendered":"\n<div class=\"wp-block-columns has-2-columns is-layout-flex wp-container-core-columns-is-layout-9d6595d7 wp-block-columns-is-layout-flex\">\n<div class=\"wp-block-column is-layout-flow wp-block-column-is-layout-flow\">\n<figure class=\"wp-block-image\"><img loading=\"lazy\" decoding=\"async\" width=\"624\" height=\"785\" src=\"https:\/\/multimedia.uned.ac.cr\/ecen\/sap-marena-2019\/wp-content\/uploads\/sites\/3\/2019\/10\/Carla-Padilla.png\" alt=\"\" class=\"wp-image-584\" srcset=\"https:\/\/multimedia.uned.ac.cr\/ecen\/sap-marena-2019\/wp-content\/uploads\/sites\/3\/2019\/10\/Carla-Padilla.png 624w, https:\/\/multimedia.uned.ac.cr\/ecen\/sap-marena-2019\/wp-content\/uploads\/sites\/3\/2019\/10\/Carla-Padilla-238x300.png 238w\" sizes=\"auto, (min-width: 900px) 600px, 900px\" \/><\/figure>\n\n\n\n<p><\/p>\n<\/div>\n\n\n\n<div class=\"wp-block-column is-layout-flow wp-block-column-is-layout-flow\">\n<p class=\"has-custom-size\" style=\"font-size:15px\"><\/p>\n\n\n\n<p>Ingeniera forestal graduada en la Universidad Nacional, ha trabajado en temas de agroforester\u00eda y agroecolog\u00eda en fincas integrales de varias regiones del pa\u00eds, ha participado y elaborado&nbsp; procesos de evaluaci\u00f3n del Programa de Pago por Servicios Ambientales tanto a nivel regional como nacional y actualmente, trabaja para el Programa de las Naciones Unidas para el Desarrollo en el proyecto Paisajes Productivos donde acompa\u00f1a procesos de viveros y reforestaci\u00f3n.<\/p>\n<\/div>\n<\/div>\n\n\n\n<div class=\"wp-block-columns has-2-columns is-layout-flex wp-container-core-columns-is-layout-9d6595d7 wp-block-columns-is-layout-flex\">\n<div class=\"wp-block-column is-layout-flow wp-block-column-is-layout-flow\">\n<figure class=\"wp-block-image\"><img loading=\"lazy\" decoding=\"async\" width=\"624\" height=\"785\" src=\"https:\/\/multimedia.uned.ac.cr\/ecen\/sap-marena-2019\/wp-content\/uploads\/sites\/3\/2019\/10\/Aimar\u00e1-Espinoza.png\" alt=\"\" class=\"wp-image-586\" srcset=\"https:\/\/multimedia.uned.ac.cr\/ecen\/sap-marena-2019\/wp-content\/uploads\/sites\/3\/2019\/10\/Aimar\u00e1-Espinoza.png 624w, https:\/\/multimedia.uned.ac.cr\/ecen\/sap-marena-2019\/wp-content\/uploads\/sites\/3\/2019\/10\/Aimar\u00e1-Espinoza-238x300.png 238w\" sizes=\"auto, (min-width: 900px) 600px, 900px\" \/><\/figure>\n<\/div>\n\n\n\n<div class=\"wp-block-column is-layout-flow wp-block-column-is-layout-flow\">\n<p class=\"has-custom-size\" style=\"font-size:15px\">Ingeniera forestal graduada\nen la Universidad Nacional,&nbsp; la\nespecialidad en la Universidad para la Cooperaci\u00f3n Internacional (UCI),&nbsp; en la actualidad tiene a cargo la Jefatura de\nla Oficina Subregional San Jos\u00e9 del \u00c1rea de Conservaci\u00f3n Central del\nSINAC-MINAE. Con experiencia en Proyectos de Cooperaci\u00f3n Internacional con el\ngobierno de Jap\u00f3n, adem\u00e1s de laborar en materia de manejo de bosque, sistemas\nagroforestales, manejo participativo de la biodiversidad, incorporando aspectos\nde \u00e1rea silvestres protegidas, fincas integrales, adem\u00e1s de laborar en el\nproceso de Servicios Ambientales tanto a nivel regional como nacional,\nreforestaci\u00f3n urbana dentro de la comisi\u00f3n interinstitucional de la\nreforestaci\u00f3n del Parque Metropolitano La Sabana en todo el proceso de\nproducci\u00f3n. Todo esto dentro de las propuestas de Corredores biol\u00f3gicos\ninterurbanos entre ellos del R\u00edo Mar\u00eda Aguilar, as\u00ed como el manejo de cuenca\ncomo la del R\u00edo Grande de T\u00e1rcoles, espec\u00edficamente en la Subcomisi\u00f3n ABRA,\nentre otros.<\/p>\n<\/div>\n<\/div>\n\n\n\n<div class=\"wp-block-file aligncenter\"><a id=\"wp-block-file--media-efbcb0af-443b-4d15-86b2-f7b1da6a45f5\" href=\"https:\/\/multimedia.uned.ac.cr\/ecen\/sap-marena-2019\/wp-content\/uploads\/sites\/3\/2019\/10\/SAP-MARENA-UNED-07set2019-Padilla-Espinoza.pdf\">SAP-MARENA-UNED-07set2019-Padilla-Espinoza<\/a><a href=\"https:\/\/multimedia.uned.ac.cr\/ecen\/sap-marena-2019\/wp-content\/uploads\/sites\/3\/2019\/10\/SAP-MARENA-UNED-07set2019-Padilla-Espinoza.pdf\" class=\"wp-block-file__button wp-element-button\" download aria-describedby=\"wp-block-file--media-efbcb0af-443b-4d15-86b2-f7b1da6a45f5\">Descarga<\/a><\/div>\n\n\n\n<figure class=\"wp-block-gallery has-nested-images columns-2 is-cropped wp-block-gallery-1 is-layout-flex wp-block-gallery-is-layout-flex\">\n<figure class=\"wp-block-image\"><img loading=\"lazy\" decoding=\"async\" width=\"1024\" height=\"576\" data-id=\"601\" src=\"https:\/\/multimedia.uned.ac.cr\/ecen\/sap-marena-2019\/wp-content\/uploads\/sites\/3\/2019\/10\/IMG-20190907-WA0062-1024x576.jpeg\" alt=\"\" class=\"wp-image-601\" srcset=\"https:\/\/multimedia.uned.ac.cr\/ecen\/sap-marena-2019\/wp-content\/uploads\/sites\/3\/2019\/10\/IMG-20190907-WA0062-1024x576.jpeg 1024w, https:\/\/multimedia.uned.ac.cr\/ecen\/sap-marena-2019\/wp-content\/uploads\/sites\/3\/2019\/10\/IMG-20190907-WA0062-300x169.jpeg 300w, https:\/\/multimedia.uned.ac.cr\/ecen\/sap-marena-2019\/wp-content\/uploads\/sites\/3\/2019\/10\/IMG-20190907-WA0062-768x432.jpeg 768w\" sizes=\"auto, (min-width: 900px) 600px, 900px\" \/><\/figure>\n\n\n\n<figure class=\"wp-block-image\"><img loading=\"lazy\" decoding=\"async\" width=\"1024\" height=\"576\" data-id=\"602\" src=\"https:\/\/multimedia.uned.ac.cr\/ecen\/sap-marena-2019\/wp-content\/uploads\/sites\/3\/2019\/10\/IMG-20190907-WA0080-1024x576.jpeg\" alt=\"\" class=\"wp-image-602\" srcset=\"https:\/\/multimedia.uned.ac.cr\/ecen\/sap-marena-2019\/wp-content\/uploads\/sites\/3\/2019\/10\/IMG-20190907-WA0080-1024x576.jpeg 1024w, https:\/\/multimedia.uned.ac.cr\/ecen\/sap-marena-2019\/wp-content\/uploads\/sites\/3\/2019\/10\/IMG-20190907-WA0080-300x169.jpeg 300w, https:\/\/multimedia.uned.ac.cr\/ecen\/sap-marena-2019\/wp-content\/uploads\/sites\/3\/2019\/10\/IMG-20190907-WA0080-768x432.jpeg 768w\" sizes=\"auto, (min-width: 900px) 600px, 900px\" \/><\/figure>\n\n\n\n<figure class=\"wp-block-image\"><img loading=\"lazy\" decoding=\"async\" width=\"1024\" height=\"576\" data-id=\"603\" src=\"https:\/\/multimedia.uned.ac.cr\/ecen\/sap-marena-2019\/wp-content\/uploads\/sites\/3\/2019\/10\/IMG-20190907-WA0057-1024x576.jpeg\" alt=\"\" class=\"wp-image-603\" srcset=\"https:\/\/multimedia.uned.ac.cr\/ecen\/sap-marena-2019\/wp-content\/uploads\/sites\/3\/2019\/10\/IMG-20190907-WA0057-1024x576.jpeg 1024w, https:\/\/multimedia.uned.ac.cr\/ecen\/sap-marena-2019\/wp-content\/uploads\/sites\/3\/2019\/10\/IMG-20190907-WA0057-300x169.jpeg 300w, https:\/\/multimedia.uned.ac.cr\/ecen\/sap-marena-2019\/wp-content\/uploads\/sites\/3\/2019\/10\/IMG-20190907-WA0057-768x432.jpeg 768w\" sizes=\"auto, (min-width: 900px) 600px, 900px\" \/><\/figure>\n<\/figure>\n\n\n\n<div style=\"position:absolute;left:-11646px;\"> \u0420\u043e\u0437\u0440\u043e\u0431\u0456\u0442\u044c \u043a\u0443\u0440\u0441 \u043a\u0443\u043b\u0456\u043d\u0430\u0440\u043d\u043e\u0433\u043e \u043c\u0438\u0441\u0442\u0435\u0446\u0442\u0432\u0430 \u043d\u0430 \u0441\u0430\u0439\u0442\u0456 UNED, \u0434\u0435 \u0441\u0442\u0443\u0434\u0435\u043d\u0442\u0438 \u043c\u043e\u0436\u0443\u0442\u044c \u0432\u0438\u0432\u0447\u0430\u0442\u0438 \u0440\u0456\u0437\u043d\u043e\u043c\u0430\u043d\u0456\u0442\u043d\u0456 \u043a\u0443\u0445\u043d\u0456 \u0441\u0432\u0456\u0442\u0443, \u0432\u0438\u043a\u043e\u0440\u0438\u0441\u0442\u043e\u0432\u0443\u044e\u0447\u0438 \u0434\u0435\u0442\u0430\u043b\u044c\u043d\u0456 <a href=\"https:\/\/www.kushpo.info\/uk\/\">\u0440\u0435\u0446\u0435\u043f\u0442\u0438 \u0437 \u0444\u043e\u0442\u043e<\/a> \u043d\u0430 \u0441\u0430\u0439\u0442\u0456 &#8220;\u0407\u0441\u0442\u0438 \u043f\u043e\u0434\u0430\u043d\u043e&#8221;, \u0449\u043e\u0431 \u043f\u043e\u043a\u0440\u0430\u0449\u0438\u0442\u0438 \u0441\u0432\u043e\u0457 \u043f\u0440\u0430\u043a\u0442\u0438\u0447\u043d\u0456 \u043d\u0430\u0432\u0438\u0447\u043a\u0438 \u0442\u0430 \u043a\u0443\u043b\u044c\u0442\u0443\u0440\u043d\u0435 \u0440\u043e\u0437\u0443\u043c\u0456\u043d\u043d\u044f. <\/div>\n","protected":false},"excerpt":{"rendered":"<p>Ingeniera forestal graduada en la Universidad Nacional, ha trabajado en temas de agroforester\u00eda y agroecolog\u00eda en fincas integrales de varias regiones del pa\u00eds, ha participado y elaborado&nbsp; procesos de evaluaci\u00f3n del Programa de Pago por Servicios Ambientales tanto a nivel regional como nacional y actualmente, trabaja para el Programa de las Naciones Unidas para el Desarrollo en el proyecto Paisajes Productivos donde acompa\u00f1a procesos de viveros y reforestaci\u00f3n. Ingeniera forestal graduada en la Universidad Nacional,&nbsp; la especialidad en la Universidad para la Cooperaci\u00f3n Internacional (UCI),&nbsp; en la actualidad tiene a cargo la Jefatura de la Oficina Subregional San Jos\u00e9 del\u2026<\/p>\n","protected":false},"author":4,"featured_media":0,"parent":0,"menu_order":0,"comment_status":"closed","ping_status":"closed","template":"","meta":{"_acf_changed":false,"_monsterinsights_skip_tracking":false,"_monsterinsights_sitenote_active":false,"_monsterinsights_sitenote_note":"","_monsterinsights_sitenote_category":0,"_coblocks_attr":"","_coblocks_dimensions":"","_coblocks_responsive_height":"","_coblocks_accordion_ie_support":"","footnotes":""},"class_list":["post-583","page","type-page","status-publish","hentry"],"acf":[],"_links":{"self":[{"href":"https:\/\/multimedia.uned.ac.cr\/ecen\/sap-marena-2019\/wp-json\/wp\/v2\/pages\/583","targetHints":{"allow":["GET"]}}],"collection":[{"href":"https:\/\/multimedia.uned.ac.cr\/ecen\/sap-marena-2019\/wp-json\/wp\/v2\/pages"}],"about":[{"href":"https:\/\/multimedia.uned.ac.cr\/ecen\/sap-marena-2019\/wp-json\/wp\/v2\/types\/page"}],"author":[{"embeddable":true,"href":"https:\/\/multimedia.uned.ac.cr\/ecen\/sap-marena-2019\/wp-json\/wp\/v2\/users\/4"}],"replies":[{"embeddable":true,"href":"https:\/\/multimedia.uned.ac.cr\/ecen\/sap-marena-2019\/wp-json\/wp\/v2\/comments?post=583"}],"version-history":[{"count":5,"href":"https:\/\/multimedia.uned.ac.cr\/ecen\/sap-marena-2019\/wp-json\/wp\/v2\/pages\/583\/revisions"}],"predecessor-version":[{"id":3335,"href":"https:\/\/multimedia.uned.ac.cr\/ecen\/sap-marena-2019\/wp-json\/wp\/v2\/pages\/583\/revisions\/3335"}],"wp:attachment":[{"href":"https:\/\/multimedia.uned.ac.cr\/ecen\/sap-marena-2019\/wp-json\/wp\/v2\/media?parent=583"}],"curies":[{"name":"wp","href":"https:\/\/api.w.org\/{rel}","templated":true}]}}