{"id":377,"date":"2019-10-17T22:37:41","date_gmt":"2019-10-17T22:37:41","guid":{"rendered":"https:\/\/multimedia.uned.ac.cr\/ecen\/sap-marena-2019\/?page_id=377"},"modified":"2019-10-28T22:18:34","modified_gmt":"2019-10-28T22:18:34","slug":"posters","status":"publish","type":"page","link":"https:\/\/multimedia.uned.ac.cr\/ecen\/sap-marena-2019\/posters\/","title":{"rendered":"Carteles cient\u00edficos"},"content":{"rendered":"\n<div class=\"wp-block-coblocks-accordion\">\n<div class=\"wp-block-coblocks-accordion-item\"><details open><summary class=\"wp-block-coblocks-accordion-item__title\">ABEJAS DE LA FAMILIA APIDAE PRESENTES EN FINCAS CON  USO AGROECOL\u00d3GICO Y AGRICULTURA CONVENCIONAL (CARTAGO, COSTA RICA)<\/summary><div class=\"wp-block-coblocks-accordion-item__content\">\n<div class=\"wp-block-file aligncenter\"><a href=\"https:\/\/multimedia.uned.ac.cr\/ecen\/sap-marena-2019\/wp-content\/uploads\/sites\/3\/2019\/10\/SAP-MARENA-2019-Ignacio-Campos-Retana-Bachillerato.pdf\" target=\"_blank\" rel=\"noreferrer noopener\">SAP-MARENA-2019-Ignacio-Campos-Retana-Bachillerato<\/a><a href=\"https:\/\/multimedia.uned.ac.cr\/ecen\/sap-marena-2019\/wp-content\/uploads\/sites\/3\/2019\/10\/SAP-MARENA-2019-Ignacio-Campos-Retana-Bachillerato.pdf\" class=\"wp-block-file__button\" download>Descarga<\/a><\/div>\n\n\n\n<p><\/p>\n<\/div><\/details><\/div>\n<\/div>\n\n\n\n<div class=\"wp-block-coblocks-accordion\">\n<div class=\"wp-block-coblocks-accordion-item\"><details open><summary class=\"wp-block-coblocks-accordion-item__title\">COOCURRENCIA ENTRE GANADO BOVINO ( BOS SP.), PUMA PUMA  CONCOLOR ) Y JAGUAR PANTHERA ONCA ) EN COMUNIDADES CON  CONFLICTO HUMANO FELINO.<\/summary><div class=\"wp-block-coblocks-accordion-item__content\">\n<div class=\"wp-block-file aligncenter\"><a href=\"https:\/\/multimedia.uned.ac.cr\/ecen\/sap-marena-2019\/wp-content\/uploads\/sites\/3\/2019\/10\/SAP-MARENA-2019-Andrea-Quiros-Bachillerato.pdf\" target=\"_blank\" rel=\"noreferrer noopener\">SAP-MARENA-2019-Andrea-Quiros-Bachillerato<\/a><a href=\"https:\/\/multimedia.uned.ac.cr\/ecen\/sap-marena-2019\/wp-content\/uploads\/sites\/3\/2019\/10\/SAP-MARENA-2019-Andrea-Quiros-Bachillerato.pdf\" class=\"wp-block-file__button\" download>Descarga<\/a><\/div>\n<\/div><\/details><\/div>\n<\/div>\n\n\n\n<div class=\"wp-block-coblocks-accordion\">\n<div class=\"wp-block-coblocks-accordion-item\"><details open><summary class=\"wp-block-coblocks-accordion-item__title\">PROPUESTA DE HERRAMIENTA T\u00c9CNICA DE ESTIMACI\u00d3N DE FIJACI\u00d3N POTENCIAL DE CARBONO EN TIERRAS FORESTALES, PARA EL MANEJO Y APROVECHAMIENTO DE BOSQUES DE LA ZONA NORTE, COSTA RICA<\/summary><div class=\"wp-block-coblocks-accordion-item__content\">\n<div class=\"wp-block-file aligncenter\"><a href=\"https:\/\/multimedia.uned.ac.cr\/ecen\/sap-marena-2019\/wp-content\/uploads\/sites\/3\/2019\/10\/SAP-MARENA-2019-Jos\u00e9-Pablo-Herrera-Azofeifa-Bachillerato.pdf\" target=\"_blank\" rel=\"noreferrer noopener\">SAP-MARENA-2019-Jos\u00e9-Pablo-Herrera-Azofeifa-Bachillerato<\/a><a href=\"https:\/\/multimedia.uned.ac.cr\/ecen\/sap-marena-2019\/wp-content\/uploads\/sites\/3\/2019\/10\/SAP-MARENA-2019-Jos\u00e9-Pablo-Herrera-Azofeifa-Bachillerato.pdf\" class=\"wp-block-file__button\" download>Descarga<\/a><\/div>\n<\/div><\/details><\/div>\n<\/div>\n\n\n\n<div class=\"wp-block-coblocks-accordion\">\n<div class=\"wp-block-coblocks-accordion-item\"><details open><summary class=\"wp-block-coblocks-accordion-item__title\">AN\u00c1LISIS DEL POTENCIAL DE CONECTIVIDAD BIOL\u00d3GICA DE LAS FINCAS DE CAF\u00c9 DEL VALLE SANTA MAR\u00cdA DE DOTA, SAN JOS\u00c9, COSTA RICA. <\/summary><div class=\"wp-block-coblocks-accordion-item__content\">\n<div class=\"wp-block-file aligncenter\"><a href=\"https:\/\/multimedia.uned.ac.cr\/ecen\/sap-marena-2019\/wp-content\/uploads\/sites\/3\/2019\/10\/SAP-MARENA-2019-Maria-Cortes-Serrano-Licenciatura.pdf\" target=\"_blank\" rel=\"noreferrer noopener\">SAP-MARENA-2019-Maria-Cortes-Serrano-Licenciatura<\/a><a href=\"https:\/\/multimedia.uned.ac.cr\/ecen\/sap-marena-2019\/wp-content\/uploads\/sites\/3\/2019\/10\/SAP-MARENA-2019-Maria-Cortes-Serrano-Licenciatura.pdf\" class=\"wp-block-file__button\" download>Descarga<\/a><\/div>\n\n\n\n<p><\/p>\n<\/div><\/details><\/div>\n<\/div>\n\n\n\n<div class=\"wp-block-coblocks-accordion\">\n<div class=\"wp-block-coblocks-accordion-item\"><details open><summary class=\"wp-block-coblocks-accordion-item__title\"> UN ACERCAMIENTO AL VALOR DE LOS REMANENTES DE BOSQUES EN ZONAS URBANAS Y PERIURBANAS COMO SITIOS DE CONSERVACI\u00d3N DE LA DIVERSIDAD BIOL\u00d3GICA EN EL VALLE CENTRAL, COSTA RICA. <\/summary><div class=\"wp-block-coblocks-accordion-item__content\">\n<div class=\"wp-block-file aligncenter\"><a href=\"https:\/\/multimedia.uned.ac.cr\/ecen\/sap-marena-2019\/wp-content\/uploads\/sites\/3\/2019\/10\/SAP-MARENA-2019-Ruben-Sanchez-Bachillerato.pdf\" target=\"_blank\" rel=\"noreferrer noopener\">SAP-MARENA-2019-Ruben Sanchez-Bachillerato<\/a><a href=\"https:\/\/multimedia.uned.ac.cr\/ecen\/sap-marena-2019\/wp-content\/uploads\/sites\/3\/2019\/10\/SAP-MARENA-2019-Ruben-Sanchez-Bachillerato.pdf\" class=\"wp-block-file__button\" download>Descarga<\/a><\/div>\n<\/div><\/details><\/div>\n<\/div>\n\n\n\n<div class=\"wp-block-coblocks-accordion\">\n<div class=\"wp-block-coblocks-accordion-item\"><details open><summary class=\"wp-block-coblocks-accordion-item__title\">VULNERABILIDAD INTR\u00cdNSECA A CONTAMINACI\u00d3N SOBRE EL NIVEL DE AGUA SUBTERR\u00c1NEA, MONTE REDONDO, ASERR\u00cd, COSTA RICA. <\/summary><div class=\"wp-block-coblocks-accordion-item__content\">\n<div class=\"wp-block-file aligncenter\"><a href=\"https:\/\/multimedia.uned.ac.cr\/ecen\/sap-marena-2019\/wp-content\/uploads\/sites\/3\/2019\/10\/SAP-MARENA-2019-Mariel-Quesada-Bachillerato-1.pdf\" target=\"_blank\" rel=\"noreferrer noopener\">SAP-MARENA-2019-Mariel-Quesada-Bachillerato<\/a><a href=\"https:\/\/multimedia.uned.ac.cr\/ecen\/sap-marena-2019\/wp-content\/uploads\/sites\/3\/2019\/10\/SAP-MARENA-2019-Mariel-Quesada-Bachillerato-1.pdf\" class=\"wp-block-file__button\" download>Descarga<\/a><\/div>\n<\/div><\/details><\/div>\n<\/div>\n","protected":false},"excerpt":{"rendered":"","protected":false},"author":4,"featured_media":0,"parent":0,"menu_order":0,"comment_status":"closed","ping_status":"closed","template":"","meta":{"_acf_changed":false,"_monsterinsights_skip_tracking":false,"_monsterinsights_sitenote_active":false,"_monsterinsights_sitenote_note":"","_monsterinsights_sitenote_category":0,"_coblocks_attr":"","_coblocks_dimensions":"","_coblocks_responsive_height":"","_coblocks_accordion_ie_support":"","footnotes":""},"class_list":["post-377","page","type-page","status-publish","hentry"],"acf":[],"_links":{"self":[{"href":"https:\/\/multimedia.uned.ac.cr\/ecen\/sap-marena-2019\/wp-json\/wp\/v2\/pages\/377","targetHints":{"allow":["GET"]}}],"collection":[{"href":"https:\/\/multimedia.uned.ac.cr\/ecen\/sap-marena-2019\/wp-json\/wp\/v2\/pages"}],"about":[{"href":"https:\/\/multimedia.uned.ac.cr\/ecen\/sap-marena-2019\/wp-json\/wp\/v2\/types\/page"}],"author":[{"embeddable":true,"href":"https:\/\/multimedia.uned.ac.cr\/ecen\/sap-marena-2019\/wp-json\/wp\/v2\/users\/4"}],"replies":[{"embeddable":true,"href":"https:\/\/multimedia.uned.ac.cr\/ecen\/sap-marena-2019\/wp-json\/wp\/v2\/comments?post=377"}],"version-history":[{"count":26,"href":"https:\/\/multimedia.uned.ac.cr\/ecen\/sap-marena-2019\/wp-json\/wp\/v2\/pages\/377\/revisions"}],"predecessor-version":[{"id":701,"href":"https:\/\/multimedia.uned.ac.cr\/ecen\/sap-marena-2019\/wp-json\/wp\/v2\/pages\/377\/revisions\/701"}],"wp:attachment":[{"href":"https:\/\/multimedia.uned.ac.cr\/ecen\/sap-marena-2019\/wp-json\/wp\/v2\/media?parent=377"}],"curies":[{"name":"wp","href":"https:\/\/api.w.org\/{rel}","templated":true}]}}