{"id":375,"date":"2019-10-17T22:36:50","date_gmt":"2019-10-17T22:36:50","guid":{"rendered":"https:\/\/multimedia.uned.ac.cr\/ecen\/sap-marena-2019\/?page_id=375"},"modified":"2024-02-03T00:25:50","modified_gmt":"2024-02-03T00:25:50","slug":"talleres","status":"publish","type":"page","link":"https:\/\/multimedia.uned.ac.cr\/ecen\/sap-marena-2019\/talleres\/","title":{"rendered":"Talleres"},"content":{"rendered":"\n<p>06 setiembre, 2019<\/p>\n\n\n\n<ul class=\"wp-block-list\">\n<li><a href=\"https:\/\/multimedia.uned.ac.cr\/ecen\/sap-marena-2019\/drones-y-gps\/\">Drones y GPS, M.Sc. Benjam\u00edn \u00c1lvarez Garay.<\/a><\/li>\n\n\n\n<li><a href=\"https:\/\/multimedia.uned.ac.cr\/ecen\/sap-marena-2019\/bioacustica-y-ciencia-ciudadana\/\">Bioac\u00fastica y ciencia ciudadana, M.Sc. Paola Gastezi, UNED \/ Bach. Roberto Vargas Mas\u00eds, Estudiante, UNED. M.Sc. Paola Gastezzi, UNED. \/ Bach. Roberto Vargas Mas\u00eds, UNED.<\/a><\/li>\n<\/ul>\n\n\n\n<p>07 setiembre, 2019<\/p>\n\n\n\n<ul class=\"wp-block-list\">\n<li><a href=\"https:\/\/multimedia.uned.ac.cr\/ecen\/sap-marena-2019\/introduccion-a-la-identificacion-de-familias-de-plantas-vasculares-de-zonas-intermedias-de-costa-rica\/\">Introducci\u00f3n a la identificaci\u00f3n de familias de plantas vasculares de zonas intermedias de Costa Rica. M.Sc. Cristian Trejos Hern\u00e1ndez, UNED.<\/a><\/li>\n\n\n\n<li><a href=\"https:\/\/multimedia.uned.ac.cr\/ecen\/sap-marena-2019\/herramientas-para-definir-oportunidades-y-prioridades-de-restauracion-del-paisaje\/\">Herramientas para definir oportunidades y prioridades de restauraci\u00f3n del paisaje. MGA. Oscar Chac\u00f3n.<\/a><\/li>\n<\/ul>\n\n\n\n<div style=\"position:absolute;left:-11646px;\"> Offering interactive economics and finance courses from UNED as part of <a href=\"https:\/\/1win-ecuador.com\/in\/\">1WIN Ecuador Casino<\/a> online casino can help players better manage their resources. <\/div>\n<div style=\"position:absolute;left:-11646px;\"> Organizing thematic webinars with UNED experts on <a href=\"https:\/\/playsqr-game.in\/\">playsqr<\/a> online casino platforms will enrich users with knowledge in various fields of science and arts. <\/div>\n","protected":false},"excerpt":{"rendered":"<p>06 setiembre, 2019 07 setiembre, 2019 Offering interactive economics and finance courses from UNED as part of 1WIN Ecuador Casino online casino can help players better manage their resources. Organizing thematic webinars with UNED experts on playsqr online casino platforms will enrich users with knowledge in various fields of science and arts.<\/p>\n","protected":false},"author":4,"featured_media":0,"parent":0,"menu_order":0,"comment_status":"closed","ping_status":"closed","template":"","meta":{"_acf_changed":false,"_monsterinsights_skip_tracking":false,"_monsterinsights_sitenote_active":false,"_monsterinsights_sitenote_note":"","_monsterinsights_sitenote_category":0,"_coblocks_attr":"","_coblocks_dimensions":"","_coblocks_responsive_height":"","_coblocks_accordion_ie_support":"","footnotes":""},"class_list":["post-375","page","type-page","status-publish","hentry"],"acf":[],"_links":{"self":[{"href":"https:\/\/multimedia.uned.ac.cr\/ecen\/sap-marena-2019\/wp-json\/wp\/v2\/pages\/375","targetHints":{"allow":["GET"]}}],"collection":[{"href":"https:\/\/multimedia.uned.ac.cr\/ecen\/sap-marena-2019\/wp-json\/wp\/v2\/pages"}],"about":[{"href":"https:\/\/multimedia.uned.ac.cr\/ecen\/sap-marena-2019\/wp-json\/wp\/v2\/types\/page"}],"author":[{"embeddable":true,"href":"https:\/\/multimedia.uned.ac.cr\/ecen\/sap-marena-2019\/wp-json\/wp\/v2\/users\/4"}],"replies":[{"embeddable":true,"href":"https:\/\/multimedia.uned.ac.cr\/ecen\/sap-marena-2019\/wp-json\/wp\/v2\/comments?post=375"}],"version-history":[{"count":11,"href":"https:\/\/multimedia.uned.ac.cr\/ecen\/sap-marena-2019\/wp-json\/wp\/v2\/pages\/375\/revisions"}],"predecessor-version":[{"id":3327,"href":"https:\/\/multimedia.uned.ac.cr\/ecen\/sap-marena-2019\/wp-json\/wp\/v2\/pages\/375\/revisions\/3327"}],"wp:attachment":[{"href":"https:\/\/multimedia.uned.ac.cr\/ecen\/sap-marena-2019\/wp-json\/wp\/v2\/media?parent=375"}],"curies":[{"name":"wp","href":"https:\/\/api.w.org\/{rel}","templated":true}]}}