{"id":103,"date":"2019-09-14T22:12:09","date_gmt":"2019-09-14T22:12:09","guid":{"rendered":"https:\/\/multimedia.uned.ac.cr\/ecen\/sap-ciencias-2020\/?page_id=103"},"modified":"2020-10-01T00:05:11","modified_gmt":"2020-10-01T00:05:11","slug":"programa","status":"publish","type":"page","link":"https:\/\/multimedia.uned.ac.cr\/ecen\/sap-ciencias-2020\/programa\/","title":{"rendered":"Programa"},"content":{"rendered":"\n<figure class=\"wp-block-table agenda is-style-agenda\"><table class=\"has-subtle-pale-pink-background-color has-background\"><tbody><tr><td>Jueves 08 de octubre<\/td><td class=\"has-text-align-left\" data-align=\"left\"><\/td><td><\/td><\/tr><tr><td>10:00 &#8211; 10:10<\/td><td class=\"has-text-align-left\" data-align=\"left\"><strong>Apertura del II SAP<\/strong><br><br>Palabras de Bienvenida de la Encargada del PECN<br><br>Palabras de Bienvenida de la Directora de la Escuela de Ciencias Exactas y Naturales<\/td><td>Lic. Ana Victoria Campos Quesada<br><br><br>Mag. Katya Berm\u00fadez Campos<br><br><br>MSc. Guisella Vargas Vargas<br><\/td><\/tr><tr><td>10: 10 &#8211; 11:00 <\/td><td class=\"has-text-align-left\" data-align=\"left\">Conversatorio: <em>\u201c<strong>La did\u00e1ctica de las ciencias naturales en tiempos de pandemia, retos y oportunidades<\/strong>\u201d<\/em><br>Moderadora: Dr. Katya Calder\u00f3n Herrera<\/td><td><br>Dr. Gilberto Alfaro Varela<br><br>&nbsp;<br>Dr. Francisco Alarc\u00f3n Alba<br><br>&nbsp;<br>Licda. Shirley Vallejo Sol\u00eds<\/td><\/tr><tr><td>11:00 &#8211; 11:10<\/td><td class=\"has-text-align-left\" data-align=\"left\">Cambio a sub-salas<\/td><td>.<\/td><\/tr><tr><td>11:15 &#8211; 12:45<\/td><td class=\"has-text-align-left\" data-align=\"left\"><u><strong><em>Talleres virtuales simult\u00e1neos<\/em><\/strong><\/u><br><br><br><em><br>Taller Qu\u00edmica: <em>Aplicaci\u00f3n de Apps para desarrollo de habilidades cient\u00edficas en ciencias qu\u00edmicas, facilitador<\/em><br><em>&nbsp;<\/em><br><\/em><br><em>Taller F\u00edsica: <em>Indagando la Ley de Ohm y circuitos el\u00e9ctricos.<\/em><br><em>&nbsp;<\/em><br><\/em><br><em>Taller Biolog\u00eda: <em>Foldscope para el aprendizaje de la c\u00e9lula y tejidos vegetales.<\/em><\/em><\/td><td><br>Mag. \u00d3scar Barahona Aguilar<br><br><br>Mag. Xiomara Romero Navarro<br><br><br>&nbsp;<br>M.Sc. Christian Trejos Hern\u00e1ndez<\/td><\/tr><tr><td>12:45 &#8211; 02: 00<\/td><td class=\"has-text-align-left\" data-align=\"left\">Almuerzo<\/td><td>.<\/td><\/tr><tr><td>2:00 &#8211; 3:30<\/td><td class=\"has-text-align-left\" data-align=\"left\"><em><u><strong>Talleres virtuales simult\u00e1neos<\/strong><\/u><\/em><br><br>Taller Qu\u00edmica: <em>Qu\u00edmica en casa: un acercamiento a la experimentaci\u00f3n<\/em><br><em>&nbsp;<\/em><br><br>Taller F\u00edsica: <em>&nbsp;Movi\u00e9ndonos para percibir conceptos de F\u00edsica en el Ballet<\/em><br><em>&nbsp;<\/em><br>Taller Biolog\u00eda: <em>Fotos\u00edntesis, Respiraci\u00f3n celular y su relaci\u00f3n con el Ciclo del Carbono<\/em><\/td><td><br><br>M.Sc. Mario Villalobos Forbes<br>&nbsp;<br><br>M.Sc Diana Herrero Villareal<br>&nbsp;<br><br>M.Ed. Alejandro Moya Segura<\/td><\/tr><tr><td>3:30 &#8211; 3:40<\/td><td class=\"has-text-align-left\" data-align=\"left\"><strong>Cambio a sala principal<\/strong><\/td><td>.<\/td><\/tr><tr><td>12:00 &#8211; 13:00<\/td><td class=\"has-text-align-left\" data-align=\"left\">Charla final titulada:<br><strong>\u201cManejo del estr\u00e9s y autocuidado en el contexto de la pandemia por COVID-19\u201d<\/strong><\/td><td>Mag. William Jos\u00e9 Murillo Leiva<br><br><br><br><br>Mag. Andrea Natalia Alvarado Soto&nbsp;<\/td><\/tr><tr><td>4:20 &#8211; 4:30<\/td><td class=\"has-text-align-left\" data-align=\"left\">Cierre del II SAP\/ Evaluaci\u00f3n final&nbsp;<\/td><td>Lic. Ana Victoria Campos Quesada<br><br><br>Mag Katya Berm\u00fadez Campos<\/td><\/tr><\/tbody><\/table><\/figure>\n\n\n\n<p><strong>Consultas en la plataforma de aprendizaje en l\u00ednea:<\/strong><\/p>\n\n\n\n<p>Las consultas o solicitudes, que realice el participante dentro de la plataforma de aprendizaje en l\u00ednea, ser\u00e1n atendidas el mismo d\u00eda del evento. En caso de que no sea atendida, podr\u00e1 dirigirse a las oficinas del PECN con el personal coordinador del II SAP, comunicarse v\u00eda telef\u00f3nica o por correo. Todos los cambios o informaci\u00f3n adicional que se realicen del II SAP, se presentar\u00e1n mediante las herramientas de la plataforma, tales como anuncios, chat de consulta y correo interno de la plataforma de cada participante<\/p>\n","protected":false},"excerpt":{"rendered":"<p>Jueves 08 de octubre 10:00 &#8211; 10:10 Apertura del II SAP Palabras de Bienvenida de la Encargada del PECN Palabras de Bienvenida de la Directora de la Escuela de Ciencias Exactas y Naturales Lic. Ana Victoria Campos Quesada Mag. Katya Berm\u00fadez Campos MSc. Guisella Vargas Vargas 10: 10 &#8211; 11:00 Conversatorio: \u201cLa did\u00e1ctica de las ciencias naturales en tiempos de pandemia, retos y oportunidades\u201dModeradora: Dr. Katya Calder\u00f3n Herrera Dr. Gilberto Alfaro Varela &nbsp;Dr. Francisco Alarc\u00f3n Alba &nbsp;Licda. Shirley Vallejo Sol\u00eds 11:00 &#8211; 11:10 Cambio a sub-salas . 11:15 &#8211; 12:45 Talleres virtuales simult\u00e1neos Taller Qu\u00edmica: Aplicaci\u00f3n de Apps para desarrollo\u2026<\/p>\n","protected":false},"author":4,"featured_media":0,"parent":0,"menu_order":0,"comment_status":"closed","ping_status":"closed","template":"","meta":{"_acf_changed":false,"_monsterinsights_skip_tracking":false,"_monsterinsights_sitenote_active":false,"_monsterinsights_sitenote_note":"","_monsterinsights_sitenote_category":0,"_coblocks_attr":"","_coblocks_dimensions":"","_coblocks_responsive_height":"","_coblocks_accordion_ie_support":"","footnotes":""},"class_list":["post-103","page","type-page","status-publish","hentry"],"acf":[],"_links":{"self":[{"href":"https:\/\/multimedia.uned.ac.cr\/ecen\/sap-ciencias-2020\/wp-json\/wp\/v2\/pages\/103","targetHints":{"allow":["GET"]}}],"collection":[{"href":"https:\/\/multimedia.uned.ac.cr\/ecen\/sap-ciencias-2020\/wp-json\/wp\/v2\/pages"}],"about":[{"href":"https:\/\/multimedia.uned.ac.cr\/ecen\/sap-ciencias-2020\/wp-json\/wp\/v2\/types\/page"}],"author":[{"embeddable":true,"href":"https:\/\/multimedia.uned.ac.cr\/ecen\/sap-ciencias-2020\/wp-json\/wp\/v2\/users\/4"}],"replies":[{"embeddable":true,"href":"https:\/\/multimedia.uned.ac.cr\/ecen\/sap-ciencias-2020\/wp-json\/wp\/v2\/comments?post=103"}],"version-history":[{"count":53,"href":"https:\/\/multimedia.uned.ac.cr\/ecen\/sap-ciencias-2020\/wp-json\/wp\/v2\/pages\/103\/revisions"}],"predecessor-version":[{"id":484,"href":"https:\/\/multimedia.uned.ac.cr\/ecen\/sap-ciencias-2020\/wp-json\/wp\/v2\/pages\/103\/revisions\/484"}],"wp:attachment":[{"href":"https:\/\/multimedia.uned.ac.cr\/ecen\/sap-ciencias-2020\/wp-json\/wp\/v2\/media?parent=103"}],"curies":[{"name":"wp","href":"https:\/\/api.w.org\/{rel}","templated":true}]}}