{"id":6,"date":"2023-03-08T21:59:46","date_gmt":"2023-03-08T21:59:46","guid":{"rendered":"https:\/\/multimedia.uned.ac.cr\/ecen\/sap-ass-2023\/?page_id=6"},"modified":"2023-07-19T16:03:48","modified_gmt":"2023-07-19T16:03:48","slug":"inicio","status":"publish","type":"page","link":"https:\/\/multimedia.uned.ac.cr\/ecen\/sap-ass-2023\/","title":{"rendered":"Inicio"},"content":{"rendered":"\n<p>\u00a1La carrera Administraci\u00f3n de Servicios de Salud (ASS) presenta la plataforma de su I Seminario de Actualizaci\u00f3n Profesional (SAP)!<br>La carrera ASS realizar\u00e1 el primer SAP en el mes de octubre del 2023. A continuaci\u00f3n, puede dar lectura a la informaci\u00f3n respectiva de la planificaci\u00f3n del SAP en las siguientes pesta\u00f1as.<br>\u00a1Se le invita cordialmente a inscribirse!<\/p>\n\n\n\n<div class=\"wp-block-coblocks-accordion\">\n<div class=\"wp-block-coblocks-accordion-item\"><details><summary class=\"wp-block-coblocks-accordion-item__title\">Descripci\u00f3n<\/summary><div class=\"wp-block-coblocks-accordion-item__content\">\n<p>El I SAP de la carrera se desarrollar\u00e1 durante dos d\u00edas. El primer d\u00eda, <strong><em>viernes 20 de octubre del 2023<\/em><\/strong>, se tendr\u00e1 la participaci\u00f3n de tres expositores nacionales, quienes realizar\u00e1n sus charlas de manera virtual. En la tarde de este d\u00eda, se tendr\u00e1 un taller participativo virtual.<\/p>\n\n\n\n<p>El segundo d\u00eda corresponde al <strong><em>s\u00e1bado 21 de octubre del 2023<\/em><\/strong>. Por primera vez, desde el a\u00f1o 2020, la carrera realizar\u00e1 un evento con una din\u00e1mica presencial. Se realizar\u00e1 en el <strong><em>Paraninfo Daniel Oduber Quir\u00f3s, de la Sede Central de la universidad. <\/em><\/strong>Este d\u00eda, se realizar\u00e1 un taller presencial y se contar\u00e1 con un refrigerio para los asistentes del seminario.<\/p>\n\n\n\n<p>Se brindar\u00e1 constancia de participaci\u00f3n a los asistentes. La constancia de participaci\u00f3n es digital y ser\u00e1 enviada a los asistentes por el correo electr\u00f3nico se\u00f1alado en su registro.<\/p>\n\n\n\n<p>Para el primer d\u00eda, se brindar\u00e1 la constancia a quienes reporten su asistencia por los medios indicados el propio d\u00eda del seminario, durante la transmisi\u00f3n de las actividades. Se otorgar\u00e1 a todas las personas que hayan reportado al menos 4 horas de asistencia sincr\u00f3nica.<\/p>\n\n\n\n<p>Para el segundo d\u00eda, se otorgar\u00e1 la constancia a quienes registren su asistencia durante toda la jornada presencial. Para ello, se har\u00e1 uso de un listado electr\u00f3nico que se manejar\u00e1 el 21 de octubre.<\/p>\n<\/div><\/details><\/div>\n\n\n\n<div class=\"wp-block-coblocks-accordion-item\"><details><summary class=\"wp-block-coblocks-accordion-item__title\">Objetivo<\/summary><div class=\"wp-block-coblocks-accordion-item__content\">\n<p>El objetivo de los Seminarios de Actualizaci\u00f3n Profesional de la carrera es brindar un espacio para la actualizaci\u00f3n y reforzamiento de las competencias desarrolladas a lo largo del plan de estudios de los niveles de diplomado, bachillerato y licenciatura de la carrera Administraci\u00f3n de Servicios de Salud para todas aquellas personas interesadas en tem\u00e1ticas relacionadas con el \u00e1rea de la administraci\u00f3n en salud.<\/p>\n<\/div><\/details><\/div>\n\n\n\n<div class=\"wp-block-coblocks-accordion-item\"><details><summary class=\"wp-block-coblocks-accordion-item__title\">Tem\u00e1ticas<\/summary><div class=\"wp-block-coblocks-accordion-item__content\">\n<p>En este primer SAP del a\u00f1o 2023, el d\u00eda 20 de octubre se compartir\u00e1 en un espacio virtual. Se tratar\u00e1n las siguientes tem\u00e1ticas:<\/p>\n\n\n\n<ul class=\"wp-block-list\">\n<li>Econom\u00eda de la Salud,<\/li>\n\n\n\n<li>\u00c9tica,<\/li>\n\n\n\n<li>Comunicaci\u00f3n escrita,<\/li>\n\n\n\n<li>Liderazgo.<\/li>\n<\/ul>\n\n\n\n<p>El segundo d\u00eda, se compartir\u00e1 en un espacio presencial de cupo limitado (m\u00e1ximo 60 personas). Este d\u00eda se realizar\u00e1 un taller participativo a partir de la siguiente tem\u00e1tica:<\/p>\n\n\n\n<ul class=\"wp-block-list\">\n<li>Objetivos de Desarrollo Sostenible al 2030.<\/li>\n<\/ul>\n\n\n\n<p><\/p>\n<\/div><\/details><\/div>\n\n\n\n<div class=\"wp-block-coblocks-accordion-item\"><details><summary class=\"wp-block-coblocks-accordion-item__title\">P\u00fablico del SAP<\/summary><div class=\"wp-block-coblocks-accordion-item__content\">\n<p><strong><em>Poblaci\u00f3n meta<\/em><\/strong><br>La poblaci\u00f3n meta de los Seminarios de Actualizaci\u00f3n Profesional (SAP) son las siguientes personas:<\/p>\n\n\n\n<ul class=\"wp-block-list\">\n<li>Personas egresadas y graduadas de los diferentes niveles de la carrera Administraci\u00f3n de Servicios de Salud,<\/li>\n\n\n\n<li>Estudiantes de los diferentes niveles de la carrera Administraci\u00f3n de Servicios de Salud,<\/li>\n\n\n\n<li>Docentes de la carrera Administraci\u00f3n de Servicios de Salud.<\/li>\n<\/ul>\n\n\n\n<p><strong><em>Otra poblaci\u00f3n<\/em><\/strong><\/p>\n\n\n\n<p>Otras personas interesadas en adquirir conocimientos del \u00e1rea pueden participar libremente del SAP. La inscripci\u00f3n a estas actividades queda abierta a todas aquellas personas que est\u00e9n relacionadas con la administraci\u00f3n en salud, tanto a profesionales como al estudiantado de diferentes centros acad\u00e9micos. La invitaci\u00f3n se abre a la comunidad nacional e internacional que tenga inter\u00e9s de compartir y desee aportar a los espacios destinados para tales fines.<\/p>\n<\/div><\/details><\/div>\n\n\n\n<div class=\"wp-block-coblocks-accordion-item\"><details><summary class=\"wp-block-coblocks-accordion-item__title\">Ubicaci\u00f3n<\/summary><div class=\"wp-block-coblocks-accordion-item__content\">\n<p>Las actividades del viernes 20 de octubre del 2023 se realizar\u00e1n de manera <em>virtual<\/em>, a trav\u00e9s de la plataforma Zoom. A las personas que se inscriban, se les brindar\u00e1 el enlace de acceso con antelaci\u00f3n.<\/p>\n\n\n\n<figure class=\"wp-block-image size-large is-resized\"><img loading=\"lazy\" decoding=\"async\" src=\"https:\/\/multimedia.uned.ac.cr\/ecen\/sap-ass-2023\/wp-content\/uploads\/sites\/39\/2023\/07\/image-1-1024x1024.png\" alt=\"\" class=\"wp-image-56\" width=\"93\" height=\"93\" srcset=\"https:\/\/multimedia.uned.ac.cr\/ecen\/sap-ass-2023\/wp-content\/uploads\/sites\/39\/2023\/07\/image-1-1024x1024.png 1024w, https:\/\/multimedia.uned.ac.cr\/ecen\/sap-ass-2023\/wp-content\/uploads\/sites\/39\/2023\/07\/image-1-300x300.png 300w, https:\/\/multimedia.uned.ac.cr\/ecen\/sap-ass-2023\/wp-content\/uploads\/sites\/39\/2023\/07\/image-1-150x150.png 150w, https:\/\/multimedia.uned.ac.cr\/ecen\/sap-ass-2023\/wp-content\/uploads\/sites\/39\/2023\/07\/image-1-768x768.png 768w, https:\/\/multimedia.uned.ac.cr\/ecen\/sap-ass-2023\/wp-content\/uploads\/sites\/39\/2023\/07\/image-1-1536x1536.png 1536w, https:\/\/multimedia.uned.ac.cr\/ecen\/sap-ass-2023\/wp-content\/uploads\/sites\/39\/2023\/07\/image-1.png 1920w\" sizes=\"auto, (min-width: 900px) 600px, 900px\" \/><\/figure>\n\n\n\n<p>La actividad del s\u00e1bado 21 de octubre del 2023 se realizar\u00e1 de manera presencial en el Paraninfo Daniel Oduber Quir\u00f3s, ubicado en la Sede Central de la universidad, en Mercedes, Montes de Oca. Las personas docentes, graduadas y estudiantes de la UNED, que se inscriban y que vivan fuera del Gran \u00c1rea Metropolitana, podr\u00e1n solicitar a la carrera alg\u00fan medio alternativo de transporte desde una sede universitaria de referencia.<\/p>\n\n\n\n<p>Para llegar a la ubicaci\u00f3n exacta, puede dar click en el siguiente enlace: <a href=\"https:\/\/goo.gl\/maps\/GMbn8QjMbXGBnLKm7\">Paraninfo Daniel Oduber Quir\u00f3s<\/a><\/p>\n<\/div><\/details><\/div>\n<\/div>\n","protected":false},"excerpt":{"rendered":"<p>\u00a1La carrera Administraci\u00f3n de Servicios de Salud (ASS) presenta la plataforma de su I Seminario de Actualizaci\u00f3n Profesional (SAP)!La carrera ASS realizar\u00e1 el primer SAP en el mes de octubre del 2023. A continuaci\u00f3n, puede dar lectura a la informaci\u00f3n respectiva de la planificaci\u00f3n del SAP en las siguientes pesta\u00f1as.\u00a1Se le invita cordialmente a inscribirse!<\/p>\n","protected":false},"author":2,"featured_media":0,"parent":0,"menu_order":0,"comment_status":"closed","ping_status":"closed","template":"page-full-width.php","meta":{"_acf_changed":false,"_monsterinsights_skip_tracking":false,"_monsterinsights_sitenote_active":false,"_monsterinsights_sitenote_note":"","_monsterinsights_sitenote_category":0,"_coblocks_attr":"","_coblocks_dimensions":"","_coblocks_responsive_height":"","_coblocks_accordion_ie_support":"","footnotes":""},"class_list":["post-6","page","type-page","status-publish","hentry"],"acf":[],"_links":{"self":[{"href":"https:\/\/multimedia.uned.ac.cr\/ecen\/sap-ass-2023\/wp-json\/wp\/v2\/pages\/6","targetHints":{"allow":["GET"]}}],"collection":[{"href":"https:\/\/multimedia.uned.ac.cr\/ecen\/sap-ass-2023\/wp-json\/wp\/v2\/pages"}],"about":[{"href":"https:\/\/multimedia.uned.ac.cr\/ecen\/sap-ass-2023\/wp-json\/wp\/v2\/types\/page"}],"author":[{"embeddable":true,"href":"https:\/\/multimedia.uned.ac.cr\/ecen\/sap-ass-2023\/wp-json\/wp\/v2\/users\/2"}],"replies":[{"embeddable":true,"href":"https:\/\/multimedia.uned.ac.cr\/ecen\/sap-ass-2023\/wp-json\/wp\/v2\/comments?post=6"}],"version-history":[{"count":7,"href":"https:\/\/multimedia.uned.ac.cr\/ecen\/sap-ass-2023\/wp-json\/wp\/v2\/pages\/6\/revisions"}],"predecessor-version":[{"id":64,"href":"https:\/\/multimedia.uned.ac.cr\/ecen\/sap-ass-2023\/wp-json\/wp\/v2\/pages\/6\/revisions\/64"}],"wp:attachment":[{"href":"https:\/\/multimedia.uned.ac.cr\/ecen\/sap-ass-2023\/wp-json\/wp\/v2\/media?parent=6"}],"curies":[{"name":"wp","href":"https:\/\/api.w.org\/{rel}","templated":true}]}}