{"id":103,"date":"2019-09-14T22:12:09","date_gmt":"2019-09-14T22:12:09","guid":{"rendered":"https:\/\/multimedia.uned.ac.cr\/ecen\/sap-ciencias-2019\/?page_id=103"},"modified":"2021-09-04T19:04:03","modified_gmt":"2021-09-04T19:04:03","slug":"programa","status":"publish","type":"page","link":"https:\/\/multimedia.uned.ac.cr\/ecen\/sap-agro-2021\/programa\/","title":{"rendered":"Agenda"},"content":{"rendered":"\n<h2 class=\"has-custom-size wp-block-heading\" style=\"font-size:25px\">Actividades programadas<\/h2>\n\n\n\n<p><\/p>\n\n\n\n<figure class=\"wp-block-table aligncenter agenda is-style-stripes\"><table class=\"has-subtle-pale-blue-background-color has-background\"><tbody><tr><td><strong>Horario <\/strong><\/td><td><strong>Actividad <\/strong><\/td><td><strong>Responsable<\/strong><\/td><\/tr><tr><td>8:00 &#8211; 8:30 a.m<\/td><td>Apertura. Palabras de bienvenida III Seminario de Actualizaci\u00f3n Profesional<\/td><td>Sr. Jeffry Barrantes Guti\u00e9rrez<br>Director a.i. de la ECEN<\/td><\/tr><tr><td>8:30 &#8211; 9:15 a.m<\/td><td><strong>Charla 1.<\/strong> Kiss the ground<\/td><td>Sr. Elemer Briceno Elizondo<br>Coordinador de la Estaci\u00f3n Experimental 28 Millas UNED<\/td><\/tr><tr><td>9:15 &#8211; 10:15 a.m<\/td><td><strong>Charla 2. <\/strong>El desarrollo regenerativo enfocado en el recurso suelo<\/td><td>Sr. Dr. Felix Ca\u00f1et<br>UCI<br>Expositor internacional<\/td><\/tr><tr><td>10:15 &#8211; 10:45 a.m  <\/td><td><strong>Charla 3. <\/strong>Tendecias para el uso eficiente del nitr\u00f3geno<\/td><td>Sr. Gerardo Emilio Chac\u00f3n Naranjo<br>C\u00e1tedra de Gesti\u00f3n Sostenible del Suelo<\/td><\/tr><tr><td>10:45 &#8211;<br>11:45 a.m<\/td><td><strong>Charla 4. <\/strong>Fertirrigaci\u00f3n para el aprovechamiento del recurso h\u00eddrico en los sistemas productivos agropecuarios<\/td><td>Sr. Jose Monge Fern\u00e1ndez<br>Agro Riegos de Centroam\u00e9rica S.A<br><br>Sra. Fanny Brenes Bonilla<br>C\u00e1tedra de Gesti\u00f3n Sostenible del Suelo<\/td><\/tr><tr><td>11:45 &#8211;<br>12:30 p.m<\/td><td><strong>Charla 5. <\/strong>Ordenamiento de tierras para uso agr\u00edcola<\/td><td>Sra. Paola Brenes Rojas<br>C\u00e1tedra de Gesti\u00f3n Sostenible del Suelo<\/td><\/tr><tr><td>12:30 &#8211;<br>12:45 p.m<\/td><td><strong>Cierre. <\/strong>Seminario de Actualizaci\u00f3n Profesional<\/td><td>Sra. Karla Montero Jara<br>Encargada de la Carrera de Ingenier\u00eda Agron\u00f3mica UNED<\/td><\/tr><tr><td><\/td><td><\/td><td><\/td><\/tr><\/tbody><\/table><\/figure>\n\n\n\n<p><\/p>\n","protected":false},"excerpt":{"rendered":"<p>Actividades programadas Horario Actividad Responsable 8:00 &#8211; 8:30 a.m Apertura. Palabras de bienvenida III Seminario de Actualizaci\u00f3n Profesional Sr. Jeffry Barrantes Guti\u00e9rrezDirector a.i. de la ECEN 8:30 &#8211; 9:15 a.m Charla 1. Kiss the ground Sr. Elemer Briceno ElizondoCoordinador de la Estaci\u00f3n Experimental 28 Millas UNED 9:15 &#8211; 10:15 a.m Charla 2. El desarrollo regenerativo enfocado en el recurso suelo Sr. Dr. Felix Ca\u00f1etUCIExpositor internacional 10:15 &#8211; 10:45 a.m Charla 3. Tendecias para el uso eficiente del nitr\u00f3geno Sr. Gerardo Emilio Chac\u00f3n NaranjoC\u00e1tedra de Gesti\u00f3n Sostenible del Suelo 10:45 &#8211;11:45 a.m Charla 4. Fertirrigaci\u00f3n para el aprovechamiento del recurso h\u00eddrico\u2026<\/p>\n","protected":false},"author":6,"featured_media":0,"parent":0,"menu_order":0,"comment_status":"closed","ping_status":"closed","template":"","meta":{"_acf_changed":false,"_monsterinsights_skip_tracking":false,"_monsterinsights_sitenote_active":false,"_monsterinsights_sitenote_note":"","_monsterinsights_sitenote_category":0,"_coblocks_attr":"","_coblocks_dimensions":"","_coblocks_responsive_height":"","_coblocks_accordion_ie_support":"","footnotes":""},"class_list":["post-103","page","type-page","status-publish","hentry"],"acf":[],"_links":{"self":[{"href":"https:\/\/multimedia.uned.ac.cr\/ecen\/sap-agro-2021\/wp-json\/wp\/v2\/pages\/103","targetHints":{"allow":["GET"]}}],"collection":[{"href":"https:\/\/multimedia.uned.ac.cr\/ecen\/sap-agro-2021\/wp-json\/wp\/v2\/pages"}],"about":[{"href":"https:\/\/multimedia.uned.ac.cr\/ecen\/sap-agro-2021\/wp-json\/wp\/v2\/types\/page"}],"author":[{"embeddable":true,"href":"https:\/\/multimedia.uned.ac.cr\/ecen\/sap-agro-2021\/wp-json\/wp\/v2\/users\/6"}],"replies":[{"embeddable":true,"href":"https:\/\/multimedia.uned.ac.cr\/ecen\/sap-agro-2021\/wp-json\/wp\/v2\/comments?post=103"}],"version-history":[{"count":40,"href":"https:\/\/multimedia.uned.ac.cr\/ecen\/sap-agro-2021\/wp-json\/wp\/v2\/pages\/103\/revisions"}],"predecessor-version":[{"id":576,"href":"https:\/\/multimedia.uned.ac.cr\/ecen\/sap-agro-2021\/wp-json\/wp\/v2\/pages\/103\/revisions\/576"}],"wp:attachment":[{"href":"https:\/\/multimedia.uned.ac.cr\/ecen\/sap-agro-2021\/wp-json\/wp\/v2\/media?parent=103"}],"curies":[{"name":"wp","href":"https:\/\/api.w.org\/{rel}","templated":true}]}}