{"id":101,"date":"2019-09-14T22:11:58","date_gmt":"2019-09-14T22:11:58","guid":{"rendered":"https:\/\/multimedia.uned.ac.cr\/ecen\/sap-ciencias-2019\/?page_id=101"},"modified":"2021-09-04T18:48:39","modified_gmt":"2021-09-04T18:48:39","slug":"inicio","status":"publish","type":"page","link":"https:\/\/multimedia.uned.ac.cr\/ecen\/sap-agro-2021\/","title":{"rendered":"Descripci\u00f3n del evento"},"content":{"rendered":"\n<p>El Seminario <em>\u201cEl Suelo: Esencial para el futuro sostenible de Costa Rica\u201d <\/em>en el marco de la D\u00e9cada Internacional de los Suelos (2015-2024), responde a las necesidades actuales de capacitaci\u00f3n de las personas graduadas con base en el contexto actual del Sector Agropecuario. Actualmente, dicho sector demanda procesos productivos sostenibles que generen productos agropecuarios que satisfagan las necesidades, gustos y preferencias de los consumidores nacionales e internacionales.<\/p>\n\n\n\n<p>Una producci\u00f3n agr\u00edcola eficiente demanda de suelos de alta calidad, con buenas propiedades qu\u00edmicas, f\u00edsicas y biol\u00f3gicas, as\u00ed como apto para funcionar dentro de los l\u00edmites ecol\u00f3gicos, sostener la productividad biol\u00f3gica, manteniendo la calidad ambiental, y promoviendo la salud de la flora y la fauna (Ochoa et al., 2007; Acevedo <em>et al.<\/em>, 2021).<\/p>\n\n\n\n<p>Por lo tanto, el manejo sostenible del suelo es un factor clave para aumentar la productividad agr\u00edcola ante la necesidad de alimentar a la poblaci\u00f3n; as\u00ed como la capacidad de los pa\u00edses de producir los suficientes alimentos sanos, nutritivos y accesibles para su poblaci\u00f3n (Rodr\u00edguez <em>et al<\/em>. 2020).<\/p>\n\n\n\n<p>Con base en lo anterior, la b\u00fasqueda del adecuado uso, manejo y conservaci\u00f3n del suelo desde su valor agron\u00f3mico, ecol\u00f3gico y socioecon\u00f3mico debe ser un tema de gran relevancia para el sector productivo, la academia, el gobierno y los profesionales involucrados, etc. Es por ello, que este evento contribuye de manera directa y continua a la actualizaci\u00f3n de los conocimientos de las personas graduadas con base en el contexto actual.<\/p>\n\n\n\n<p>Este Seminario genera un espacio adecuado para que las personas egresadas compartan sus criterios y experiencias con personal que se desempe\u00f1a en la Academia, la Institucionalidad y el Sector Productivo Agropecuario, con el prop\u00f3sito de actualizar e incentivar a trav\u00e9s de tem\u00e1tica, su desempe\u00f1o a nivel profesional.<\/p>\n\n\n\n<p>Es importante destacar que la tem\u00e1tica propuesta para este seminario se encuentra alineada a partir de las necesidades de capacitaci\u00f3n externadas por los graduados en las evaluaciones del Seminario de Actualizaci\u00f3n profesional 2020, los objetivos de la C\u00e1tedra de Gesti\u00f3n Sostenible del Suelo UNED, el Plan Nacional de Descarbonizaci\u00f3n 2018-2050, las l\u00edneas de trabajo de: La Alianza Mundial por el Suelo en sus objetivos de desarrollo sostenible, La FAO mediante su programa RECSOIL: Recarbonizaci\u00f3n de suelos agropecuarios, La Alianza Nacional del Suelo, as\u00ed como de la Asociaci\u00f3n Costarricense de la Ciencia del Suelo.<\/p>\n\n\n\n<p><strong>Objetivos:<\/strong><\/p>\n\n\n\n<ul class=\"wp-block-list\"><li><em>Analizar alternativas agron\u00f3micas que potencien la sostenibilidad del recurso suelo con base en las caracter\u00edsticas de las explotaciones agropecuarias de Costa Rica.<\/em><\/li><\/ul>\n\n\n\n<ul class=\"wp-block-list\"><li><em>Fortalecer la interacci\u00f3n entre las personas graduadas de la Carrera de Ingenier\u00eda Agron\u00f3mica para el intercambio de experiencias e iniciativas de colaboraci\u00f3n en pro del bienestar del Sector Agropecuario.<\/em><\/li><\/ul>\n\n\n\n<ul class=\"wp-block-list\"><li><em>Fomentar la pertenencia de las personas graduadas de la Carrera de Ingenier\u00eda Agron\u00f3mica mediante la comunicaci\u00f3n efectiva y constante con el programa de actualizaci\u00f3n profesional de dicha carrera.<\/em><br><\/li><\/ul>\n","protected":false},"excerpt":{"rendered":"<p>El Seminario \u201cEl Suelo: Esencial para el futuro sostenible de Costa Rica\u201d en el marco de la D\u00e9cada Internacional de los Suelos (2015-2024), responde a las necesidades actuales de capacitaci\u00f3n de las personas graduadas con base en el contexto actual del Sector Agropecuario. Actualmente, dicho sector demanda procesos productivos sostenibles que generen productos agropecuarios que satisfagan las necesidades, gustos y preferencias de los consumidores nacionales e internacionales. Una producci\u00f3n agr\u00edcola eficiente demanda de suelos de alta calidad, con buenas propiedades qu\u00edmicas, f\u00edsicas y biol\u00f3gicas, as\u00ed como apto para funcionar dentro de los l\u00edmites ecol\u00f3gicos, sostener la productividad biol\u00f3gica, manteniendo la\u2026<\/p>\n","protected":false},"author":6,"featured_media":0,"parent":0,"menu_order":0,"comment_status":"closed","ping_status":"closed","template":"","meta":{"_acf_changed":false,"_monsterinsights_skip_tracking":false,"_monsterinsights_sitenote_active":false,"_monsterinsights_sitenote_note":"","_monsterinsights_sitenote_category":0,"_coblocks_attr":"Arial","_coblocks_dimensions":"","_coblocks_responsive_height":"","_coblocks_accordion_ie_support":"","footnotes":""},"class_list":["post-101","page","type-page","status-publish","hentry"],"acf":[],"_links":{"self":[{"href":"https:\/\/multimedia.uned.ac.cr\/ecen\/sap-agro-2021\/wp-json\/wp\/v2\/pages\/101","targetHints":{"allow":["GET"]}}],"collection":[{"href":"https:\/\/multimedia.uned.ac.cr\/ecen\/sap-agro-2021\/wp-json\/wp\/v2\/pages"}],"about":[{"href":"https:\/\/multimedia.uned.ac.cr\/ecen\/sap-agro-2021\/wp-json\/wp\/v2\/types\/page"}],"author":[{"embeddable":true,"href":"https:\/\/multimedia.uned.ac.cr\/ecen\/sap-agro-2021\/wp-json\/wp\/v2\/users\/6"}],"replies":[{"embeddable":true,"href":"https:\/\/multimedia.uned.ac.cr\/ecen\/sap-agro-2021\/wp-json\/wp\/v2\/comments?post=101"}],"version-history":[{"count":14,"href":"https:\/\/multimedia.uned.ac.cr\/ecen\/sap-agro-2021\/wp-json\/wp\/v2\/pages\/101\/revisions"}],"predecessor-version":[{"id":570,"href":"https:\/\/multimedia.uned.ac.cr\/ecen\/sap-agro-2021\/wp-json\/wp\/v2\/pages\/101\/revisions\/570"}],"wp:attachment":[{"href":"https:\/\/multimedia.uned.ac.cr\/ecen\/sap-agro-2021\/wp-json\/wp\/v2\/media?parent=101"}],"curies":[{"name":"wp","href":"https:\/\/api.w.org\/{rel}","templated":true}]}}