{"id":10,"date":"2024-05-23T21:13:48","date_gmt":"2024-05-23T21:13:48","guid":{"rendered":"https:\/\/multimedia.uned.ac.cr\/ecen\/jornada-salud-2024\/?page_id=10"},"modified":"2024-09-21T13:59:40","modified_gmt":"2024-09-21T13:59:40","slug":"ejes","status":"publish","type":"page","link":"https:\/\/multimedia.uned.ac.cr\/ecen\/jornada-salud-2024\/inicio\/ejes\/","title":{"rendered":"Ejes"},"content":{"rendered":"\n<p>Las ponencias, seg\u00fan su tem\u00e1tica, pueden identificarse con cuatro ejes:<\/p>\n\n\n\n<div class=\"wp-block-media-text has-media-on-the-right is-stacked-on-mobile\"><div class=\"wp-block-media-text__content\">\n<p><\/p>\n\n\n\n<ul class=\"is-style-checkbox wp-block-list\">\n<li>Visi\u00f3n estrat\u00e9gica de la administraci\u00f3n de servicios de salud<\/li>\n\n\n\n<li>Importancia de la administraci\u00f3n de servicios de salud en la gesti\u00f3n de la promoci\u00f3n de la salud<\/li>\n\n\n\n<li>Gesti\u00f3n ambiental como sistema integrado de la administraci\u00f3n de los servicios de salud<\/li>\n\n\n\n<li>Aportes de la academia a la administraci\u00f3n de servicios de salud Otras perspectivas en administraci\u00f3n de servicios de salud<\/li>\n<\/ul>\n<\/div><figure class=\"wp-block-media-text__media\"><img loading=\"lazy\" decoding=\"async\" width=\"1024\" height=\"575\" src=\"https:\/\/multimedia.uned.ac.cr\/ecen\/jornada-salud-2024\/wp-content\/uploads\/sites\/43\/2024\/09\/Jornada-2-1024x575.jpg\" alt=\"\" class=\"wp-image-96 size-full\" srcset=\"https:\/\/multimedia.uned.ac.cr\/ecen\/jornada-salud-2024\/wp-content\/uploads\/sites\/43\/2024\/09\/Jornada-2-1024x575.jpg 1024w, https:\/\/multimedia.uned.ac.cr\/ecen\/jornada-salud-2024\/wp-content\/uploads\/sites\/43\/2024\/09\/Jornada-2-300x169.jpg 300w, https:\/\/multimedia.uned.ac.cr\/ecen\/jornada-salud-2024\/wp-content\/uploads\/sites\/43\/2024\/09\/Jornada-2-768x432.jpg 768w, https:\/\/multimedia.uned.ac.cr\/ecen\/jornada-salud-2024\/wp-content\/uploads\/sites\/43\/2024\/09\/Jornada-2.jpg 1500w\" sizes=\"auto, (min-width: 900px) 600px, 900px\" \/><\/figure><\/div>\n","protected":false},"excerpt":{"rendered":"<p>Las ponencias, seg\u00fan su tem\u00e1tica, pueden identificarse con cuatro ejes:<\/p>\n","protected":false},"author":2,"featured_media":0,"parent":4,"menu_order":0,"comment_status":"closed","ping_status":"closed","template":"page-full-width.php","meta":{"_acf_changed":false,"_monsterinsights_skip_tracking":false,"_monsterinsights_sitenote_active":false,"_monsterinsights_sitenote_note":"","_monsterinsights_sitenote_category":0,"_coblocks_attr":"","_coblocks_dimensions":"","_coblocks_responsive_height":"","_coblocks_accordion_ie_support":"","footnotes":""},"class_list":["post-10","page","type-page","status-publish","hentry"],"acf":[],"_links":{"self":[{"href":"https:\/\/multimedia.uned.ac.cr\/ecen\/jornada-salud-2024\/wp-json\/wp\/v2\/pages\/10","targetHints":{"allow":["GET"]}}],"collection":[{"href":"https:\/\/multimedia.uned.ac.cr\/ecen\/jornada-salud-2024\/wp-json\/wp\/v2\/pages"}],"about":[{"href":"https:\/\/multimedia.uned.ac.cr\/ecen\/jornada-salud-2024\/wp-json\/wp\/v2\/types\/page"}],"author":[{"embeddable":true,"href":"https:\/\/multimedia.uned.ac.cr\/ecen\/jornada-salud-2024\/wp-json\/wp\/v2\/users\/2"}],"replies":[{"embeddable":true,"href":"https:\/\/multimedia.uned.ac.cr\/ecen\/jornada-salud-2024\/wp-json\/wp\/v2\/comments?post=10"}],"version-history":[{"count":3,"href":"https:\/\/multimedia.uned.ac.cr\/ecen\/jornada-salud-2024\/wp-json\/wp\/v2\/pages\/10\/revisions"}],"predecessor-version":[{"id":97,"href":"https:\/\/multimedia.uned.ac.cr\/ecen\/jornada-salud-2024\/wp-json\/wp\/v2\/pages\/10\/revisions\/97"}],"up":[{"embeddable":true,"href":"https:\/\/multimedia.uned.ac.cr\/ecen\/jornada-salud-2024\/wp-json\/wp\/v2\/pages\/4"}],"wp:attachment":[{"href":"https:\/\/multimedia.uned.ac.cr\/ecen\/jornada-salud-2024\/wp-json\/wp\/v2\/media?parent=10"}],"curies":[{"name":"wp","href":"https:\/\/api.w.org\/{rel}","templated":true}]}}