{"id":26,"date":"2021-05-06T15:42:18","date_gmt":"2021-05-06T21:42:18","guid":{"rendered":"https:\/\/multimedia.uned.ac.cr\/ecen\/equina2021\/?page_id=26"},"modified":"2021-06-02T08:38:48","modified_gmt":"2021-06-02T14:38:48","slug":"descripcion-del-evento","status":"publish","type":"page","link":"https:\/\/multimedia.uned.ac.cr\/ecen\/equina2021\/","title":{"rendered":"Presentaci\u00f3n"},"content":{"rendered":"\n<p>No es sino hasta 1972 que se puede hablar de un desarrollo organizado de la cr\u00eda caballar en Costa Rica. Fue a partir de ese momento que se comenzaron a realizar importaciones de las m\u00e1s destacadas ganader\u00edas espa\u00f1olas tales como Trujillo, Terry, Salvatierra, entre otras. Conforme fue creciendo el desarrollo de esta actividad, se toma&nbsp; la decisi\u00f3n de solicitar ante Espa\u00f1a su colaboraci\u00f3n para organizar legalmente a los criadores de caballos en Costa Rica. La solicitud fue planteada por don Carlos Manuel Coto Alb\u00e1n, con la mediaci\u00f3n de don Humberto Ruiz Hidalgo. Siendo as\u00ed que a partir de setiembre de 1975 se fund\u00f3 la Asociaci\u00f3n Costarricense de Criadores de Caballos de Pura Raza Espa\u00f1ola.<\/p>\n\n\n\n<p>A partir de ese entonces, los criadores nacionales empiezan a apegar su actividad conforme a los lineamientos estipulados por la Jefatura de Cr\u00eda Caballar de Espa\u00f1a, ya con el apoyo del Estado Espa\u00f1ol que brindaba su aval a la producci\u00f3n costarricense.<\/p>\n\n\n\n<p>Por otro lado, en 1974 se fund\u00f3 la Asociaci\u00f3n de Criadores de Caballos Costarricense de Paso, siendo la que administra el Registro geneal\u00f3gico correspondiente a dicha raza.<\/p>\n\n\n\n<p>A partir de 1980. Costa Rica se convirti\u00f3 en el \u00fanico pa\u00eds del continente americano que posee un registro geneal\u00f3gico que es reconocido por el Registro de Matr\u00edcula de Espa\u00f1a. En 1995 se firm\u00f3 el protocolo de adhesi\u00f3n y cumplimiento suscrito entre la Jefatura de Cr\u00eda Caballar y la Asociaci\u00f3n costarricense de criadores de caballos de Pura Raza Espa\u00f1ola con el fin de que se le diera a los animales nacidos en Costa Rica los mismos privilegios a los nacidos en Espa\u00f1a.<\/p>\n\n\n\n<p>&nbsp;El 22 de Julio de 1991, un grupo de criadores de caballos en Costa Rica, decidieron asumir el dif\u00edcil reto de crear una nueva raza equina de silla, a partir del cruce comercial entre los germoplasmas del caballo Pura Raza Espa\u00f1ol, del Peruano y el de los caballos criollos, existentes en Centro Am\u00e9rica casi desde la Colonia.<\/p>\n\n\n\n<p>Con lo anterior se persegu\u00eda obtener una raza de caballos que fuera atl\u00e9tica, resistente, que poseyera gran fortaleza y energ\u00eda, pero a la vez con un temperamento d\u00f3cil, destacando su trote particular, de gran impulsi\u00f3n y cadencia, se pretend\u00eda obtener una raza funcional, apta para la reuni\u00f3n as\u00ed como multifac\u00e9tica dentro del mundo ecuestre.<\/p>\n\n\n\n<p>Es as\u00ed como se funda la Asociaci\u00f3n Centroamericana De Criadores Del Caballo De Raza Iberoamericana, desarrollando toda una estrategia y reglamentaci\u00f3n para gestar esta nueva raza a partir de un simple cruce comercial existente. Para alcanzar el objetivo planteado, los criadores junto con los profesionales especializados, se dieron a la ardua tarea de dise\u00f1ar el Patr\u00f3n Racial oficial de la Raza, as\u00ed como los reglamentos tanto de Competici\u00f3n como para lo que seria el Registro Geneal\u00f3gico o Stud Book de la \u201cRaza del Futuro\u201d.<\/p>\n\n\n\n<p>Como razas progenitoras del Iberoamericano, se seleccionaron: El Paso Costarricense antes llamado Criollo, El Peruano, ambas latinoamericanas y dos ib\u00e9ricas: el Pura Raza Espa\u00f1ol y el Lusitano.&nbsp;&nbsp; Hoy en d\u00eda existen m\u00e1s de 3000 equinos registrados y 387 socios activos, se exportan animales a 8 pa\u00edses (M\u00e9xico, USA, Centroam\u00e9rica y Puerto Rico.); anualmente se realizan en Centroam\u00e9rica 9 exposiciones de la raza aproximadamente.<\/p>\n\n\n\n<p>Por otro lado, la Asoibero y sus jueces han colaborado t\u00e9cnicamente en el establecimiento de nuevas asociaciones de la Raza en pa\u00edses amigos como Nicaragua, Panama, Honduras, el Salvador y Guatemala.<\/p>\n\n\n\n<p>Por otro lado el Caballo Costarricense de paso fue nombrado&nbsp; como la Raza Nacional de Costa Rica seg\u00fan Decreto Ejecutivo Nacional de Costa Rica No.23213-MAG del 2 de mayo de 1994, animal que se caracteriza por su belleza, resistencia, energ\u00eda y elegancia en sus movimientos. Es un caballo vers\u00e1til que puede ser utilizado para el placer, trabajo y de exhibici\u00f3n.<\/p>\n\n\n\n<p>Conforme a lo que indica L\u00f3pez (2008), en Costa Rica, la producci\u00f3n y exportaci\u00f3n de equinos a distintos pa\u00edses ha ido en crecimiento, cada a\u00f1o. Los equinos se exportan por avi\u00f3n a M\u00e9xico, Guatemala y Nicaragua, que son mercados que invierten aproximadamente 200 000 d\u00f3lares anuales en la adquisici\u00f3n de estos ejemplares. Costa Rica, logra colocar anualmente aproximadamente un total de 250 caballos, por lo que es una actividad en crecimiento en el pa\u00eds.<\/p>\n\n\n\n<p>Seg\u00fan los datos brindados por el INEC (2014), al 2014 exist\u00edan en Costa Rica un total de 20122 fincas&nbsp; con caballos en las mismas exist\u00edan un total de 35162&nbsp; machos y&nbsp; 31780 hembras, siendo la provincia de Guanacaste, la que mayor cantidad de equinos ten\u00eda, con un total de 9 907 machos y&nbsp; 8 998 hembras.<\/p>\n\n\n\n<p>Recientemente se han organizado otras asociaciones de criadores de caballos en Costa Rica, con lo que se ha logrado fortalecer a\u00fan m\u00e1s esta actividad tales como: la Asociaci\u00f3n Costarricense de caballos frisones y la Asociaci\u00f3n de criadores de caballos de campo y deportivo de Costa Rica, que pretenden estimular el mejoramiento de las razas equinas, la promoci\u00f3n de diversas actividades ecuestres as\u00ed como el fortalecimiento del sector productivo equino a nivel nacional.<\/p>\n\n\n\n<p>Existe un convenio marco de cooperaci\u00f3n suscrito entre la Universidad Nacional Abierta y a Distancia (UNAD) de Colombia y la Universidad Estatal a Distancia (UNED) de Costa Rica. En el marco de dicho convenio de cooperaci\u00f3n, en el mes de diciembre 2020, la UNAD efectu\u00f3 el I Seminario Internacional de Producci\u00f3n Equina, utilizando medios virtuales, para lo cual se invit\u00f3 a una tutora de la carrera de Ingenier\u00eda Agron\u00f3mica a participar en la misma, resultando ser un evento muy exitoso, ya que tuvo alcance internacional, con la participaci\u00f3n de ponentes no \u00fanicamente colombianos sino de otros pa\u00edses de Latinoam\u00e9rica.<\/p>\n\n\n\n<p>Igualmente durante los meses de febrero, marzo y abril, 2021, se han sostenido reuniones entre la UNAD y la UNED, con el fin de realizar el II Seminario Internacional de Producci\u00f3n Equina y el I Seminario Nacional de Producci\u00f3n Equina en Costa Rica, de forma conjunta, para lo cual se han definido aspectos de log\u00edstica y organizaci\u00f3n para llevarlo a cabo, igualmente utilizando medios tecnol\u00f3gicos, para ello se ha fijado la fecha del S\u00e1bado 3 de julio, 2021 para su realizaci\u00f3n.<\/p>\n\n\n\n<p>En el mismo se espera igualmente la participaci\u00f3n de ponentes internacionales y nacionales, as\u00ed como asistentes no \u00fanicamente de Colombia y Costa Rica sino de otras naciones. Para el II Seminario Internacional de Producci\u00f3n Equina y I Seminario Nacional de Producci\u00f3n Equina se ha definido como tema general las Buenas Pr\u00e1cticas Pecuarias aplicadas en la Producci\u00f3n Equina.<\/p>\n\n\n\n<p>Con la realizaci\u00f3n del I Seminario Nacional de Producci\u00f3n Equina y II Seminario Internacional de Producci\u00f3n Equina, se pretende discutir y analizar t\u00f3picos de actualidad relacionados con las Buenas Pr\u00e1cticas Equinas en \u00e1reas de conocimiento tales como: Reproducci\u00f3n Equina, Nutrici\u00f3n y Alimentaci\u00f3n de los Caballos, Etolog\u00eda y manejo de los equinos, Odontolog\u00eda equina, Ortopedia y Traumatolog\u00eda Aplicada a la producci\u00f3n equina, as\u00ed como la utilizaci\u00f3n correcta de los Herrajes y Sanidad Equina, entre otros.<\/p>\n\n\n\n<p>Este Seminario genera un espacio adecuado para que los estudiantes, graduados y profesionales de la carrera de Ingenier\u00eda Agron\u00f3mica y carreras relacionadas con el Sector Agropecuario, as\u00ed como p\u00fablico en general interesados en la Producci\u00f3n Equina analicen y discutan t\u00f3picos de actualidad relacionados con las Buenas Pr\u00e1cticas Equinas.<\/p>\n\n\n\n<p><strong>Objetivos:<\/strong><\/p>\n\n\n\n<p>Analizar los t\u00f3picos de actualidad en el campo de las Buenas Pr\u00e1cticas Pecuarias aplicadas a la Producci\u00f3n Equina y sus implicaciones en los pa\u00edses latinoamericanos.<\/p>\n\n\n\n<p>Discutir aspectos relacionados con la sanidad,&nbsp; nutrici\u00f3n y la alimentaci\u00f3n animal y su relaci\u00f3n con la producci\u00f3n equina.<\/p>\n\n\n\n<p>Relacionar t\u00f3picos de actualidad de la etolog\u00eda equina y sus implicaciones en el comportamiento de los caballos.<\/p>\n\n\n\n<p>Abordar temas de actualidad vinculados con la odontolog\u00eda equina as\u00ed como la ortopedia y la Traumatolog\u00eda Equina.<\/p>\n","protected":false},"excerpt":{"rendered":"<p>No es sino hasta 1972 que se puede hablar de un desarrollo organizado de la cr\u00eda caballar en Costa Rica. Fue a partir de ese momento que se comenzaron a realizar importaciones de las m\u00e1s destacadas ganader\u00edas espa\u00f1olas tales como Trujillo, Terry, Salvatierra, entre otras. Conforme fue creciendo el desarrollo de esta actividad, se toma&nbsp; la decisi\u00f3n de solicitar ante Espa\u00f1a su colaboraci\u00f3n para organizar legalmente a los criadores de caballos en Costa Rica. La solicitud fue planteada por don Carlos Manuel Coto Alb\u00e1n, con la mediaci\u00f3n de don Humberto Ruiz Hidalgo. Siendo as\u00ed que a partir de setiembre de\u2026<\/p>\n","protected":false},"author":2,"featured_media":0,"parent":0,"menu_order":0,"comment_status":"closed","ping_status":"closed","template":"","meta":{"_acf_changed":false,"_monsterinsights_skip_tracking":false,"_monsterinsights_sitenote_active":false,"_monsterinsights_sitenote_note":"","_monsterinsights_sitenote_category":0,"_coblocks_attr":"","_coblocks_dimensions":"","_coblocks_responsive_height":"","_coblocks_accordion_ie_support":"","footnotes":""},"class_list":["post-26","page","type-page","status-publish","hentry"],"acf":[],"_links":{"self":[{"href":"https:\/\/multimedia.uned.ac.cr\/ecen\/equina2021\/wp-json\/wp\/v2\/pages\/26","targetHints":{"allow":["GET"]}}],"collection":[{"href":"https:\/\/multimedia.uned.ac.cr\/ecen\/equina2021\/wp-json\/wp\/v2\/pages"}],"about":[{"href":"https:\/\/multimedia.uned.ac.cr\/ecen\/equina2021\/wp-json\/wp\/v2\/types\/page"}],"author":[{"embeddable":true,"href":"https:\/\/multimedia.uned.ac.cr\/ecen\/equina2021\/wp-json\/wp\/v2\/users\/2"}],"replies":[{"embeddable":true,"href":"https:\/\/multimedia.uned.ac.cr\/ecen\/equina2021\/wp-json\/wp\/v2\/comments?post=26"}],"version-history":[{"count":3,"href":"https:\/\/multimedia.uned.ac.cr\/ecen\/equina2021\/wp-json\/wp\/v2\/pages\/26\/revisions"}],"predecessor-version":[{"id":58,"href":"https:\/\/multimedia.uned.ac.cr\/ecen\/equina2021\/wp-json\/wp\/v2\/pages\/26\/revisions\/58"}],"wp:attachment":[{"href":"https:\/\/multimedia.uned.ac.cr\/ecen\/equina2021\/wp-json\/wp\/v2\/media?parent=26"}],"curies":[{"name":"wp","href":"https:\/\/api.w.org\/{rel}","templated":true}]}}