{"id":7,"date":"2025-06-04T20:00:24","date_gmt":"2025-06-04T20:00:24","guid":{"rendered":"https:\/\/multimedia.uned.ac.cr\/ecen\/encuentro-salud-2025\/?page_id=7"},"modified":"2025-09-12T19:50:52","modified_gmt":"2025-09-12T19:50:52","slug":"objetivo-del-congreso","status":"publish","type":"page","link":"https:\/\/multimedia.uned.ac.cr\/ecen\/encuentro-salud-2025\/objetivo-del-congreso\/","title":{"rendered":"Objetivo del Congreso"},"content":{"rendered":"<div class=\"wp-block-image\">\n<figure class=\"aligncenter size-large\"><img loading=\"lazy\" decoding=\"async\" width=\"1024\" height=\"214\" src=\"https:\/\/multimedia.uned.ac.cr\/ecen\/encuentro-salud-2025\/wp-content\/uploads\/sites\/45\/2025\/09\/Banner-6_Obj-1024x214.png\" alt=\"\" class=\"wp-image-102\" srcset=\"https:\/\/multimedia.uned.ac.cr\/ecen\/encuentro-salud-2025\/wp-content\/uploads\/sites\/45\/2025\/09\/Banner-6_Obj-1024x214.png 1024w, https:\/\/multimedia.uned.ac.cr\/ecen\/encuentro-salud-2025\/wp-content\/uploads\/sites\/45\/2025\/09\/Banner-6_Obj-300x63.png 300w, https:\/\/multimedia.uned.ac.cr\/ecen\/encuentro-salud-2025\/wp-content\/uploads\/sites\/45\/2025\/09\/Banner-6_Obj-768x161.png 768w, https:\/\/multimedia.uned.ac.cr\/ecen\/encuentro-salud-2025\/wp-content\/uploads\/sites\/45\/2025\/09\/Banner-6_Obj-1536x321.png 1536w, https:\/\/multimedia.uned.ac.cr\/ecen\/encuentro-salud-2025\/wp-content\/uploads\/sites\/45\/2025\/09\/Banner-6_Obj-2048x428.png 2048w\" sizes=\"auto, (min-width: 900px) 600px, 900px\" \/><\/figure>\n<\/div>\n\n\n<h2 class=\"wp-block-heading\"><strong>Objetivo general<\/strong><\/h2>\n\n\n\n<p>Promover el intercambio de conocimientos, experiencias y propuestas innovadoras entre profesionales, investigadores y estudiantes, fomentando la implementaci\u00f3n de tecnolog\u00edas y estrategias efectivas y sostenibles que transformen la administraci\u00f3n de los servicios de salud mediante la optimizaci\u00f3n de la calidad, accesibilidad y sostenibilidad de la salud.<\/p>\n\n\n\n<hr class=\"wp-block-coblocks-dynamic-separator\" style=\"height:50px\" \/>\n\n\n\n<h2 class=\"wp-block-heading\"><strong>Objetivos espec\u00edficos<\/strong><\/h2>\n\n\n\n<ul class=\"wp-block-list\">\n<li>Fomentar la adopci\u00f3n de modelos de gesti\u00f3n eficientes y sostenibles mediante la capacitaci\u00f3n y el desarrollo de propuestas que integren enfoques tecnol\u00f3gicos y estrat\u00e9gicos para la optimizaci\u00f3n de los servicios de salud.<\/li>\n\n\n\n<li>Facilitar espacios de di\u00e1logo y colaboraci\u00f3n entre profesionales, investigadores y estudiantes para el intercambio de conocimientos, experiencias y propuestas sobre innovaciones en la administraci\u00f3n de los servicios de salud.<\/li>\n\n\n\n<li>Impulsar el desarrollo y la adopci\u00f3n de tecnolog\u00edas y estrategias efectivas que optimicen la calidad y accesibilidad de los servicios de salud, promoviendo su sostenibilidad a largo plazo.<\/li>\n<\/ul>\n\n\n\n<div class=\"wp-block-group\"><div class=\"wp-block-group__inner-container is-layout-constrained wp-block-group-is-layout-constrained\">\n<hr class=\"wp-block-coblocks-dynamic-separator\" style=\"height:50px\" \/>\n<\/div><\/div>\n\n\n\n<h2 class=\"wp-block-heading\"><strong>Ejes tem\u00e1ticos (contenidos)<\/strong><\/h2>\n\n\n\n<p>Innovaci\u00f3n en:<\/p>\n\n\n\n<ul class=\"wp-block-list\">\n<li>Estrategias innovadoras en docencia. (Experiencias del uso de IA en el proceso de ense\u00f1anza-aprendizaje, experiencias COIL e internacionalizaci\u00f3n).<\/li>\n\n\n\n<li>Uso de la tecnolog\u00eda en la toma de decisiones en la administraci\u00f3n de la salud (Transformaci\u00f3n digital, inteligencia artificial, Big data).<\/li>\n\n\n\n<li>Nuevas tendencias en la administraci\u00f3n de los servicios de salud (Financiamiento, trabajo por objetivos, hospitales verdes, compras sustentables, econom\u00eda circular).<\/li>\n\n\n\n<li>Retos para la innovaci\u00f3n en Salud P\u00fablica (Modelos innovadores para la salud inclusiva, soluciones innovadoras para la gesti\u00f3n de la salud p\u00fablica, pol\u00edticas innovadoras en salud p\u00fablica, integraci\u00f3n del concepto One Health (Una Salud) en la administraci\u00f3n de los servicios de salud, gesti\u00f3n del riesgo en salud).<\/li>\n\n\n\n<li>Propuestas innovadoras de investigaci\u00f3n en la administraci\u00f3n de salud.<\/li>\n<\/ul>\n","protected":false},"excerpt":{"rendered":"<p>Objetivo general Promover el intercambio de conocimientos, experiencias y propuestas innovadoras entre profesionales, investigadores y estudiantes, fomentando la implementaci\u00f3n de tecnolog\u00edas y estrategias efectivas y sostenibles que transformen la administraci\u00f3n de los servicios de salud mediante la optimizaci\u00f3n de la calidad, accesibilidad y sostenibilidad de la salud. Objetivos espec\u00edficos Ejes tem\u00e1ticos (contenidos) Innovaci\u00f3n en:<\/p>\n","protected":false},"author":2,"featured_media":0,"parent":0,"menu_order":0,"comment_status":"closed","ping_status":"closed","template":"page-full-width.php","meta":{"_acf_changed":false,"_monsterinsights_skip_tracking":false,"_monsterinsights_sitenote_active":false,"_monsterinsights_sitenote_note":"","_monsterinsights_sitenote_category":0,"_coblocks_attr":"","_coblocks_dimensions":"","_coblocks_responsive_height":"","_coblocks_accordion_ie_support":"","footnotes":""},"class_list":["post-7","page","type-page","status-publish","hentry"],"acf":[],"_links":{"self":[{"href":"https:\/\/multimedia.uned.ac.cr\/ecen\/encuentro-salud-2025\/wp-json\/wp\/v2\/pages\/7","targetHints":{"allow":["GET"]}}],"collection":[{"href":"https:\/\/multimedia.uned.ac.cr\/ecen\/encuentro-salud-2025\/wp-json\/wp\/v2\/pages"}],"about":[{"href":"https:\/\/multimedia.uned.ac.cr\/ecen\/encuentro-salud-2025\/wp-json\/wp\/v2\/types\/page"}],"author":[{"embeddable":true,"href":"https:\/\/multimedia.uned.ac.cr\/ecen\/encuentro-salud-2025\/wp-json\/wp\/v2\/users\/2"}],"replies":[{"embeddable":true,"href":"https:\/\/multimedia.uned.ac.cr\/ecen\/encuentro-salud-2025\/wp-json\/wp\/v2\/comments?post=7"}],"version-history":[{"count":6,"href":"https:\/\/multimedia.uned.ac.cr\/ecen\/encuentro-salud-2025\/wp-json\/wp\/v2\/pages\/7\/revisions"}],"predecessor-version":[{"id":106,"href":"https:\/\/multimedia.uned.ac.cr\/ecen\/encuentro-salud-2025\/wp-json\/wp\/v2\/pages\/7\/revisions\/106"}],"wp:attachment":[{"href":"https:\/\/multimedia.uned.ac.cr\/ecen\/encuentro-salud-2025\/wp-json\/wp\/v2\/media?parent=7"}],"curies":[{"name":"wp","href":"https:\/\/api.w.org\/{rel}","templated":true}]}}